000
CXUS51 KPHI 021246
CLMACY


CLIMATE REPORT
NATIONAL WEATHER SERVICE MOUNT HOLLY NJ
746 AM EST MON FEB 2 2015

...................................

...THE ATLANTIC CITY CLIMATE SUMMARY FOR THE MONTH OF JANUARY 2015...

CLIMATE NORMAL PERIOD 1981 TO 2010
CLIMATE RECORD PERIOD 1874 TO 2015

WEATHER         OBSERVED          NORMAL  DEPART  LAST YEAR`S
                 VALUE   DATE(S)  VALUE   FROM    VALUE  DATE(S)
                                          NORMAL
................................................................
TEMPERATURE (F)
RECORD
 HIGH              78   01/24/1967
 LOW              -10   01/17/1977
HIGHEST            64   01/04        62       2       61  01/11
LOWEST              6   01/11         4       2       -3  01/30
                                                          01/04
AVG. MAXIMUM     38.6              41.5    -2.9     38.2
AVG. MINIMUM     21.8              24.5    -2.7     17.4
MEAN             30.2              33.0    -2.8     27.8
DAYS MAX >= 90      0               0.0     0.0        0
DAYS MAX <= 32      6               5.9     0.1       12
DAYS MIN <= 32     28              23.0     5.0       28
DAYS MIN <= 0       0               0.3    -0.3        2

PRECIPITATION (INCHES)
RECORD
 MAXIMUM         8.14   1948
 MINIMUM         0.38   1955
TOTALS           5.28              3.22    2.06     3.25
DAILY AVG.       0.17              0.10    0.07     0.10
DAYS >= .01        11              10.1     0.9       13
DAYS >= .10        10               5.9     4.1        9
DAYS >= .50         4               2.3     1.7        1
DAYS >= 1.00        2               0.8     1.2        0
GREATEST
 24 HR. TOTAL    1.54   01/23 TO 01/24              5.02

SNOWFALL (INCHES)
RECORDS
 TOTAL             MM   5
 24 HR TOTAL       MM
TOTALS            4.8               4.5     0.3     18.8
SINCE 7/1         5.2               8.4    -3.2     22.1
SNOWDEPTH AVG.      0                MM      MM        1
DAYS >= 1.0         3               1.4     1.6        5
GREATEST
 SNOW DEPTH         2   01/22                          7  01/29
 24 HR TOTAL      2.0   01/21 TO 01/21               7.3

DEGREE_DAYS
HEATING TOTAL    1071               992      79     1148
 SINCE 7/1       2747              2761     -14     2948
COOLING TOTAL       0                 0       0        0
 SINCE 1/1          0                 0       0        0
.................................................................

WIND (MPH)
AVERAGE WIND SPEED              9.9
HIGHEST WIND SPEED/DIRECTION    38/300    DATE  01/04
HIGHEST GUST SPEED/DIRECTION    46/300    DATE  01/04

SKY COVER
POSSIBLE SUNSHINE (PERCENT)   MM
AVERAGE SKY COVER           0.40
NUMBER OF DAYS FAIR           12
NUMBER OF DAYS PC             14
NUMBER OF DAYS CLOUDY          5

AVERAGE RH (PERCENT)     66

WEATHER CONDITIONS. NUMBER OF DAYS WITH
THUNDERSTORM              0     MIXED PRECIP               0
HEAVY RAIN                4     RAIN                       6
LIGHT RAIN                7     FREEZING RAIN              0
LT FREEZING RAIN          0     HEAVY SNOW                 0
SNOW                      2     LIGHT SNOW                 7
SLEET                     0     FOG                       17
FOG W/VIS <= 1/4 MILE     2     HAZE                       1

-  INDICATES NEGATIVE NUMBERS.
R  INDICATES RECORD WAS SET OR TIED.
MM INDICATES DATA IS MISSING.
T  INDICATES TRACE AMOUNT.

$$
