000
CXUS51 KPHI 011248
CLMACY


CLIMATE REPORT
NATIONAL WEATHER SERVICE MOUNT HOLLY NJ
847 AM EDT FRI JUL 1 2016

...................................

...THE ATLANTIC CITY CLIMATE SUMMARY FOR THE MONTH OF JUNE 2016...

CLIMATE NORMAL PERIOD 1981 TO 2010
CLIMATE RECORD PERIOD 1874 TO 2016

WEATHER         OBSERVED          NORMAL  DEPART  LAST YEAR`S
                 VALUE   DATE(S)  VALUE   FROM    VALUE  DATE(S)
                                          NORMAL
................................................................
TEMPERATURE (F)
RECORD
 HIGH             106   06/28/1969
 LOW               37   06/12/1980
                        06/01/1967
HIGHEST            93   06/12        93       0       94  06/23
LOWEST             50   06/09        45       5       50  06/07
AVG. MAXIMUM     81.6              80.6     1.0     80.5
AVG. MINIMUM     60.4              61.2    -0.8     63.3
MEAN             71.0              70.9     0.1     71.9
DAYS MAX >= 90      4               3.5     0.5        5
DAYS MAX <= 32      0               0.0     0.0        0
DAYS MIN <= 32      0               0.0     0.0        0
DAYS MIN <= 0       0               0.0     0.0        0

PRECIPITATION (INCHES)
RECORD
 MAXIMUM         8.45   1920
 MINIMUM         0.28   1954
TOTALS           2.31              3.11   -0.80     8.36
DAILY AVG.       0.08              0.10   -0.02     0.28
DAYS >= .01         8               9.4    -1.4       19
DAYS >= .10         4               5.7    -1.7       14
DAYS >= .50         2               1.8     0.2        3
DAYS >= 1.00        0               0.8    -0.8        2
GREATEST
 24 HR. TOTAL    0.99   06/28 TO 06/28              2.69
                        06/27 TO 06/28
                        06/28 TO 06/28

SNOWFALL (INCHES)
RECORDS
 TOTAL             MM   5
 24 HR TOTAL       MM
TOTALS            0.0               0.0     0.0      0.0
SINCE 7/1        27.5              16.5    11.0     22.4
SNOWDEPTH AVG.      0                MM      MM        0
DAYS >= 1.0         0               0.0     0.0        0
GREATEST
 SNOW DEPTH         0   MM                             0  MM
 24 HR TOTAL      0.0   06/30 TO 06/30               0.0

DEGREE_DAYS
HEATING TOTAL       4                27     -23       26
 SINCE 7/1       4054              4905    -851     5180
COOLING TOTAL     192               203     -11      245
 SINCE 1/1        271               267       4      379
.................................................................

WIND (MPH)
AVERAGE WIND SPEED              8.2
HIGHEST WIND SPEED/DIRECTION    49/300    DATE  06/08
HIGHEST GUST SPEED/DIRECTION    63/300    DATE  06/08

SKY COVER
POSSIBLE SUNSHINE (PERCENT)   MM
AVERAGE SKY COVER           0.30
NUMBER OF DAYS FAIR           21
NUMBER OF DAYS PC              4
NUMBER OF DAYS CLOUDY          5

AVERAGE RH (PERCENT)     68

WEATHER CONDITIONS. NUMBER OF DAYS WITH
THUNDERSTORM              0     MIXED PRECIP               0
HEAVY RAIN                4     RAIN                       6
LIGHT RAIN               11     FREEZING RAIN              0
LT FREEZING RAIN          0     HEAVY SNOW                 0
SNOW                      0     LIGHT SNOW                 0
SLEET                     0     FOG                       16
FOG W/VIS <= 1/4 MILE     3     HAZE                       1

-  INDICATES NEGATIVE NUMBERS.
R  INDICATES RECORD WAS SET OR TIED.
MM INDICATES DATA IS MISSING.
T  INDICATES TRACE AMOUNT.

$$
