000
CXAK58 PADQ 012020
CLMADQ

CLIMATE REPORT
NATIONAL WEATHER SERVICE KODIAK, AK
1220 PM AKDT SAT AUG 1 2015

...................................

...THE KODIAK AP CLIMATE SUMMARY FOR THE MONTH OF JULY 2015...

CLIMATE NORMAL PERIOD 1981 TO 2010
CLIMATE RECORD PERIOD 1949 TO 2015

WEATHER         OBSERVED          NORMAL  DEPART  LAST YEAR`S
                 VALUE   DATE(S)  VALUE   FROM    VALUE  DATE(S)
                                          NORMAL
................................................................
TEMPERATURE (F)
RECORD
 HIGH              82   7/12/2004
 LOW               37   7/08/2007
HIGHEST            74   7/02         73       1      74  7/02
LOWEST             45                42       3      45  7/15
AVG. MAXIMUM       63.4              59.8     3.6    63.5
AVG. MINIMUM       51.5              49.2     2.3    50.5
MEAN               57.4              54.5     2.9    57.0
DAYS MAX >= 90      0                 0.0     0.0     0
DAYS MAX <= 32      0                 0.0     0.0     0
DAYS MAX >= 80      0                 0.3    -0.3     0
DAYS MAX >= 70      7                 2.4     4.6     5
DAYS MIN <= 32      0                 0.0     0.0     0
DAYS MIN <= 0       0                 0.0     0.0     0

PRECIPITATION (INCHES)
RECORD
 MAXIMUM           10.21   1985
 MINIMUM            0.84   1980
TOTALS              3.32              4.93   -1.61    2.58
DAILY AVG.          0.11              0.15   -0.04    0.08
DAYS >= .01        16                14.4     1.6    13
DAYS >= .10         7                 8.6    -1.6     5
DAYS >= .50         1                 2.9    -1.9     2
DAYS >= 1.0         1                 1.4    -0.4     0
GREATEST
 24 HR TOTAL        1.37   7/06                       0.74  7/09

SNOWFALL (INCHES)
RECORDS
 TOTAL              0.0   1949
 24 HR TOTAL        0.0   7-31-2015
 SNOW DEPTH         0     7-31-2015
TOTALS              0.0               0.0     0.0     0.0
SINCE 7/1           0.0               0.0     0.0     0.0
SNOWDEPTH AVG.      0                 0       0       0
DAYS >= TRACE       0                 0.0     0.0     0
DAYS >= 1.0         0                 0.0     0.0     0
DAYS >= 6.0         0                 0.0     0.0     0
GREATEST
 SNOW DEPTH         0   MM                            0  MM
 24 HR TOTAL      0.0   MM                          0.0  MM

DEGREE_DAYS
HEATING TOTAL     227               326     -99     240
 SINCE 7/1        227               326     -99     240
COOLING TOTAL       0                 0       0       0
 SINCE 1/1          1                 0       1       4
................................................................

WIND (MPH)
AVERAGE WIND SPEED                7.5
HIGHEST WIND SPEED/DIRECTION     26/290    DATE   07/23
HIGHEST GUST SPEED/DIRECTION     36/280    DATE   07/23

SKY COVER
POSSIBLE SUNSHINE (PERCENT)   MM
AVERAGE SKY COVER             MM
NUMBER OF DAYS FAIR           MM
NUMBER OF DAYS PC             MM
NUMBER OF DAYS CLOUDY         MM

AVERAGE RH (PERCENT)     MM

WEATHER CONDITIONS. NUMBER OF DAYS WITH
THUNDERSTORM              0     ICE PELLETS                 0
RAIN                     19     GLAZE                       0
DRIZZLE                   0     HAIL                        0
SNOW                      0     HAZE                        0
FOG                      12     FOG W/VIS <= 1/4 MILE       1
BLOWING SNOW              0


-  INDICATES NEGATIVE NUMBERS.
R  INDICATES RECORD WAS SET OR TIED.
MM INDICATES DATA IS MISSING.
T  INDICATES TRACE AMOUNT.

&&

...JULY WARMER AND DRYER THAN NORMAL...

JULY 2015 TIED FOR THE 5TH WARMEST JULY ON RECORD IN KODIAK WITH AN AVERAGE
TEMPERATURE OF 57.4 DEGREES. THE WARMEST JULY ON RECORD IS 58.6 DEGREES SET BACK IN
1979. TOTAL PRECIPITATION FOR THE MONTH WAS 3.32 INCHES...1.61 INCHES BELOW NORMAL.
NEARLY HALF OF THE PRECIPITATION FOR THE MONTH FELL ON THE 6TH OF JULY WITH 1.37
INCHES FALLING BREAKING THE OLD RECORD FOR THAT DATE.

$$
JAS AUG 15
