000
CXUS55 KPUB 011511
CLMALS


CLIMATE REPORT
NATIONAL WEATHER SERVICE PUEBLO
809 AM MST THU JAN 1 2015

...................................

...THE ALAMOSA CO CLIMATE SUMMARY FOR THE MONTH OF DECEMBER 2014...

CLIMATE NORMAL PERIOD 1981 TO 2010
CLIMATE RECORD PERIOD 1932 TO 2014

WEATHER         OBSERVED          NORMAL  DEPART  LAST YEAR`S
                 VALUE   DATE(S)  VALUE   FROM    VALUE  DATE(S)
                                          NORMAL
................................................................
TEMPERATURE (F)
RECORD
 HIGH              62   12/03/2010
 LOW              -42   12/08/1978
                        12/14/1964
HIGHEST            55   12/13        39      16       38  12/03
LOWEST            -11   12/29        -4      -7      -23  12/10
                        12/28
AVG. MAXIMUM     38.9              35.2     3.7     23.6
AVG. MINIMUM      6.0               0.5     5.5     -9.1
MEAN             22.5              17.9     4.6      7.3
DAYS MAX >= 90      0               0.0     0.0
DAYS MAX <= 32     10              11.0    -1.0
DAYS MIN <= 32     31              30.9     0.1
DAYS MIN <= 0       6              14.4    -8.4

PRECIPITATION (INCHES)
RECORD
 MAXIMUM         1.52   1964
 MINIMUM            T   1996
                        1980
                        1956
TOTALS           0.21              0.35   -0.14     0.17
DAILY AVG.       0.01              0.01    0.00
DAYS >= .01         6               4.5     1.5
DAYS >= .10         0               1.2    -1.2
DAYS >= .50         0               0.0     0.0
DAYS >= 1.00        0               0.0     0.0
GREATEST
 24 HR. TOTAL    0.12   12/13 TO 12/14

SNOWFALL (INCHES)
RECORDS
 TOTAL           27.7   1967
TOTALS            2.3               4.5    -2.2      4.0
SINCE 7/1         3.9              10.3    -6.4     25.6
SNOWDEPTH AVG.      0
DAYS >= 1.0         0               1.6    -1.6
GREATEST
 SNOW DEPTH         1   12/31                          7
                        12/26
                        12/18
 24 HR TOTAL      0.6   12/13 TO 12/13               3.0
                        12/25 TO 12/26

DEGREE_DAYS
HEATING TOTAL    1309              1462    -153     1783
 SINCE 7/1       3152              3637    -485     3883
COOLING TOTAL       0                 0       0        0
 SINCE 1/1         60                51       9      113
.................................................................

WIND (MPH)
AVERAGE WIND SPEED              4.8
HIGHEST WIND SPEED/DIRECTION    37/340    DATE  12/22
HIGHEST GUST SPEED/DIRECTION    48/330    DATE  12/22

SKY COVER
POSSIBLE SUNSHINE (PERCENT)   MM
AVERAGE SKY COVER           0.30
NUMBER OF DAYS FAIR           21
NUMBER OF DAYS PC              8
NUMBER OF DAYS CLOUDY          2

AVERAGE RH (PERCENT)     64

WEATHER CONDITIONS. NUMBER OF DAYS WITH
THUNDERSTORM              0     MIXED PRECIP               0
HEAVY RAIN                0     RAIN                       0
LIGHT RAIN                1     FREEZING RAIN              0
LT FREEZING RAIN          0     HAIL                       0
HEAVY SNOW                0     SNOW                       0
LIGHT SNOW                9     SLEET                      0
FOG                      15     FOG W/VIS <= 1/4 MILE      5
HAZE                      5

-  INDICATES NEGATIVE NUMBERS.
R  INDICATES RECORD WAS SET OR TIED.
MM INDICATES DATA IS MISSING.
T  INDICATES TRACE AMOUNT.

$$
