000
CXUS53 KAPX 011747
CLMANJ


CLIMATE REPORT
NATIONAL WEATHER SERVICE GAYLORD MI
1237 PM EST MON FEB 1 2016

...................................

...THE SAULT STE MARIE MI CLIMATE SUMMARY FOR THE MONTH OF JANUARY 2016...

CLIMATE NORMAL PERIOD 1981 TO 2010
CLIMATE RECORD PERIOD 1888 TO 2016

WEATHER         OBSERVED          NORMAL  DEPART  LAST YEAR`S
                 VALUE   DATE(S)  VALUE   FROM    VALUE  DATE(S)
                                          NORMAL
................................................................
TEMPERATURE (F)
RECORD
 HIGH              48   01/29/1914
 LOW              -36   01/10/1982
HIGHEST            40   01/31        MM      MM       35  01/24
LOWEST             -5   01/18        MM      MM      -14  01/07
AVG. MAXIMUM     26.0              23.0     3.0     20.7
AVG. MINIMUM     12.9               7.6     5.3      1.9
MEAN             19.5              15.3     4.2     11.3
DAYS MAX >= 90      0               0.0     0.0        0
DAYS MAX <= 32     21              23.9    -2.9       29
DAYS MIN <= 32     29              30.3    -1.3       31
DAYS MIN <= 0       5               9.0    -4.0       16

PRECIPITATION (INCHES)
RECORD
 MAXIMUM           MM   MM
 MINIMUM           MM   MM
TOTALS           1.55              2.19   -0.64     2.00
DAILY AVG.       0.05              0.07   -0.02     0.06
DAYS >= .01        22              18.4     3.6       20
DAYS >= .10         7               7.0     0.0        9
DAYS >= .50         0               0.7    -0.7        1
DAYS >= 1.00        0               0.1    -0.1        0
GREATEST
 24 HR. TOTAL    0.22   01/09 TO 01/10
                        01/27 TO 01/28
 STORM TOTAL       MM
 (MM/DD(HH))            MM

SNOWFALL (INCHES)
RECORDS
 TOTAL             MM   MM
TOTALS           19.6              31.4   -11.8     27.8
SINCE 7/1        39.0              81.6   -42.6    129.0
SNOWDEPTH AVG.      9                15      -6       18
DAYS >= TRACE      30              19.6    10.4       27
DAYS >= 1.0        10               9.6     0.4       12
GREATEST
 SNOW DEPTH        12   01/31                         22  01/31
                        01/30                             01/30
                        01/29                             01/24
 24 HR TOTAL      2.0   01/26 TO 01/26               3.9

DEGREE_DAYS
HEATING TOTAL    1402              1541    -139
 SINCE 7/1       3856              4800    -944

FREEZE DATES
RECORD
 EARLIEST     MM
 LATEST       MM
EARLIEST                        MM
LATEST                          MM
.................................................................

WIND (MPH)
AVERAGE WIND SPEED              6.7
HIGHEST WIND SPEED/DIRECTION    26/220    DATE  01/05
HIGHEST GUST SPEED/DIRECTION    37/200    DATE  01/05

SKY COVER
POSSIBLE SUNSHINE (PERCENT)   MM
AVERAGE SKY COVER           0.80
NUMBER OF DAYS FAIR            2
NUMBER OF DAYS PC              3
NUMBER OF DAYS CLOUDY         26

AVERAGE RH (PERCENT)     74

WEATHER CONDITIONS. NUMBER OF DAYS WITH
THUNDERSTORM              0     MIXED PRECIP               0
HEAVY RAIN                0     RAIN                       0
LIGHT RAIN                2     FREEZING RAIN              0
LT FREEZING RAIN          0     HAIL                       0
HEAVY SNOW                1     SNOW                       4
LIGHT SNOW               28     SLEET                      0
FOG                      18     FOG W/VIS <= 1/4 MILE      1
HAZE                     13

-  INDICATES NEGATIVE NUMBERS.
R  INDICATES RECORD WAS SET OR TIED.
MM INDICATES DATA IS MISSING.
T  INDICATES TRACE AMOUNT.

$$
