162
CXAK57 PANT 011748
CLMANN

CLIMATE REPORT
NATIONAL WEATHER SERVICE ANNETTE, AK
948 AM AKDT FRI JUL 1 2016

...................................

...THE ANNETTE WSO AP CLIMATE SUMMARY FOR THE MONTH OF JUNE 2016...

CLIMATE NORMAL PERIOD 1981 TO 2010
CLIMATE RECORD PERIOD 1948 TO 2016

WEATHER         OBSERVED          NORMAL  DEPART  LAST YEAR`S
                 VALUE   DATE(S)  VALUE   FROM    VALUE  DATE(S)
                                          NORMAL
................................................................
TEMPERATURE (F)
RECORD
 HIGH              93   6/19/2004
 LOW                0   6/01/2016
HIGHEST            75   6/23         77      -2      80  6/14
LOWEST             47   6/13         43       4      44  6/12
AVG. MAXIMUM       62.1              61.1     1.0    65.8
AVG. MINIMUM       49.4              49.2     0.2    51.4
MEAN               55.8              55.1     0.7    58.6
DAYS MAX >= 90      0                 0.1    -0.1     0
DAYS MAX <= 32      0                 0.0     0       0
DAYS MAX >= 80      0                 0.6    -0.6     1
DAYS MAX >= 70      7                 3.5     3.5     8
DAYS MIN <= 32      0                 0.0     0       0
DAYS MIN <= 0       0                 0.0     0       0

PRECIPITATION (INCHES)
RECORD
 MAXIMUM           10.40   1956
 MINIMUM            0.61   1982
TOTALS              4.25              4.88   -0.63    3.99
DAILY AVG.          0.14              0.16   -0.02    0.13
DAYS >= .01        17                15.4     1.6    14
DAYS >= .10        11                 9.7     1.3     7
DAYS >= .50         3                 3.4    -0.4     3
DAYS >= 1.0         0                 0.9    -0.9     1
GREATEST
 24 HR TOTAL        0.71   6/21                       1.10  6/07

SNOWFALL (INCHES)
RECORDS
 TOTAL              0.0   1955
 24 HR TOTAL        0.0   6-01-2004
 SNOW DEPTH         0     6-30-2016
TOTALS              0.0               0.0     0.0     0.0
SINCE 7/1           5.0              33.3   -28.3    10.2
SNOWDEPTH AVG.      0                 0       0       0
DAYS >= TRACE       0                 0.1    -0.1     0
DAYS >= 1.0         0                 0.0     0.0     0
DAYS >= 6.0         0                 0.0     0.0     0
GREATEST
 SNOW DEPTH         0   MM                            0  MM
 24 HR TOTAL      0.0   MM                          0.0  MM

DEGREE_DAYS
HEATING TOTAL     269               298     -29     188
 SINCE 7/1       6133              6704    -571    5807
COOLING TOTAL       0                 0       0       2
 SINCE 1/1          2                 0       2       2
................................................................

WIND (MPH)
AVERAGE WIND SPEED                5.8
HIGHEST WIND SPEED/DIRECTION     29/140    DATE    06/3
HIGHEST GUST SPEED/DIRECTION     47/130    DATE    06/3

SKY COVER
POSSIBLE SUNSHINE (PERCENT)   MM
AVERAGE SKY COVER             MM
NUMBER OF DAYS FAIR           MM
NUMBER OF DAYS PC             MM
NUMBER OF DAYS CLOUDY         MM

AVERAGE RH (PERCENT)     MM

WEATHER CONDITIONS. NUMBER OF DAYS WITH
THUNDERSTORM              0     ICE PELLETS                 0
RAIN                     19     GLAZE                       0
DRIZZLE                   0     HAIL                        0
SNOW                      0     HAZE                        3
FOG                      16     FOG W/VIS <= 1/4 MILE       0
BLOWING SNOW              0


-  INDICATES NEGATIVE NUMBERS.
R  INDICATES RECORD WAS SET OR TIED.
MM INDICATES DATA IS MISSING.
T  INDICATES TRACE AMOUNT.

&&

THE MONTH OF JUNE FOR ANNETTE ISLAND AK, WAS ABOUT AN AVERAGE MONTH ALL TOGETHER.
TEMPERATURES WERE RELATIVELY CLOSE TO THE NORMS WITH THE AVERAGE MONTHLY
TEMPERATURE JUST ABOVE A HALF OF A DEGREE ABOVE NORMAL.  DUE TO EQUIPMENT OUTAGE
THERE WAS A FALSE RECORD FOR MINIMUM TEMPERATURE ON THE 1ST.  THE MINIMUM
TEMPERATURE FOR THE MONTH WAS 47 DEGREES ON THE 13TH.  RAINFALL FOR THE MONTH WAS
JUST BELOW THE NORMAL VALUE AND THERE WAS NO FROZEN PRECIPITATION WHATSOEVER.  FOR
THE MOST PART THE MONTH WAS SLIGHTLY BELOW AVERAGE FOR WINDS PUTTING THE AREA
TOWARDS THE BOTTOM OF THE LIST FOR AVERAGE WIND SPEED.  THERE WAS ONLY ONE REAL DAY
OF SIGNIFICANT WIND, ON THE 3RD, REACHING 47MPH WHICH HAPPENS TO BE THE RECORD FOR
JUNE.  OVERALL, LOOKS LIKE THE WARM, WET AND WINDY TRENDS HAVE SLOWED DOWN.

$$
JZ JUL 16
