000
CXUS52 KMFL 011127
CLMAPF


CLIMATE REPORT
NATIONAL WEATHER SERVICE MIAMI, FL
724 AM EDT MON AUG 1 2016

...................................

...THE NAPLES CLIMATE SUMMARY FOR THE MONTH OF JULY 2016...

CLIMATE NORMAL PERIOD 1981 TO 2010
CLIMATE RECORD PERIOD 1942 TO 2016

WEATHER         OBSERVED          NORMAL  DEPART  LAST YEAR`S
                 VALUE   DATE(S)  VALUE   FROM    VALUE  DATE(S)
                                          NORMAL
................................................................
TEMPERATURE (F)
RECORD
 HIGH              98   07/28/1996
                        07/12/1986
                        07/30/1966
 LOW               65   07/20/1974
                        07/17/1974
HIGHEST            95   07/09                         95  07/11
LOWEST             73   07/23                         71  07/06
                                                          07/05
AVG. MAXIMUM     91.9              91.2     0.7     90.4
AVG. MINIMUM     76.3              74.9     1.4     75.7
MEAN             84.1              83.1     1.0     83.0
DAYS MAX >= 90     28                                 22
DAYS MAX <= 32      0                                  0
DAYS MIN <= 32      0                                  0
DAYS MIN <= 0       0                                  0

PRECIPITATION (INCHES)
RECORD
 MAXIMUM        21.49   1985
 MINIMUM         1.30   1944
TOTALS           6.30              7.27   -0.97    10.15
DAILY AVG.       0.20              0.23   -0.03     0.33
DAYS >= .01        18                                 20
DAYS >= .10        15                                 18
DAYS >= .50         4                                  6
DAYS >= 1.00        1                                  2
GREATEST
 24 HR. TOTAL    1.40   07/20 TO 07/21              2.23

DEGREE_DAYS
HEATING TOTAL       0                 0       0        0
 SINCE 7/1          0                 0       0        0
COOLING TOTAL     601               559      42      566
 SINCE 1/1       2324              2094     230     2431
.................................................................

WIND (MPH)
AVERAGE WIND SPEED              6.1
HIGHEST WIND SPEED/DIRECTION    26/070    DATE  07/21
HIGHEST GUST SPEED/DIRECTION    35/070    DATE  07/21

SKY COVER
POSSIBLE SUNSHINE (PERCENT)   MM
AVERAGE SKY COVER           0.20
NUMBER OF DAYS FAIR           30
NUMBER OF DAYS PC              1
NUMBER OF DAYS CLOUDY          0

AVERAGE RH (PERCENT)     77

WEATHER CONDITIONS. NUMBER OF DAYS WITH
THUNDERSTORM             29     MIXED PRECIP               0
HEAVY RAIN               13     RAIN                      13
LIGHT RAIN               20     FREEZING RAIN              0
LT FREEZING RAIN          0     HAIL                       0
HEAVY SNOW                0     SNOW                       0
LIGHT SNOW                0     SLEET                      0
FOG                      18     FOG W/VIS <= 1/4 MILE      0
HAZE                     11

-  INDICATES NEGATIVE NUMBERS.
R  INDICATES RECORD WAS SET OR TIED.
MM INDICATES DATA IS MISSING.
T  INDICATES TRACE AMOUNT.

$$
