000
CXUS53 KAPX 010532
CLMAPN


CLIMATE REPORT
NATIONAL WEATHER SERVICE GAYLORD MI
131 AM EDT SAT APR 1 2017

...................................

...THE ALPENA MI CLIMATE SUMMARY FOR THE MONTH OF MARCH 2017...

CLIMATE NORMAL PERIOD 1981 TO 2010
CLIMATE RECORD PERIOD 1916 TO 2017

WEATHER         OBSERVED          NORMAL  DEPART  LAST YEAR`S
                 VALUE   DATE(S)  VALUE   FROM    VALUE  DATE(S)
                                          NORMAL
................................................................
TEMPERATURE (F)
RECORD
 HIGH              87   03/21/2012
 LOW              -27   03/04/1962
                        03/02/1962
HIGHEST            58   03/07        MM      MM       63  03/12
LOWEST             -6   03/14        MM      MM       -5  03/03
AVG. MAXIMUM     36.5              38.3    -1.8     42.3
AVG. MINIMUM     20.2              19.2     1.0     24.3
MEAN             28.4              28.7    -0.3     33.3
DAYS MAX >= 90      0               0.0     0.0        0
DAYS MAX <= 32      9               8.6     0.4        4
DAYS MIN <= 32     26              27.9    -1.9       22
DAYS MIN <= 0       2               2.2    -0.2        2

PRECIPITATION (INCHES)
RECORD
 MAXIMUM           MM   MM
 MINIMUM           MM   MM
TOTALS           2.83              1.86    0.97     5.52
DAILY AVG.       0.09              0.06    0.03     0.18
DAYS >= .01        18              11.2     6.8       17
DAYS >= .10         6               4.6     1.4       10
DAYS >= .50         3               1.0     2.0        4
DAYS >= 1.00        0               0.1    -0.1        1
GREATEST
 24 HR. TOTAL    0.70   03/01 TO 03/01
 STORM TOTAL       MM
 (MM/DD(HH))            MM

SNOWFALL (INCHES)
RECORDS
 TOTAL             MM   MM
 SNOW DEPTH        MM   MM
TOTALS           12.9              12.2     0.7     19.6
SINCE 7/1        66.4              78.3   -11.9     67.0
SNOWDEPTH AVG.      1                 7      -6        3
DAYS >= TRACE      20               8.0    12.0       13
DAYS >= 1.0         3               3.6    -0.6        3
GREATEST
 SNOW DEPTH         6   03/04                         13  03/03
                        03/03                             03/02
                        03/02
 24 HR TOTAL      6.8   MM                          10.1

DEGREE_DAYS
HEATING TOTAL    1131              1124       7      978
 SINCE 7/1       5762              6856   -1094     5760
COOLING TOTAL       0                 0       0        0
 SINCE 1/1          0                 0       0        0

FREEZE DATES
RECORD
 EARLIEST     MM
 LATEST       MM
EARLIEST                        MM
LATEST                          MM
.................................................................

WIND (MPH)
AVERAGE WIND SPEED              9.3
HIGHEST WIND SPEED/DIRECTION    32/MM     DATE   MM
HIGHEST GUST SPEED/DIRECTION    53/MM     DATE   MM

SKY COVER
POSSIBLE SUNSHINE (PERCENT)   MM
AVERAGE SKY COVER           0.60
NUMBER OF DAYS FAIR            8
NUMBER OF DAYS PC             12
NUMBER OF DAYS CLOUDY         11

AVERAGE RH (PERCENT)     74

WEATHER CONDITIONS. NUMBER OF DAYS WITH
THUNDERSTORM              0     MIXED PRECIP               0
HEAVY RAIN                1     RAIN                       3
LIGHT RAIN               11     FREEZING RAIN              2
LT FREEZING RAIN          2     HAIL                       0
HEAVY SNOW                1     SNOW                       4
LIGHT SNOW               18     SLEET                      1
FOG                      20     FOG W/VIS <= 1/4 MILE      3
HAZE                      6

-  INDICATES NEGATIVE NUMBERS.
R  INDICATES RECORD WAS SET OR TIED.
MM INDICATES DATA IS MISSING.
T  INDICATES TRACE AMOUNT.

$$
