000
CXUS51 KBUF 011435
CLMART


CLIMATE REPORT
NATIONAL WEATHER SERVICE BUFFALO NY
935 AM EST SUN MAR 1 2015

...................................

...THE WATERTOWN NY CLIMATE SUMMARY FOR THE MONTH OF FEBRUARY 2015...

CLIMATE NORMAL PERIOD 1981 TO 2010
CLIMATE RECORD PERIOD 1949 TO 2015

WEATHER         OBSERVED          NORMAL  DEPART  LAST YEAR`S
                 VALUE   DATE(S)  VALUE   FROM    VALUE  DATE(S)
                                          NORMAL
................................................................
TEMPERATURE (F)
RECORD
 HIGH              63   02/27/2000
                        02/21/1997
                        02/22/1981
 LOW              -36   02/16/2015
HIGHEST            33   02/04                         48  02/21
LOWEST            -36R  02/16                        -29  02/17
AVG. MAXIMUM     19.4              31.7   -12.3     27.3
AVG. MINIMUM     -7.3              10.4   -17.7      6.8
MEAN              6.1              21.1   -15.0     17.0
DAYS MAX >= 90      0               0.0     0.0        0
DAYS MAX <= 32     27              14.1    12.9       20
DAYS MIN <= 32     28              25.5     2.5       26
DAYS MIN <= 0      20               7.2    12.8        8

PRECIPITATION (INCHES)
RECORD
 MAXIMUM           MM   MM
 MINIMUM           MM   MM
TOTALS           1.22              2.22   -1.00     3.41
DAYS >= .01        17              13.5     3.5       17
DAYS >= .10         5               6.4    -1.4        9
DAYS >= .50         0               1.0    -1.0        2
DAYS >= 1.00        0               0.1    -0.1        0
GREATEST
 24 HR. TOTAL    0.34   02/04 TO 02/05           02/21 TO 02/21
                                                          02/21 TO 02/21
                                                          02/21 TO 02/21

DEGREE_DAYS
HEATING TOTAL    1643              1230     413     1337
 SINCE 7/1       5520              5441      79     5671
COOLING TOTAL       0                 0       0        0
 SINCE 1/1          0                 0       0        0
..................................................

WIND (MPH)
AVERAGE WIND SPEED              9.4
HIGHEST WIND SPEED/DIRECTION    25/040
HIGHEST GUST SPEED/DIRECTION    33/040    DATE  02/02

SKY COVER
POSSIBLE SUNSHINE (PERCENT)   MM
AVERAGE SKY COVER           0.60
NUMBER OF DAYS FAIR            6
NUMBER OF DAYS PC              9
NUMBER OF DAYS CLOUDY         13

AVERAGE RH (PERCENT)     68

WEATHER CONDITIONS. NUMBER OF DAYS WITH
THUNDERSTORM              0     MIXED PRECIP               0
HEAVY RAIN                0     RAIN                       0
LIGHT RAIN                0     FREEZING RAIN              0
LT FREEZING RAIN          2     HAIL                       0
HEAVY SNOW                7     SNOW                      14
LIGHT SNOW               24     SLEET                      0
FOG                      15     FOG W/VIS <= 1/4 MILE      3
HAZE                     24

-  INDICATES NEGATIVE NUMBERS.
R  INDICATES RECORD WAS SET OR TIED.
MM INDICATES DATA IS MISSING.
T  INDICATES TRACE AMOUNT.

$$
