000
CXUS51 KBUF 011509
CLMART


CLIMATE REPORT
NATIONAL WEATHER SERVICE BUFFALO NY
1009 AM EST THU FEB 1 2018

...................................

...THE WATERTOWN NY CLIMATE SUMMARY FOR THE MONTH OF JANUARY 2018...

CLIMATE NORMAL PERIOD 1981 TO 2010
CLIMATE RECORD PERIOD 1949 TO 2018

WEATHER         OBSERVED          NORMAL  DEPART  LAST YEAR`S
                 VALUE   DATE(S)  VALUE   FROM    VALUE  DATE(S)
                                          NORMAL
................................................................
TEMPERATURE (F)
RECORD
 HIGH              66   01/15/1995
                        01/14/1995
 LOW              -43   01/16/1994
HIGHEST            61   01/12                         54  01/12
LOWEST            -33   01/01                        -18  01/09
AVG. MAXIMUM     29.4              29.3     0.1     34.6
AVG. MINIMUM      7.0               9.4    -2.4     19.4
MEAN             18.2              19.4    -1.2     27.0
DAYS MAX >= 90      0               0.0     0.0        0
DAYS MAX <= 32     17              17.4    -0.4       11
DAYS MIN <= 32     28              28.6    -0.6       22
DAYS MIN <= 0       9               9.1    -0.1        4

PRECIPITATION (INCHES)
RECORD
 MAXIMUM         7.45   1999
 MINIMUM         0.51   1981
TOTALS           2.26              2.66   -0.40     1.78
DAYS >= .01        15              16.3    -1.3       15
DAYS >= .10         6               7.3    -1.3        7
DAYS >= .50         1               1.0     0.0        0
DAYS >= 1.00        1               0.2     0.8        0
GREATEST
 24 HR. TOTAL    1.05   01/12 TO 01/12           01/03 TO 01/04
                                                          01/04 TO 01/04
                                                          01/04 TO 01/04

DEGREE_DAYS
HEATING TOTAL    1446              1415      31     1172
 SINCE 7/1       4216              4211       5     3631
COOLING TOTAL       0                 0       0        0
 SINCE 1/1          0                 0       0        0
.....................................................

WIND (MPH)
AVERAGE WIND SPEED              9.4
HIGHEST WIND SPEED/DIRECTION    33/260
HIGHEST GUST SPEED/DIRECTION    49/260    DATE  01/02

SKY COVER
POSSIBLE SUNSHINE (PERCENT)   MM
AVERAGE SKY COVER           0.60
NUMBER OF DAYS FAIR            6
NUMBER OF DAYS PC             12
NUMBER OF DAYS CLOUDY         13

AVERAGE RH (PERCENT)     74

WEATHER CONDITIONS. NUMBER OF DAYS WITH
THUNDERSTORM              0     MIXED PRECIP               0
HEAVY RAIN                2     RAIN                       2
LIGHT RAIN                6     FREEZING RAIN              1
LT FREEZING RAIN          3     HAIL                       0
HEAVY SNOW                4     SNOW                      10
LIGHT SNOW               19     SLEET                      0
FOG                      25     FOG W/VIS <= 1/4 MILE     10
HAZE                     17

-  INDICATES NEGATIVE NUMBERS.
R  INDICATES RECORD WAS SET OR TIED.
MM INDICATES DATA IS MISSING.
T  INDICATES TRACE AMOUNT.

$$
