000
CXUS55 KGJT 011130
CLMASE


CLIMATE REPORT
NATIONAL WEATHER SERVICE GRAND JUNCTION CO
400 AM MST WED MAR 1 2017

...................................

...THE ASPEN CO CLIMATE SUMMARY FOR THE MONTH OF FEBRUARY 2017...

CLIMATE NORMAL PERIOD 1981 TO 2010
CLIMATE RECORD PERIOD 9999 TO 9999

WEATHER         OBSERVED          NORMAL  DEPART  LAST YEAR`S
                 VALUE   DATE(S)  VALUE   FROM    VALUE  DATE(S)
                                          NORMAL
................................................................
TEMPERATURE (F)
HIGHEST            59   02/10        MM      MM       55  02/27
LOWEST              1   02/26        MM      MM      -12  02/04
                        02/25
AVG. MAXIMUM     43.0              35.0     8.0     41.0
AVG. MINIMUM     20.1               9.5    10.6     12.8
MEAN             31.5              22.2     9.3     26.9
DAYS MAX >= 90      0               0.0     0.0        0
DAYS MAX <= 32      4               8.9    -4.9        6
DAYS MIN <= 32     25              28.0    -3.0       29
DAYS MIN <= 0       0               3.9    -3.9        3

PRECIPITATION (INCHES)
TOTALS           1.01              1.21   -0.20     0.65
DAILY AVG.       0.04              0.04    0.00     0.02
DAYS >= .01        10                MM      MM       10
DAYS >= .10         3                MM      MM        2
DAYS >= .50         0                MM      MM        0
DAYS >= 1.00        0                MM      MM        0
GREATEST
 24 HR. TOTAL    0.47   02/11 TO 02/11              0.40

SNOWFALL (INCHES)
TOTALS             MM                MM      MM       MM
SINCE 7/1          MM                MM      MM       MM
SNOWDEPTH AVG.     MM                MM      MM       MM
DAYS >= 1.0        MM                MM      MM       MM
GREATEST
 SNOW DEPTH        MM                                 MM  MM
 24 HR TOTAL       MM                                 MM

DEGREE_DAYS
HEATING TOTAL     929              1197    -268     1096
 SINCE 7/1       5396              6319    -923     5728
COOLING TOTAL       0                 0       0        0
 SINCE 1/1          0                 0       0        0
.................................................................

WIND (MPH)
AVERAGE WIND SPEED              5.4
HIGHEST WIND SPEED/DIRECTION    30/170    DATE  02/10
HIGHEST GUST SPEED/DIRECTION    53/350    DATE  02/08

SKY COVER
POSSIBLE SUNSHINE (PERCENT)   MM
AVERAGE SKY COVER           0.50
NUMBER OF DAYS FAIR            8
NUMBER OF DAYS PC             12
NUMBER OF DAYS CLOUDY          8

AVERAGE RH (PERCENT)     63

WEATHER CONDITIONS. NUMBER OF DAYS WITH
THUNDERSTORM              0     MIXED PRECIP               0
HEAVY RAIN                0     RAIN                       0
LIGHT RAIN                7     FREEZING RAIN              0
LT FREEZING RAIN          0     HAIL                       0
HEAVY SNOW                2     SNOW                       5
LIGHT SNOW               14     SLEET                      0
FOG                      10     FOG W/VIS <= 1/4 MILE      4
HAZE                      6

-  INDICATES NEGATIVE NUMBERS.
R  INDICATES RECORD WAS SET OR TIED.
MM INDICATES DATA IS MISSING.
T  INDICATES TRACE AMOUNT.

$$
