000
CXUS54 KEWX 011613
CLMATT

CLIMATE REPORT
NATIONAL WEATHER SERVICE AUSTIN/SAN ANTONIO, TX
1113 AM CDT MON JUN 1 2015

...................................

...THE AUSTIN CAMP MABRY CLIMATE SUMMARY FOR THE MONTH OF MAY 2015...

CLIMATE NORMAL PERIOD 1981 TO 2010
CLIMATE RECORD PERIOD 1897 TO 2015

WEATHER         OBSERVED          NORMAL  DEPART  LAST YEAR`S
                 VALUE   DATE(S)  VALUE   FROM    VALUE  DATE(S)
                                          NORMAL
................................................................
TEMPERATURE (F)
HIGHEST            89   05/29                         94  05/30
                        05/26                             05/03
                        05/20
LOWEST             55   05/01                         46  05/15
AVG. MAXIMUM     83.4              86.5    -3.1     85.4
AVG. MINIMUM     66.9              66.7     0.2     63.7
MEAN             75.2              76.6    -1.4     74.6
DAYS MAX >= 90      0                                  7
DAYS MAX <= 32      0                                  0
DAYS MIN <= 32      0                                  0
DAYS MIN <= 0       0                                  0

PRECIPITATION (INCHES)
TOTALS          17.59              4.44   13.15     7.09
DAILY AVG.       0.57              0.14    0.43     0.23
DAYS >= .01        19                                  7
DAYS >= .10        13                                  6
DAYS >= .50         7                                  4
DAYS >= 1.00        5                                  3
GREATEST
 24 HR. TOTAL    5.20   05/25 TO 05/25
                        05/25 TO 05/26

SNOWFALL (INCHES)
TOTALS            0.0               0.0     0.0      0.0
SINCE 7/1           T

DEGREE_DAYS
HEATING TOTAL       0                 2      -2        5
 SINCE 7/1       1698              1539     159     1776
COOLING TOTAL     323               361     -38      309
 SINCE 1/1        601               613     -12      574
.................................................................

WIND (MPH)
AVERAGE WIND SPEED              5.7
HIGHEST WIND SPEED/DIRECTION    22/140    DATE  05/17
HIGHEST GUST SPEED/DIRECTION    35/140    DATE  05/17

SKY COVER
POSSIBLE SUNSHINE (PERCENT)   MM
AVERAGE SKY COVER           0.70
NUMBER OF DAYS FAIR            6
NUMBER OF DAYS PC             11
NUMBER OF DAYS CLOUDY         14

AVERAGE RH (PERCENT)     78

WEATHER CONDITIONS. NUMBER OF DAYS WITH
THUNDERSTORM              0     MIXED PRECIP               0
HEAVY RAIN               12     RAIN                      14
LIGHT RAIN               22     FREEZING RAIN              0
LT FREEZING RAIN          0     HAIL                       0
HEAVY SNOW                0     SNOW                       0
LIGHT SNOW                0     SLEET                      0
FOG                      25     FOG W/VIS <= 1/4 MILE      2
HAZE                      9

-  INDICATES NEGATIVE NUMBERS.
R  INDICATES RECORD WAS SET OR TIED.
MM INDICATES DATA IS MISSING.
T  INDICATES TRACE AMOUNT.

&&

[MONTHLY CLIMATE SUMMARY]
MAY WAS THE WETTEST MAY ON RECORD AT AUSTIN CAMP MABRY AND THE 59TH
WARMEST MAP SINCE RECORD KEEPING BEGAN. THE PREVIOUS RECORD WAS 14.10"
OF RAIN IN 1895.

MAY ALSO ENDED THE 2ND WETTEST SPRING...MARCH THROUGH MAY...IN
AUSTIN CAMP MABRY HISTORY WITH 24.73" OF RAIN.

[SEA LEVEL PRESSURE DATA]
HIGHEST SLP OF 30.19 INCHES ON THE 12TH.
LOWEST SLP OF 29.73 INCHES ON THE 25TH.


PRELIMINARY LOCAL CLIMATOLOGICAL DATA (WS FORM: F-6)

                                          STATION:   AUSTIN CAMP MABRY
                                          MONTH:     MAY
                                          YEAR:      2015
                                          LATITUDE:   30 17 N
                                          LONGITUDE:  97 42 W

  TEMPERATURE IN F:       :PCPN:    SNOW:  WIND      :SUNSHINE: SKY     :PK WND
================================================================================
1   2   3   4   5  6A  6B    7    8   9   10  11  12  13   14  15   16   17  18
                                     12Z  AVG MX 2MIN
DY MAX MIN AVG DEP HDD CDD  WTR  SNW DPTH SPD SPD DIR MIN PSBL S-S WX    SPD DR
================================================================================

 1  84  55  70  -3   0   5 0.00  0.0    0  2.0 10 140   M    M   0        15 150
 2  83  58  71  -2   0   6 0.00  0.0    0  4.3 13 160   M    M   1        20 160
 3  84  58  71  -3   0   6 0.00  0.0    0  6.1 15 150   M    M   2        23 160
 4  84  66  75   1   0  10 0.00  0.0    0  8.2 16 140   M    M   6 1      26 130
 5  83  66  75   1   0  10 3.84  0.0    0  7.2 20 150   M    M   9 13     28 140
 6  87  71  79   5   0  14 0.01  0.0    0  7.9 14 150   M    M   6 1      23 140
 7  83  73  78   4   0  13 0.02  0.0    0  9.2 17 150   M    M  10 1      26 140
 8  79  73  76   1   0  11 0.29  0.0    0  6.2 13 120   M    M  10 138    19 120
 9  85  72  79   4   0  14 0.02  0.0    0  8.6 17 150   M    M   9 138    31 150
10  87  76  82   7   0  17 0.00  0.0    0  9.7 17 150   M    M   8 8      29 160
11  79  68  74  -2   0   9 0.40  0.0    0  5.2 12 360   M    M   8 138    20 360
12  69  65  67  -9   0   2 0.23  0.0    0  5.3 10  30   M    M  10 1      17  50
13  70  64  67  -9   0   2 1.12  0.0    0  4.2 14 150   M    M   9 123    26 250
14  87  68  78   2   0  13 0.08  0.0    0  5.3 15 160   M    M   7 18     24 170
15  77  67  72  -4   0   7 0.36  0.0    0  3.6 13 130   M    M   7 13     20 140
16  87  67  77   0   0  12 0.00  0.0    0  8.9 18 160   M    M   9 1      30 150
17  84  66  75  -2   0  10 2.60  0.0    0  5.4 22 140   M    M   8 13     35 140
18  88  73  81   4   0  16 0.00  0.0    0  4.6 12 160   M    M   6 18     20 160
19  89  74  82   5   0  17    T  0.0    0  7.6 17 160   M    M   6 1      28 140
20  89  72  81   3   0  16 0.33  0.0    0  4.5 13 130   M    M   6 13     21 150
21  76  62  69  -9   0   4 0.02  0.0    0  6.4 15 300   M    M  10 13     24 300
22  77  62  70  -8   0   5 0.03  0.0    0  4.2 10 140   M    M  10 18     17 130
23  87  66  77  -1   0  12 1.41  0.0    0  7.1 18 150   M    M   8 13     32 160
24  82  64  73  -5   0   8 0.76    M    0  5.8  8 170   M    M   6 1      17  99
25  82  66  74  -5   0   9 5.20  0.0    0  5.0 16 310   M    M   8 123    29 320
26  89  66  78  -1   0  13 0.00  0.0    0  5.5 13 140   M    M   7 138    20 130
27  85  67  76  -3   0  11    T  0.0    0  4.8 12 160   M    M   7 13     18  30
28  87  69  78  -1   0  13 0.20  0.0    0  5.8 15 270   M    M   7 138    25 290
29  89  64  77  -3   0  12 0.67  0.0    0  4.5 21 290   M    M   2 13     33 280
30  88  70  79  -1   0  14    T  0.0    0  1.5 12 120   M    M   3 3      16 260
31  86  67  77  -3   0  12 0.00  0.0    0  2.4  9 360   M    M   3        16 360
================================================================================
SM 2586 2075         0 323 17.59     0.0 177.0          M      208
================================================================================
AV 83.4 66.9                               5.7 FASTST   M    M   7    MAX(MPH)
                                 MISC ---->  # 22 140               # 35  140
================================================================================
NOTES:
# LAST OF SEVERAL OCCURRENCES

COLUMN 17 PEAK WIND IN M.P.H.

SYMBOLS USED IN COLUMN 16
1 = FOG OR MIST
2 = FOG REDUCING VISIBILITY
3 = THUNDER
4 = ICE PELLETS
5 = HAIL
6 = FREEZING RAIN OR DRIZZLE
7 = DUSTSTORM OR SANDSTORM:
8 = SMOKE OR HAZE
9 = BLOWING SNOW
X = TORNADO

$$
