000
CXUS54 KEWX 011624
CLMAUS

CLIMATE REPORT
NATIONAL WEATHER SERVICE AUSTIN/SAN ANTONIO, TX
1124 AM CDT MON JUN 1 2015

...................................

...THE AUSTIN BERGSTROM CLIMATE SUMMARY FOR THE MONTH OF MAY 2015...

CLIMATE NORMAL PERIOD 1981 TO 2010
CLIMATE RECORD PERIOD 1943 TO 2015

WEATHER         OBSERVED          NORMAL  DEPART  LAST YEAR`S
                 VALUE   DATE(S)  VALUE   FROM    VALUE  DATE(S)
                                          NORMAL
................................................................
TEMPERATURE (F)
HIGHEST            88   05/28                         93  05/30
                        05/26
                        05/20
LOWEST             48   05/03                         42  05/15
                        05/01
AVG. MAXIMUM     83.2              86.7    -3.5     85.3
AVG. MINIMUM     64.8              63.7     1.1     60.7
MEAN             74.0              75.2    -1.2     73.0
DAYS MAX >= 90      0                                  7
DAYS MAX <= 32      0                                  0
DAYS MIN <= 32      0                                  0
DAYS MIN <= 0       0                                  0

PRECIPITATION (INCHES)
TOTALS          13.44              4.45    8.99     7.89
DAILY AVG.       0.43              0.09    0.34     0.25
DAYS >= .01        18                                  8
DAYS >= .10        14                                  5
DAYS >= .50         8                                  4
DAYS >= 1.00        6                                  4
GREATEST
 24 HR. TOTAL    2.29   05/16 TO 05/17
                        05/17 TO 05/17
                        05/17 TO 05/18

SNOWFALL (INCHES)
TOTALS            0.0                MM      MM      0.0
SINCE 7/1           T                MM      MM        T

DEGREE_DAYS
HEATING TOTAL       0                 3      -3       13
 SINCE 7/1       1979              1903      76     2187
COOLING TOTAL     285               319     -34      267
 SINCE 1/1        493               507     -14      455
.................................................................

WIND (MPH)
AVERAGE WIND SPEED              8.9
HIGHEST WIND SPEED/DIRECTION    44/200    DATE  05/23
HIGHEST GUST SPEED/DIRECTION    75/180    DATE  05/23

SKY COVER
POSSIBLE SUNSHINE (PERCENT)   MM
AVERAGE SKY COVER           0.80
NUMBER OF DAYS FAIR            3
NUMBER OF DAYS PC              9
NUMBER OF DAYS CLOUDY         19

AVERAGE RH (PERCENT)     81

WEATHER CONDITIONS. NUMBER OF DAYS WITH
THUNDERSTORM              0     MIXED PRECIP               0
HEAVY RAIN               10     RAIN                      11
LIGHT RAIN               24     FREEZING RAIN              0
LT FREEZING RAIN          0     HAIL                       0
HEAVY SNOW                0     SNOW                       0
LIGHT SNOW                0     SLEET                      0
FOG                      25     FOG W/VIS <= 1/4 MILE      2
HAZE                      2

-  INDICATES NEGATIVE NUMBERS.
R  INDICATES RECORD WAS SET OR TIED.
MM INDICATES DATA IS MISSING.
T  INDICATES TRACE AMOUNT.

&&


[MONTHLY CLIMATE SUMMARY]
MAY WAS THE 2ND WETTEST MAY ON RECORD AND THE 13TH COOLEST SINCE RECORD
KEEPING BEGAN IN 1942. THE WETTEST MAY ON RECORD AT AUSTIN BERGSTROM WAS
13.69" OF RAIN IN 1965.

MAY ALSO ENDED THE 3RD WETTEST SPRING...MARCH THROUGH MAY...IN AUSTIN
BERGSTROM HISTORY WITH 19.83" OF RAINFALL.


[SEA LEVEL PRESSURE DATA]
HIGHEST SLP OF 30.18 INCHES ON THE 12TH.
LOWEST SLP OF 29.70 INCHES ON THE 25TH.


PRELIMINARY LOCAL CLIMATOLOGICAL DATA (WS FORM: F-6)

                                          STATION:   AUSTIN BERGSTROM
                                          MONTH:     MAY
                                          YEAR:      2015
                                          LATITUDE:   30 13 N
                                          LONGITUDE:  97 40 W

  TEMPERATURE IN F:       :PCPN:    SNOW:  WIND      :SUNSHINE: SKY     :PK WND
================================================================================
1   2   3   4   5  6A  6B    7    8   9   10  11  12  13   14  15   16   17  18
                                     12Z  AVG MX 2MIN
DY MAX MIN AVG DEP HDD CDD  WTR  SNW DPTH SPD SPD DIR MIN PSBL S-S WX    SPD DR
================================================================================

 1  83  48  66  -5   0   1 0.00  0.0    0  4.2 12 150   M    M   2        15 140
 2  81  50  66  -6   0   1 0.00  0.0    0  6.0 17 130   M    M   2 1      21 140
 3  83  48  66  -6   0   1 0.00  0.0    0  7.7 18 170   M    M   3 1      25 180
 4  84  59  72   0   0   7    T  0.0    0  9.7 21 140   M    M   7 1      27 120
 5  83  61  72   0   0   7 1.76  0.0    0 10.7 24 150   M    M   8 13     29 150
 6  87  71  79   6   0  14    T  0.0    0 12.5 22 180   M    M   7        27 180
 7  84  72  78   5   0  13    T  0.0    0 11.4 22 150   M    M   9        29 160
 8  83  70  77   4   0  12 0.22  0.0    0  8.9 18 190   M    M   9 13     23 160
 9  86  69  78   5   0  13    T  0.0    0 12.0 29 180   M    M   8 138    36 180
10  87  75  81   7   0  16    T  0.0    0 14.4 24 150   M    M   8        32 150
11  77  67  72  -2   0   7 0.51  0.0    0 10.5 21  10   M    M  10 13     24  10
12  68  66  67  -7   0   2 0.43  0.0    0 10.0 18  20   M    M  10 1      23  30
13  71  63  67  -7   0   2 1.67  0.0    0  6.4 23 270   M    M  10 138    31 270
14  86  66  76   1   0  11 0.04  0.0    0  8.5 22 170   M    M   9 123    30 170
15  76  64  70  -5   0   5 0.33  0.0    0  6.0 23 150   M    M   8 13     28 150
16  88  66  77   2   0  12 0.00  0.0    0 12.2 24 150   M    M   8 1      33 150
17  83  65  74  -2   0   9 2.29  0.0    0  8.6 30 130   M    M   9 13     34 130
18  88  71  80   4   0  15 0.03  0.0    0  5.9 17 140   M    M   8 13     22 150
19  87  73  80   4   0  15 0.42  0.0    0 10.8 23 150   M    M   7 13     31 140
20  88  70  79   3   0  14    T    M    0  7.3 17 180   M    M   7 13     22 190
21  75  62  69  -8   0   4 0.02  0.0    0 12.6 28  20   M    M  10 13     32  30
22  78  62  70  -7   0   5 0.02  0.0    0  7.8 16 150   M    M   9 12     19 110
23  86  64  75  -2   0  10 1.86  0.0    0  8.7 44 200   M    M  10 13     75 180
24  82  62  72  -5   0   7 0.63  0.0    0 10.1 17 180   M    M   6 13     30 180
25  84  66  75  -3   0  10 1.78  0.0    0  9.9 26 170   M    M   9 13     39 170
26  88  64  76  -2   0  11 0.00  0.0    0  7.9 17 170   M    M   7 1      22 160
27  87  67  77  -1   0  12 0.20  0.0    0  7.3 18 160   M    M   8 13     23 160
28  88  73  81   3   0  16    T  0.0    0  9.5 22 150   M    M   9 3      27 150
29  87  64  76  -2   0  11 1.12  0.0    0  7.2 25 260   M    M   5 13     35 260
30  87  68  78  -1   0  13 0.11  0.0    0  4.7 16 230   M    M   7 13     22 240
31  84  64  74  -5   0   9 0.00  0.0    0  6.4 15  20   M    M   5        19  30
================================================================================
SM 2579 2010         0 285 13.44     0.0 275.8          M      234
================================================================================
AV 83.2 64.8                               8.9 FASTST   M    M   8    MAX(MPH)
                                 MISC ---->  # 44 200               # 75  180
================================================================================
NOTES:
# LAST OF SEVERAL OCCURRENCES

COLUMN 17 PEAK WIND IN M.P.H.

SYMBOLS USED IN COLUMN 16
1 = FOG OR MIST
2 = FOG REDUCING VISIBILITY
3 = THUNDER
4 = ICE PELLETS
5 = HAIL
6 = FREEZING RAIN OR DRIZZLE
7 = DUSTSTORM OR SANDSTORM:
8 = SMOKE OR HAZE
9 = BLOWING SNOW
X = TORNADO

$$
