171
CXUS53 KLBF 011522
CLMBBW


CLIMATE REPORT
NATIONAL WEATHER SERVICE NORTH PLATTE
1018 AM CDT FRI SEP 1 2017

...................................

...THE BROKEN BOW NE CLIMATE SUMMARY FOR THE MONTH OF AUGUST 2017...

CLIMATE NORMAL PERIOD 1981 TO 2010
CLIMATE RECORD PERIOD 1894 TO 2017

WEATHER         OBSERVED          NORMAL  DEPART  LAST YEAR`S
                 VALUE   DATE(S)  VALUE   FROM    VALUE  DATE(S)
                                          NORMAL
................................................................
TEMPERATURE (F)
RECORD
 HIGH             113   08/17/1936
 LOW               33   08/20/1950
HIGHEST            92   08/19        96      -4       93  08/18
LOWEST             42   08/04        45      -3       42  08/21
AVG. MAXIMUM     83.4              84.1    -0.7     82.6
AVG. MINIMUM     56.9              59.4    -2.5     57.8
MEAN             70.1              71.8    -1.7     70.2
DAYS MAX >= 90      3               6.7    -3.7        2
DAYS MAX <= 32      0               0.0     0.0        0
DAYS MIN <= 32      0               0.0     0.0        0
DAYS MIN <= 0       0               0.0     0.0        0

PRECIPITATION (INCHES)
RECORD
 MAXIMUM         9.89   1910
 MINIMUM            T   2012
                        1896
TOTALS           9.05              2.23    6.82     0.66
DAILY AVG.       0.29              0.07    0.22     0.02
DAYS >= .01         9                MM      MM        6
DAYS >= .10         6                MM      MM        2
DAYS >= .50         5                MM      MM        0
DAYS >= 1.00        5                MM      MM        0
GREATEST
 24 HR. TOTAL    2.25   08/13 TO 08/13           08/06 TO 08/07
                                                          08/07 TO 08/07
                                                          08/07 TO 08/07

SNOWFALL (INCHES)
TOTALS             MM
SINCE 7/1          MM
SNOWDEPTH AVG.     MM
DAYS >= TRACE      MM
DAYS >= 1.0        MM
GREATEST
 SNOW DEPTH        MM

DEGREE_DAYS
HEATING TOTAL       8                13      -5       12
 SINCE 7/1          8                18     -10       22
COOLING TOTAL     174               222     -48      182
 SINCE 1/1        793               696      97      710
........................................................

WIND (MPH)
AVERAGE WIND SPEED              7.5
HIGHEST WIND SPEED/DIRECTION    41/030    DATE  08/27
HIGHEST GUST SPEED/DIRECTION    52/040    DATE  08/27

AVERAGE RH (PERCENT)     69

WEATHER CONDITIONS. NUMBER OF DAYS WITH
THUNDERSTORM              0     MIXED PRECIP               0
HEAVY RAIN                5     RAIN                       5
LIGHT RAIN               12     FREEZING RAIN              0
LT FREEZING RAIN          0     HAIL                       0
HEAVY SNOW                0     SNOW                       0
LIGHT SNOW                0     SLEET                      0
FOG                      12     FOG W/VIS <= 1/4 MILE      2
HAZE                      1

-  INDICATES NEGATIVE NUMBERS.
R  INDICATES RECORD WAS SET OR TIED.
MM INDICATES DATA IS MISSING.
T  INDICATES TRACE AMOUNT.

$$
