000
CXUS51 KOKX 011543
CLMBDR

CLIMATE REPORT
NATIONAL WEATHER SERVICE NEW YORK NY
1142 AM EDT SUN OCT 1 2017

...................................

...THE BRIDGEPORT CT CLIMATE SUMMARY FOR THE MONTH OF SEPTEMBER 2017...

CLIMATE NORMAL PERIOD 1981 TO 2010
CLIMATE RECORD PERIOD 1948 TO 2017

WEATHER         OBSERVED          NORMAL  DEPART  LAST YEAR`S
                 VALUE   DATE(S)  VALUE   FROM    VALUE  DATE(S)
                                          NORMAL
................................................................
TEMPERATURE (F)
RECORD
 HIGH              99   09/02/1953
 LOW               36   09/24/1963
                        09/28/1957
                        09/21/1956
HIGHEST            87   09/23        MM      MM       90  09/09
LOWEST             50   09/29        MM      MM       48  09/26
AVG. MAXIMUM     76.5              74.0     2.5     78.0
AVG. MINIMUM     61.7              58.3     3.4     63.2
MEAN             69.1              66.2     2.9     70.6
DAYS MAX >= 90      0               0.3    -0.3        1
DAYS MAX <= 32      0               0.0     0.0        0
DAYS MIN <= 32      0               0.0     0.0        0
DAYS MIN <= 0       0               0.0     0.0        0

PRECIPITATION (INCHES)
RECORD
 MAXIMUM         7.42   1960
 MINIMUM         0.43   1959
TOTALS           1.73              3.48   -1.75     2.73
DAILY AVG.       0.06              0.12   -0.06     0.09
DAYS >= .01         7               8.2    -1.2        6
DAYS >= .10         5               5.4    -0.4        3
DAYS >= .50         2               2.5    -0.5        2
DAYS >= 1.00        0               0.9    -0.9        1
GREATEST
 24 HR. TOTAL    0.69   09/03 TO 09/03           09/19 TO 09/19
                                                          09/30 TO 09/30
                                                          09/30 TO 09/30
 STORM TOTAL       MM                                 MM
 (MM/DD(HH))            MM                    09/19(00) TO 09/19(00)
                                                 09/30(00) TO 09/30(00)0
                                                 09/30(00) TO 09/30(00)0

DEGREE_DAYS
HEATING TOTAL      25                64     -39       15
 SINCE 7/1         25                68     -43       15
COOLING TOTAL     157                98      59      191
 SINCE 1/1        994               816     178     1243
.................................................

WIND (MPH)
AVERAGE WIND SPEED              8.2
HIGHEST WIND SPEED/DIRECTION    26/340    DATE  09/28
HIGHEST GUST SPEED/DIRECTION    36/330    DATE  09/28


WEATHER CONDITIONS. NUMBER OF DAYS WITH
THUNDERSTORM              0     MIXED PRECIP               0
HEAVY RAIN                4     RAIN                       4
LIGHT RAIN                8     FREEZING RAIN              0
LT FREEZING RAIN          0     HAIL                       0
HEAVY SNOW                0     SNOW                       0
LIGHT SNOW                0     SLEET                      0
FOG                      13     FOG W/VIS <= 1/4 MILE      2
HAZE                      3

-  INDICATES NEGATIVE NUMBERS.
R  INDICATES RECORD WAS SET OR TIED.
MM INDICATES DATA IS MISSING.
T  INDICATES TRACE AMOUNT.

$$
