000
CXUS51 KCTP 011021
CLMBFD

CLIMATE REPORT
NATIONAL WEATHER SERVICE STATE COLLEGE PA
515 AM EST THU JAN 1 2015

...................................

...THE BRADFORD CLIMATE SUMMARY FOR THE MONTH OF DECEMBER 2014...

CLIMATE NORMAL PERIOD 1981 TO 2010
CLIMATE RECORD PERIOD 1957 TO 2014

WEATHER         OBSERVED          NORMAL  DEPART  LAST YEAR`S
                 VALUE   DATE(S)  VALUE   FROM    VALUE  DATE(S)
                                          NORMAL
................................................................
TEMPERATURE (F)
RECORD
 HIGH              75   12/01/2010
 LOW              -20   12/12/1988
                        12/25/1980
HIGHEST            56   12/01                         61  12/22
LOWEST             13   12/31                         -5  12/16
AVG. MAXIMUM     35.2              32.9     2.3     33.3
AVG. MINIMUM     25.2              18.3     6.9     19.7
MEAN             30.2              25.6     4.6     26.5
DAYS MAX >= 90      0                MM      MM        0
DAYS MAX <= 32     12                MM      MM       16
DAYS MIN <= 32     26                MM      MM       26
DAYS MIN <= 0       0                MM      MM        2

PRECIPITATION (INCHES)
RECORD
 MAXIMUM         7.28   1992
 MINIMUM         1.21   1999
TOTALS           2.20              3.40   -1.20     2.82
DAILY AVG.       0.07              0.11   -0.04     0.09
DAYS >= .01        12                MM      MM       17
DAYS >= .10         7                MM      MM        7
DAYS >= .50         1                MM      MM        1
DAYS >= 1.00        0                MM      MM        1
GREATEST
 24 HR. TOTAL    0.50   12/06 TO 12/06


DEGREE_DAYS
HEATING TOTAL    1072              1221    -149     1148
 SINCE 7/1       2890              3056    -166     2936
COOLING TOTAL       0                 0       0        0
 SINCE 1/1        196               193       3      334
...................................................

WIND (MPH)
AVERAGE WIND SPEED              9.1
HIGHEST WIND SPEED/DIRECTION    23/230    DATE  12/24
HIGHEST GUST SPEED/DIRECTION    35/210    DATE  12/25

SKY COVER
POSSIBLE SUNSHINE (PERCENT)   MM
AVERAGE SKY COVER           0.80
NUMBER OF DAYS FAIR            2
NUMBER OF DAYS PC              6
NUMBER OF DAYS CLOUDY         23

AVERAGE RH (PERCENT)     78

WEATHER CONDITIONS. NUMBER OF DAYS WITH
THUNDERSTORM              0     MIXED PRECIP               0
HEAVY RAIN                1     RAIN                       2
LIGHT RAIN               11     FREEZING RAIN              1
LT FREEZING RAIN          6     HAIL                       0
HEAVY SNOW                1     SNOW                       1
LIGHT SNOW               11     SLEET                      0
FOG                      23     FOG W/VIS <= 1/4 MILE      4
HAZE                     12

-  INDICATES NEGATIVE NUMBERS.
R  INDICATES RECORD WAS SET OR TIED.
MM INDICATES DATA IS MISSING.
T  INDICATES TRACE AMOUNT.

$$

LA CORTE
