000
CXUS46 KHNX 021250
CLMBFL


CLIMATE REPORT
NATIONAL WEATHER SERVICE SAN JOAQUIN VALLEY - HANFORD CA
450 AM PST MON MAR 2 2015

...................................

...THE BAKERSFIELD CLIMATE SUMMARY FOR THE MONTH OF FEBRUARY 2015...

CLIMATE NORMAL PERIOD 1981 TO 2010
CLIMATE RECORD PERIOD 1889 TO 2015

WEATHER         OBSERVED          NORMAL  DEPART  LAST YEAR`S
                 VALUE   DATE(S)  VALUE   FROM    VALUE  DATE(S)
                                          NORMAL
................................................................
TEMPERATURE (F)
RECORD
 HIGH              88   02/16/1902
 LOW               20   02/12/1901
                        02/11/1901
                        02/11/1900
HIGHEST            85   02/06        MM      MM       81  02/25
LOWEST             41   02/25        MM      MM       35  02/01
AVG. MAXIMUM     71.6              62.8     8.8     67.9
AVG. MINIMUM     46.3              42.4     3.9     45.9
MEAN             58.9              52.6     6.3     56.9
DAYS MAX >= 90      0               0.0     0.0        0
DAYS MIN <= 32      0               0.8    -0.8        0

PRECIPITATION (INCHES)
RECORD
 MAXIMUM         5.36   1998
TOTALS           0.90              1.24   -0.34     0.32
DAYS >= .01         4               7.1    -3.1        4
DAYS >= .10         3               3.6    -0.6        1
DAYS >= .50         1               0.7     0.3        0
DAYS >= 1.00        0               0.0     0.0        0
GREATEST
 24 HR. TOTAL    0.68   02/22 TO 02/23

SNOWFALL (INCHES)
RECORDS
 TOTAL              T   02/05/1989
                        02/04/1989
                        02/12/1949
                        02/17/1932
                        02/06/1909
TOTALS            0.0               0.0

DEGREE_DAYS
HEATING TOTAL     168               348    -180      221
 SINCE 7/1       1135              1774    -639     1328
COOLING TOTAL       4                 0       4        0
 SINCE 1/1          4                 0       4        9
.................................................................

WIND (MPH)
AVERAGE WIND SPEED              4.4
HIGHEST WIND SPEED/DIRECTION    21/340    DATE  02/22
HIGHEST GUST SPEED/DIRECTION    25/340    DATE  02/22

AVERAGE RH (PERCENT)     63

WEATHER CONDITIONS. NUMBER OF DAYS WITH
THUNDERSTORM              0     RAIN                       4
HAIL                      0     FOG                       17
FOG W/VIS <= 1/4 MILE     4     HAZE                      20

-  INDICATES NEGATIVE NUMBERS.
R  INDICATES RECORD WAS SET OR TIED.
MM INDICATES DATA IS MISSING.
T  INDICATES TRACE AMOUNT.

$$

SANGER/OCHS

WEATHER.GOV/HANFORD
