000
CXUS54 KAMA 011644
CLMBGD


CLIMATE REPORT
NATIONAL WEATHER SERVICE AMARILLO TX
1043 AM CST THU DEC 1 2016

...................................

...THE BORGER CLIMATE SUMMARY FOR THE MONTH OF NOVEMBER 2016...

CLIMATE NORMAL PERIOD 1981 TO 2010
CLIMATE RECORD PERIOD 1949 TO 2016

WEATHER         OBSERVED          NORMAL  DEPART  LAST YEAR`S
                 VALUE   DATE(S)  VALUE   FROM    VALUE  DATE(S)
                                          NORMAL
................................................................
TEMPERATURE (F)
HIGHEST            85   11/16                         82  11/03
LOWEST             22   11/19                         24  11/28
                                                          11/27
AVG. MAXIMUM     67.6              61.3     6.3     62.7
AVG. MINIMUM     40.8              35.9     4.9     37.0
MEAN             54.2              48.6     5.6     49.8
DAYS MAX >= 90      0               0.0     0.0        0
DAYS MAX <= 32      0               0.3    -0.3        2
DAYS MIN <= 32      6              10.0    -4.0       10
DAYS MIN <= 0       0               0.0     0.0        0

PRECIPITATION (INCHES)
TOTALS           0.15              0.84   -0.69     1.58
DAILY AVG.       0.01              0.03   -0.02     0.05
DAYS >= .01         4               4.0     0.0        6
DAYS >= .10         0               2.1    -2.1        3
DAYS >= .50         0               0.5    -0.5        1
DAYS >= 1.00        0               0.2    -0.2        0
GREATEST
 24 HR. TOTAL    0.07   11/05 TO 11/06

SNOWFALL (INCHES)
TOTALS            0.0                MM      MM      0.8
SINCE 7/1         0.0                MM      MM      0.8
DAYS >= TRACE       0                MM      MM        5
DAYS >= 1.0         0                MM      MM        0
GREATEST
 SNOW DEPTH         0   MM
 24 HR TOTAL      0.0   11/30 TO 11/30

DEGREE_DAYS
HEATING TOTAL     319               496    -177      446
 SINCE 7/1        373               717    -344      572
COOLING TOTAL       4                 4       0        1
 SINCE 1/1       2180              1839     341     1960
.................................................................

WIND (MPH)
AVERAGE WIND SPEED              9.1
HIGHEST WIND SPEED/DIRECTION    38/240    DATE  11/27
HIGHEST GUST SPEED/DIRECTION    55/240    DATE  11/27

SKY COVER
POSSIBLE SUNSHINE (PERCENT)   MM
NUMBER OF DAYS FAIR           24
NUMBER OF DAYS PC              6
NUMBER OF DAYS CLOUDY          0

AVERAGE RH (PERCENT)     50

WEATHER CONDITIONS. NUMBER OF DAYS WITH
THUNDERSTORM              0     MIXED PRECIP               0
HEAVY RAIN                0     RAIN                       0
LIGHT RAIN                6     FREEZING RAIN              0
LT FREEZING RAIN          0     HEAVY SNOW                 0
SNOW                      0     LIGHT SNOW                 0
SLEET                     0     FOG                        3
FOG W/VIS <= 1/4 MILE     0     HAZE                       0

-  INDICATES NEGATIVE NUMBERS.
R  INDICATES RECORD WAS SET OR TIED.
MM INDICATES DATA IS MISSING.
T  INDICATES TRACE AMOUNT.

$$
