000
CXUS51 KBGM 031434 CCA
CLMBGM

CLIMATE REPORT...CORRECTED
NATIONAL WEATHER SERVICE BINGHAMTON NY
1030 AM EDT THU AUG 3 2017

...................................

...THE BINGHAMTON NY CLIMATE SUMMARY FOR THE MONTH OF JULY 2017...

CLIMATE NORMAL PERIOD 1981 TO 2010
CLIMATE RECORD PERIOD 1951 TO 2017

WEATHER         OBSERVED          NORMAL  DEPART  LAST YEAR`S
                 VALUE   DATE(S)  VALUE   FROM    VALUE  DATE(S)
                                          NORMAL
................................................................
TEMPERATURE (F)
RECORD
 HIGH              98   07/16/1988
 LOW               39   07/09/1963
HIGHEST            83   07/21        78       5       93  07/22
LOWEST             52   07/30        59      -7       52  07/20
AVG. MAXIMUM     76.2              77.8    -1.6     81.8
AVG. MINIMUM     59.7              59.6     0.1     61.5
MEAN             68.0              68.7    -0.7     71.6
DAYS MAX >= 90      0               0.7    -0.7        2
DAYS MAX <= 32      0               0.0     0.0        0
DAYS MIN <= 32      0               0.0     0.0        0
DAYS MIN <= 0       0               0.0     0.0        0

PRECIPITATION (INCHES)
RECORD
 MAXIMUM         7.68   2004
 MINIMUM         0.83   1955
TOTALS           6.93              3.70    3.23     2.89
DAILY AVG.       0.22              0.12    0.10     0.09
DAYS >= .01        17              11.8     5.2       11
DAYS >= .10        10               7.5     2.5        6
DAYS >= .50         4               2.6     1.4        3
DAYS >= 1.00        4               0.9     3.1        0
GREATEST
 24 HR. TOTAL    2.72   07/23 TO 07/24

SNOWFALL (INCHES)
RECORDS
 TOTAL              T   2014
                        2010
 24 HR TOTAL        T   07/23/2014 TO 07/23/2014
                        07/14/2014 TO 07/14/2014
                        07/13/2014 TO 07/13/2014
 SNOW DEPTH         T   07/23/2014
TOTALS            0.0               0.0     0.0      0.0
SINCE 7/1         0.0               0.0     0.0      0.0
SNOWDEPTH AVG.      0               0.0     0.0        0
DAYS >= TRACE       0               0.0     0.0        0
DAYS >= 1.0         0               0.0     0.0        0
GREATEST
 SNOW DEPTH         0   MM                             0  MM
 24 HR TOTAL      0.0   07/31 TO 07/31

DEGREE_DAYS
HEATING TOTAL       8                24     -16        3
 SINCE 7/1          8                24     -16        3
COOLING TOTAL     107               138     -31      217
 SINCE 1/1        201               235     -34      326
.................................................................

WIND (MPH)
AVERAGE WIND SPEED              6.3
RESULTANT WIND SPEED/DIRECTION   2/261
HIGHEST WIND SPEED/DIRECTION    26/240    DATE  07/08
HIGHEST GUST SPEED/DIRECTION    38/250    DATE  07/08

SKY COVER
POSSIBLE SUNSHINE (PERCENT)   MM
AVERAGE SKY COVER           0.40
NUMBER OF DAYS FAIR           14
NUMBER OF DAYS PC             11
NUMBER OF DAYS CLOUDY          6

AVERAGE RH (PERCENT)     78

WEATHER CONDITIONS. NUMBER OF DAYS WITH
THUNDERSTORM              9     MIXED PRECIP               0
HEAVY RAIN                7     RAIN                      10
LIGHT RAIN               18     FREEZING RAIN              0
LT FREEZING RAIN          0     HAIL                       0
HEAVY SNOW                0     SNOW                       0
LIGHT SNOW                0     SLEET                      0
FOG                      22     FOG W/VIS <= 1/4 MILE     11
HAZE                      1

-  INDICATES NEGATIVE NUMBERS.
R  INDICATES RECORD WAS SET OR TIED.
MM INDICATES DATA IS MISSING.
T  INDICATES TRACE AMOUNT.

&&
CORRECTED GREATEST 24 HOUR PRECIPITATION
CORRECTED NUMBER OF THUNDERSTORM DAYS
4TH WETTEST JULY
$$
