000
CXUS53 KGRR 012023
CLMBIV


CLIMATE REPORT
NATIONAL WEATHER SERVICE GRAND RAPIDS, MI
412 PM EDT TUE AUG 1 2017

...................................

...THE HOLLAND/TULIP CITY MI CLIMATE SUMMARY FOR THE MONTH OF JULY 2017...

CLIMATE NORMAL PERIOD 1981 TO 2010
CLIMATE RECORD PERIOD 1996 TO 2017

WEATHER         OBSERVED          NORMAL  DEPART  LAST YEAR`S
                 VALUE   DATE(S)  VALUE   FROM    VALUE  DATE(S)
                                          NORMAL
................................................................
TEMPERATURE (F)
HIGHEST            87   07/27        MM      MM       92  07/23
                        07/19                             07/12
LOWEST             53   07/31        MM      MM       50  07/03
                        07/29
AVG. MAXIMUM     81.0              82.1    -1.1     82.8
AVG. MINIMUM     61.4              62.7    -1.3     62.0
MEAN             71.2              72.4    -1.2     72.4
DAYS MAX >= 90      0               2.2    -2.2        4
DAYS MAX <= 32      0               0.0     0.0        0
DAYS MIN <= 32      0               0.0     0.0        0
DAYS MIN <= 0       0               0.0     0.0        0

PRECIPITATION (INCHES)
TOTALS           3.27              2.83    0.44       MM
DAILY AVG.       0.11              0.09    0.02       MM
DAYS >= .01         9                MM      MM       MM
DAYS >= .10         6                MM      MM       MM
DAYS >= .50         3                MM      MM       MM
DAYS >= 1.00        1                MM      MM       MM
GREATEST
 24 HR. TOTAL    1.03   07/12 TO 07/12

DEGREE_DAYS
HEATING TOTAL       1                 6      -5        7
 SINCE 7/1          1                 6      -5        7
COOLING TOTAL     199               235     -36      244
 SINCE 1/1        383               423     -40      435
.................................................................

WIND (MPH)
AVERAGE WIND SPEED              5.8
RESULTANT WIND SPEED/DIRECTION   2/257
HIGHEST WIND SPEED/DIRECTION    30/240    DATE  07/12
HIGHEST GUST SPEED/DIRECTION    46/290    DATE  07/07

SKY COVER
POSSIBLE SUNSHINE (PERCENT)   MM
AVERAGE SKY COVER           0.20
NUMBER OF DAYS FAIR           23
NUMBER OF DAYS PC              7
NUMBER OF DAYS CLOUDY          1

AVERAGE RH (PERCENT)     72

WEATHER CONDITIONS. NUMBER OF DAYS WITH
THUNDERSTORM              6     MIXED PRECIP               0
HEAVY RAIN                5     RAIN                       7
LIGHT RAIN                9     FREEZING RAIN              0
LT FREEZING RAIN          0     HAIL                       0
HEAVY SNOW                0     SNOW                       0
LIGHT SNOW                0     SLEET                      0
FOG                      14     FOG W/VIS <= 1/4 MILE      4
HAZE                      2

-  INDICATES NEGATIVE NUMBERS.
R  INDICATES RECORD WAS SET OR TIED.
MM INDICATES DATA IS MISSING.
T  INDICATES TRACE AMOUNT.

$$
