000
CXUS56 KSEW 011038
CLMBLI


CLIMATE REPORT
NATIONAL WEATHER SERVICE SEATTLE WA
337 AM PDT SUN MAY 1 2016

...................................

...THE BELLINGHAM WA AIRPORT CLIMATE SUMMARY FOR THE MONTH OF APRIL 2016...

CLIMATE NORMAL PERIOD 1981 TO 2010
CLIMATE RECORD PERIOD 1949 TO 2016

WEATHER         OBSERVED          NORMAL  DEPART  LAST YEAR`S
                 VALUE   DATE(S)  VALUE   FROM    VALUE  DATE(S)
                                          NORMAL
................................................................
TEMPERATURE (F)
RECORD
 HIGH              83   04/18/2016
 LOW               24   04/20/1951
HIGHEST            83R  04/18        MM      MM       69  04/27
                                                          04/20
LOWEST             40   04/16        MM      MM       33  04/05
AVG. MAXIMUM     62.3              56.8     5.5     58.0
AVG. MINIMUM     45.6              40.0     5.6     40.2
MEAN             53.9              48.4     5.5     49.1
DAYS MAX >= 90      0               0.0     0.0        0
DAYS MAX <= 32      0               0.0     0.0        0
DAYS MIN <= 32      0               2.1    -2.1        0
DAYS MIN <= 0       0               0.0     0.0        0

PRECIPITATION (INCHES)
RECORD
 MAXIMUM         6.09   1992
 MINIMUM         0.35   2004
TOTALS           2.44              2.69   -0.25     1.23
DAILY AVG.       0.08              0.09   -0.01     0.04
DAYS >= .01        12              14.9    -2.9       13
DAYS >= .10         6               7.7    -1.7        7
DAYS >= .50         3               1.3     1.7        0
DAYS >= 1.00        0               0.1    -0.1        0
GREATEST
 24 HR. TOTAL    0.69   04/04 TO 04/04

DEGREE_DAYS
HEATING TOTAL     324               498    -174      472
COOLING TOTAL       0                 0       0        0
 SINCE 1/1          0                 0       0        0
.................................................................

WIND (MPH)
AVERAGE WIND SPEED              5.5
HIGHEST WIND SPEED/DIRECTION    23/150    DATE  04/12
HIGHEST GUST SPEED/DIRECTION    31/140    DATE  04/12

SKY COVER
POSSIBLE SUNSHINE (PERCENT)   MM
AVERAGE SKY COVER           0.40
NUMBER OF DAYS FAIR           11
NUMBER OF DAYS PC             12
NUMBER OF DAYS CLOUDY          7

AVERAGE RH (PERCENT)     73

WEATHER CONDITIONS. NUMBER OF DAYS WITH
THUNDERSTORM              0     MIXED PRECIP               0
HEAVY RAIN                3     RAIN                       6
LIGHT RAIN               15     FREEZING RAIN              0
LT FREEZING RAIN          0     HAIL                       0
HEAVY SNOW                0     SNOW                       0
LIGHT SNOW                0     SLEET                      0
FOG                      13     FOG W/VIS <= 1/4 MILE      1
HAZE                      0

-  INDICATES NEGATIVE NUMBERS.
R  INDICATES RECORD WAS SET OR TIED.
MM INDICATES DATA IS MISSING.
T  INDICATES TRACE AMOUNT.

$$
