000
CXUS56 KSEW 011700
CLMBLI


CLIMATE REPORT
NATIONAL WEATHER SERVICE SEATTLE WA
1000 AM PDT WED JUL 1 2015

...................................

...THE BELLINGHAM WA AIRPORT CLIMATE SUMMARY FOR THE MONTH OF JUNE 2015...

CLIMATE NORMAL PERIOD 1981 TO 2010
CLIMATE RECORD PERIOD 1949 TO 2015

WEATHER         OBSERVED          NORMAL  DEPART  LAST YEAR`S
                 VALUE   DATE(S)  VALUE   FROM    VALUE  DATE(S)
                                          NORMAL
................................................................
TEMPERATURE (F)
RECORD
 HIGH              93   06/09/1955
 LOW               37   06/02/1999
                        06/02/1954
                        06/13/1952
HIGHEST            87   06/27        MM      MM       76  06/25
LOWEST             46   06/14        MM      MM       44  06/21
                        06/13
AVG. MAXIMUM     73.6              66.6     7.0     68.1
AVG. MINIMUM     54.5              50.3     4.2     52.5
MEAN             64.0              58.5     5.5     60.3
DAYS MAX >= 90      0               0.0     0.0        0
DAYS MAX <= 32      0               0.0     0.0        0
DAYS MIN <= 32      0               0.0     0.0        0
DAYS MIN <= 0       0               0.0     0.0        0

PRECIPITATION (INCHES)
RECORD
 MAXIMUM         4.78   1971
 MINIMUM         0.25   1977
TOTALS           0.26              1.86   -1.60     1.08
DAILY AVG.       0.01              0.06   -0.05     0.04
DAYS >= .01         3              10.0    -7.0        9
DAYS >= .10         2               5.4    -3.4        3
DAYS >= .50         0               0.9    -0.9        0
DAYS >= 1.00        0               0.1    -0.1        0
GREATEST
 24 HR. TOTAL    0.16   06/01 TO 06/02

DEGREE_DAYS
HEATING TOTAL      69               201    -132      136
COOLING TOTAL      48                 4      44        1
 SINCE 1/1         48                 4      44        2
.................................................................

WIND (MPH)
AVERAGE WIND SPEED              5.9
HIGHEST WIND SPEED/DIRECTION    21/160    DATE  06/16
HIGHEST GUST SPEED/DIRECTION    29/170    DATE  06/16

SKY COVER
POSSIBLE SUNSHINE (PERCENT)   MM
AVERAGE SKY COVER           0.20
NUMBER OF DAYS FAIR           25
NUMBER OF DAYS PC              3
NUMBER OF DAYS CLOUDY          2

AVERAGE RH (PERCENT)     68

WEATHER CONDITIONS. NUMBER OF DAYS WITH
THUNDERSTORM              0     MIXED PRECIP               0
HEAVY RAIN                0     RAIN                       0
LIGHT RAIN                5     FREEZING RAIN              0
LT FREEZING RAIN          0     HAIL                       0
HEAVY SNOW                0     SNOW                       0
LIGHT SNOW                0     SLEET                      0
FOG                       3     FOG W/VIS <= 1/4 MILE      0
HAZE                      0

-  INDICATES NEGATIVE NUMBERS.
R  INDICATES RECORD WAS SET OR TIED.
MM INDICATES DATA IS MISSING.
T  INDICATES TRACE AMOUNT.

$$
