000
CXUS56 KSEW 022036
CLMBLI


CLIMATE REPORT
NATIONAL WEATHER SERVICE SEATTLE WA
135 PM PDT SAT APR 2 2016

...................................

...THE BELLINGHAM WA AIRPORT CLIMATE SUMMARY FOR THE MONTH OF MARCH 2016...

CLIMATE NORMAL PERIOD 1981 TO 2010
CLIMATE RECORD PERIOD 1949 TO 2016

WEATHER         OBSERVED          NORMAL  DEPART  LAST YEAR`S
                 VALUE   DATE(S)  VALUE   FROM    VALUE  DATE(S)
                                          NORMAL
................................................................
TEMPERATURE (F)
RECORD
 HIGH              76   03/29/2004
 LOW               10   03/10/1951
HIGHEST            68   03/31        MM      MM       65  03/26
                                                          03/13
LOWEST             34   03/17        MM      MM       24  03/04
AVG. MAXIMUM     55.7              52.2     3.5     56.7
AVG. MINIMUM     41.7              36.3     5.4     40.3
MEAN             48.7              44.2     4.5     48.5
DAYS MAX >= 90      0               0.0     0.0        0
DAYS MAX <= 32      0               0.2    -0.2        0
DAYS MIN <= 32      0               7.4    -7.4        8
DAYS MIN <= 0       0               0.0     0.0        0

PRECIPITATION (INCHES)
RECORD
 MAXIMUM         7.02   1950
 MINIMUM         0.76   1965
TOTALS           3.83              3.22    0.61     4.77
DAILY AVG.       0.12              0.10    0.02     0.15
DAYS >= .01        23              17.0     6.0       17
DAYS >= .10        12               9.6     2.4       11
DAYS >= .50         2               1.1     0.9        2
DAYS >= 1.00        0               0.1    -0.1        2
GREATEST
 24 HR. TOTAL    0.50   03/07 TO 03/07
                        03/06 TO 03/07
                        03/07 TO 03/07

DEGREE_DAYS
HEATING TOTAL     496               643    -147      503
COOLING TOTAL       0                 0       0        0
 SINCE 1/1          0                 0       0        0
.................................................................

WIND (MPH)
AVERAGE WIND SPEED              9.0
HIGHEST WIND SPEED/DIRECTION    46/150    DATE  03/13
HIGHEST GUST SPEED/DIRECTION    67/150    DATE  03/10

SKY COVER
POSSIBLE SUNSHINE (PERCENT)   MM
AVERAGE SKY COVER           0.60
NUMBER OF DAYS FAIR            6
NUMBER OF DAYS PC              8
NUMBER OF DAYS CLOUDY         17

AVERAGE RH (PERCENT)     71

WEATHER CONDITIONS. NUMBER OF DAYS WITH
THUNDERSTORM              0     MIXED PRECIP               0
HEAVY RAIN                0     RAIN                       5
LIGHT RAIN               26     FREEZING RAIN              0
LT FREEZING RAIN          0     HAIL                       0
HEAVY SNOW                0     SNOW                       0
LIGHT SNOW                0     SLEET                      0
FOG                      11     FOG W/VIS <= 1/4 MILE      0
HAZE                      0

-  INDICATES NEGATIVE NUMBERS.
R  INDICATES RECORD WAS SET OR TIED.
MM INDICATES DATA IS MISSING.
T  INDICATES TRACE AMOUNT.

$$
