000
CXUS51 KBOX 021458
CLMBOS


CLIMATE REPORT
NATIONAL WEATHER SERVICE TAUNTON MA
1050 AM EDT THU JUL 2 2015

...................................

...THE BOSTON MA CLIMATE SUMMARY FOR THE MONTH OF JUNE 2015...

CLIMATE NORMAL PERIOD 1981 TO 2010
CLIMATE RECORD PERIOD 1872 TO 2015

WEATHER         OBSERVED          NORMAL  DEPART
                 VALUE   DATE(S)  VALUE   FROM
                                          NORMAL
................................................
TEMPERATURE (F)
RECORD
 HIGH             100   06/26/1952
                        06/06/1925
 LOW               41   06/01/1945
HIGHEST            88   06/23
                        06/11
LOWEST             46   06/02
AVG. MAXIMUM     72.1              75.9    -3.8
AVG. MINIMUM     57.3              59.5    -2.2
MEAN             64.7              67.7    -3.0
DAYS MAX >= 90      0               2.3    -2.3
DAYS MAX <= 32      0               0.0     0.0
DAYS MIN <= 32      0               0.0     0.0
DAYS MIN <= 0       0               0.0     0.0

PRECIPITATION (INCHES)
RECORD
 MAXIMUM        13.20   1982
 MINIMUM            T   1999
TOTALS           5.01              3.68    1.33
DAILY AVG.       0.17              0.12    0.05
DAYS >= .01         9              10.9    -1.9
DAYS >= .10         6               6.4    -0.4
DAYS >= .50         3               2.1     0.9
DAYS >= 1.00        2               0.7     1.3
GREATEST
 24 HR. TOTAL    1.76   06/20 TO 06/21

SNOWFALL (INCHES)
RECORDS
 TOTAL            0.0   MM
 SNOW DEPTH         0   MM
TOTALS            0.0               0.0     0.0
SINCE 7/1       110.6              43.8    66.8
SNOWDEPTH AVG.     MM
DAYS >= 1.0         0               0.0     0.0
GREATEST
 SNOW DEPTH        MM
 24 HR TOTAL      0.0   06/30 TO 06/30

DEGREE_DAYS
HEATING TOTAL      98                55      43
 SINCE 7/1       6029              5681     348
COOLING TOTAL      97               136     -39
 SINCE 1/1        158               166      -8
.................................................

WIND (MPH)
AVERAGE WIND SPEED              9.5
RESULTANT WIND SPEED/DIRECTION   2/140
HIGHEST WIND SPEED/DIRECTION    29/060    DATE  06/28
HIGHEST GUST SPEED/DIRECTION    40/210    DATE  06/08

SKY COVER
POSSIBLE SUNSHINE (PERCENT)   MM
AVERAGE SKY COVER           0.70
NUMBER OF DAYS FAIR            2
NUMBER OF DAYS PC             18
NUMBER OF DAYS CLOUDY         10

AVERAGE RH (PERCENT)     72

WEATHER CONDITIONS. NUMBER OF DAYS WITH
THUNDERSTORM              0     MIXED PRECIP               0
HEAVY RAIN                5     RAIN                       5
LIGHT RAIN               14     FREEZING RAIN              0
LT FREEZING RAIN          0     HAIL                       0
HEAVY SNOW                0     SNOW                       0
LIGHT SNOW                0     SLEET                      0
FOG                      10     FOG W/VIS <= 1/4 MILE      1
HAZE                      1

-  INDICATES NEGATIVE NUMBERS.
R  INDICATES RECORD WAS SET OR TIED.
MM INDICATES DATA IS MISSING.
T  INDICATES TRACE AMOUNT.

$$

SIPPRELL
