000
CXUS55 KRIW 012104
CLMBPI

CLIMATE REPORT
NATIONAL WEATHER SERVICE RIVERTON WY
300 PM MDT MON MAY 1 2017

...PRELIMINARY MONTHLY CLIMATE SUMMARY FOR THE MILEY MEMORIAL FIELD
IN BIG PINEY FOR THE MONTH OF APRIL 2017...

...OFFICIAL CLIMATE DATA FOR THE MONTH OF FEBRUARY 2017 WILL BE
AVAILABLE APPROXIMATELY IN JUNE 2017 FROM THE NATIONAL CLIMATIC
DATA CENTER (HTTP://WWW.NCDC.NOAA.GOV/OL/CLIMATEDATA.HTML).
UNOFFICIAL ASOS DAILY SUMMARIES ARE AVAILABLE ON THE INTERNET AT
HTTP://WWW.WEATHER.GOV/CLIMATE/INDEX.PHP?WFO=RIW

...BIG PINEY HAD A WETTER THAN NORMAL APRIL..

THE AVERAGE TEMPERATURE FOR BIG PINEY IN APRIL WAS 36.5 DEGREES
WHICH WAS 0.6 DEGREES BELOW NORMAL. THE WARMEST READING FOR THE
MONTH WAS 70 DEGREES ON THE 13TH. THIS WAS ALSO A DAILY RECORD
BREAKING THE PREVIOUS RECORD OF 66 DEGREES SET IN 2003. THE COLDEST
READING WAS 12 DEGREES ON THE 10TH. THERE WERE NO OTHER TEMPERATURE
RECORDS BROKEN THIS MONTH.

BIG PINEY HAD ITS 3RD WETTEST APRIL ON RECORD WITH A TOTAL OF 1.17
INCHES OF PRECIPITATION FOR THE MONTH. THE TOTAL PRECIPITATION WAS
0.64 INCHES ABOVE NORMAL FOR THE MONTH AND 221 PERCENT OF THE NORMAL.
THE WETTEST 24 HOUR PERIOD OF THE MONTH WAS ON THE 18TH WHEN 0.54
INCHES FELL. THIS WAS A NEW DAILY RECORD BREAKING THE PREVIOUS
RECORD OF 0.34 INCHES SET IN 2000. THE HIGHEST WIND GUST WAS 44 MPH
ON THE 9TH.

...THE BIG PINEY WY CLIMATE SUMMARY FOR THE MONTH OF APRIL 2017...

 CLIMATE NORMAL PERIOD 1981 TO 2010
 CLIMATE RECORD PERIOD 1998 TO 2017

WEATHER         OBSERVED          NORMAL  DEPART
                 VALUE   DATE(S)  VALUE   FROM
                                          NORMAL
................................................
TEMPERATURE (F)
RECORD
 HIGH              77   04/23/2012
                        04/29/2007
                        04/28/2000
LOW               -5   04/23/2013
HIGHEST            70   04/13
LOWEST             12   04/10
AVG. MAXIMUM     50.5              52.4    -1.9
AVG. MINIMUM     22.3              21.9     0.4
MEAN             36.4              37.1    -0.7
DAYS MAX >= 90      0
DAYS MAX <= 32      0
DAYS MIN <= 32     30
DAYS MIN <= 0       0

PRECIPITATION (INCHES)
RECORD
 MAXIMUM         2.51   1999
 MINIMUM         0.10   2003
TOTALS           1.17              0.53    0.64
DAILY AVG.       0.04
DAYS >= .01         7
DAYS >= .10         3
DAYS >= .50         1
DAYS >= 1.00        0
GREATEST
 24 HR. TOTAL    0.54   04/18 TO 04/18

DEGREE_DAYS
HEATING TOTAL     852               836      16
 SINCE 7/1       9393              9531    -138
COOLING TOTAL       0                 0       0
 SINCE 1/1          0                 0       0
.................................................

WIND (MPH)
AVERAGE WIND SPEED              9.0
HIGHEST WIND SPEED/DIRECTION    35/220    DATE  04/13
HIGHEST GUST SPEED/DIRECTION    44/290    DATE  04/09

SKY COVER
POSSIBLE SUNSHINE (PERCENT)   MM
AVERAGE SKY COVER           0.40
NUMBER OF DAYS FAIR           13
NUMBER OF DAYS PC             12
NUMBER OF DAYS CLOUDY          5

AVERAGE RH (PERCENT)     61

WEATHER CONDITIONS. NUMBER OF DAYS WITH
THUNDERSTORM              0     MIXED PRECIP               0
HEAVY RAIN                1     RAIN                       2
LIGHT RAIN                5     FREEZING RAIN              0
LT FREEZING RAIN          0     HAIL                       0
HEAVY SNOW                0     SNOW                       3
LIGHT SNOW                7     SLEET                      0
FOG                       9     FOG W/VIS <= 1/4 MILE      3
HAZE                      2

-  INDICATES NEGATIVE NUMBERS.
R  INDICATES RECORD WAS SET OR TIED.
MM INDICATES DATA IS MISSING.
T  INDICATES TRACE AMOUNT.

LOOKING AHEAD TO MAY 2017...THE AVERAGE HIGH TEMPERATURE ON THE
FIRST OF THE MONTH IS 57 DEGREES...AND THE AVERAGE LOW TEMPERATURE
IS 26 DEGREES. THE AVERAGE HIGH BY THE END OF THE MONTH IS 77
DEGREES...AND THE AVERAGE LOW TEMPERATURE IS 34. THE AVERAGE MONTHLY
PRECIPITATION IS 0.84 INCHES.
$$
