000
CXAK59 PAFG 050159
CLMBRW


CLIMATE REPORT
NATIONAL WEATHER SERVICE FAIRBANKS, AK
548 PM AKDT TUE APR 4 2017

...................................

...THE BARROW AK CLIMATE SUMMARY FOR THE MONTH OF MARCH 2017...

CLIMATE NORMAL PERIOD 1981 TO 2010
CLIMATE RECORD PERIOD 1920 TO 2017

WEATHER         OBSERVED          NORMAL  DEPART  LAST YEAR`S
                 VALUE   DATE(S)  VALUE   FROM    VALUE  DATE(S)
                                          NORMAL
................................................................
TEMPERATURE (F)
RECORD
 HIGH              34   03/21/1998
 LOW              -52   03/02/1971
                        03/06/1923
HIGHEST            26   03/11        MM      MM        4  03/03
                        03/10
LOWEST            -34   03/19        MM      MM      -28  03/29
AVG. MAXIMUM      0.2              -6.1     6.3     -2.6
AVG. MINIMUM    -14.9             -19.2     4.3    -12.0
MEAN             -7.4             -12.7     5.3     -7.3
DAYS MAX >= 90      0               0.0     0.0        0
DAYS MAX <= 32     31              31.0     0.0       28
DAYS MIN <= 32     31              31.0     0.0       28
DAYS MIN <= 0      28              29.5    -1.5       28

PRECIPITATION (INCHES)
RECORD
 MAXIMUM         1.50   1963
 MINIMUM            T   2008
                        1983
                        1972
TOTALS           0.30              0.09    0.21     0.14
DAILY AVG.       0.01              0.00    0.01     0.00
DAYS >= .01        10               4.1     5.9        5
DAYS >= .10         0               0.1    -0.1        0
DAYS >= .50         0               0.0     0.0        0
DAYS >= 1.00        0               0.0     0.0        0
GREATEST
 24 HR. TOTAL    0.08   03/15 TO 03/15           03/24 TO 03/24
SNOWFALL (INCHES)
RECORDS
 TOTAL           15.8   1963
 24 HR TOTAL       MM
 SNOW DEPTH        30   03/31/1962
TOTALS            2.4               2.1     0.3      0.2
SINCE 7/1        29.3              31.1    -1.8      9.0
SNOWDEPTH AVG.      9                11      -2        4
DAYS >= TRACE      18               5.7    12.3        3
DAYS >= 1.0         0               0.3    -0.3        0
GREATEST
 SNOW DEPTH         9   03/31                          8  03/30
 24 HR TOTAL      0.8   MM                       03/24 TO 03/24
DEGREE_DAYS
HEATING TOTAL    2237              2407    -170     2016
 SINCE 7/1      13199             15264   -2065    13412
COOLING TOTAL       0                 0       0        0
 SINCE 1/1          0                 0       0        0
.....................................................

WIND (MPH)
AVERAGE WIND SPEED              11.0
HIGHEST WIND SPEED/DIRECTION    30/240    DATE  03/09
HIGHEST GUST SPEED/DIRECTION    36/230    DATE  03/09

SKY COVER
AVERAGE SKY COVER           0.40


WEATHER CONDITIONS. NUMBER OF DAYS WITH
THUNDERSTORM              0     MIXED PRECIP               0
HEAVY RAIN                0     RAIN                       0
LIGHT RAIN                0     FREEZING RAIN              0
LT FREEZING RAIN          1     HAIL                       0
HEAVY SNOW                0     SNOW                       3
LIGHT SNOW               18     SLEET                      0
FOG                      25     FOG W/VIS <= 1/4 MILE      1
HAZE                     28

-  INDICATES NEGATIVE NUMBERS.
R  INDICATES RECORD WAS SET OR TIED.
MM INDICATES DATA IS MISSING.
T  INDICATES TRACE AMOUNT.

$$
