000
CXUS51 KCLE 011935
CLMCAK


CLIMATE REPORT
NATIONAL WEATHER SERVICE CLEVELAND OH
334 PM EDT SUN OCT 1 2017

...................................

...THE AKRON CANTON OH CLIMATE SUMMARY FOR THE MONTH OF SEPTEMBER 2017...

CLIMATE NORMAL PERIOD 1981 TO 2010
CLIMATE RECORD PERIOD 1887 TO 2017

WEATHER         OBSERVED          NORMAL  DEPART  LAST YEAR`S
                 VALUE   DATE(S)  VALUE   FROM    VALUE
                                          NORMAL
.............................................................
TEMPERATURE (F)
RECORD
 HIGH              99   10/07/5881
                        10/07/5881
 LOW               29   10/07/5881
HIGHEST            93   09/27
LOWEST             43   09/10
AVG. MAXIMUM     78.7              73.0     5.7     79.3
AVG. MINIMUM     56.0              53.3     2.7     58.5
MEAN             67.4              63.1     4.3     68.9
DAYS MAX >= 90      6               0.3     5.7        2
DAYS MAX <= 32      0               0.0     0.0        0
DAYS MIN <= 32      0               0.0     0.0        0
DAYS MIN <= 0       0               0.0     0.0        0

PRECIPITATION (INCHES)
RECORD
 MAXIMUM        11.98   1926
 MINIMUM         0.20   1960
TOTALS           2.02              3.45   -1.43     6.54
DAYS >= .01         7              10.2    -3.2       10
DAYS >= .10         4               6.1    -2.1        9
DAYS >= .50         1               2.1    -1.1        6
DAYS >= 1.00        1               0.9     0.1        3
GREATEST
 24 HR. TOTAL    1.17   09/04 TO 09/04              1.71

SNOWFALL (INCHES)
RECORDS
 TOTAL              T   2003
                        2000
                        1999
TOTALS            0.0               0.0     0.0      0.0
SINCE 7/1         0.0               0.0     0.0      0.0
DAYS >= 1.0         0               0.0     0.0        0
GREATEST
 24 HR TOTAL      0.0   09/30 TO 09/30

DEGREE_DAYS
HEATING TOTAL      69               119     -50       30
 SINCE 7/1         75               139     -64       33
COOLING TOTAL     149                64      85      155
 SINCE 1/1        891               646     245     1109
..............................................................

WIND (MPH)
AVERAGE WIND SPEED              6.3
HIGHEST WIND SPEED/DIRECTION    36/290    DATE  09/04
HIGHEST GUST SPEED/DIRECTION    53/290    DATE  09/04

SKY COVER
AVERAGE SKY COVER           0.50

AVERAGE RH (PERCENT)     65

WEATHER CONDITIONS. NUMBER OF DAYS WITH
THUNDERSTORM              0     MIXED PRECIP               0
HEAVY RAIN                2     RAIN                       3
LIGHT RAIN                8     FREEZING RAIN              0
LT FREEZING RAIN          0     HAIL                       0
HEAVY SNOW                0     SNOW                       0
LIGHT SNOW                0     SLEET                      0
FOG                      12     FOG W/VIS <= 1/4 MILE      2
HAZE                      5

-  INDICATES NEGATIVE NUMBERS.
R  INDICATES RECORD WAS SET OR TIED.
MM INDICATES DATA IS MISSING.
T  INDICATES TRACE AMOUNT.

$$
