000
CXUS55 KABQ 051916
CLMCAO

ABQCLMCAO 000
TTAA00 KABQ 011657


CLIMATE REPORT
NATIONAL WEATHER SERVICE ALBUQUERQUE NM
1034 AM MDT FRI SEP 1 2017

...................................

...THE CLAYTON  NM CLIMATE SUMMARY FOR THE MONTH OF AUGUST 2017...

CLIMATE NORMAL PERIOD 1981 TO 2010
CLIMATE RECORD PERIOD 1896 TO 2017

WEATHER         OBSERVED          NORMAL  DEPART  LAST YEAR`S
                 VALUE   DATE(S)  VALUE   FROM    VALUE  DATE(S)
                                          NORMAL
................................................................
TEMPERATURE (F)
RECORD
 HIGH             102   08/11/2012
                        08/20/2007
                        08/03/1944
 LOW               42   08/24/1928
                        08/23/1910
HIGHEST            91   08/05        MM      MM       94  08/01
LOWEST             51   08/30        MM      MM       54  08/20
AVG. MAXIMUM     81.1              86.2    -5.1     84.3
AVG. MINIMUM     56.8              60.3    -3.5     59.2
MEAN             69.0              73.3    -4.3     71.7
DAYS MAX >= 90      1               9.5    -8.5        7
DAYS MAX <= 32      0               0.0     0.0        0
DAYS MIN <= 32      0               0.0     0.0        0
DAYS MIN <= 0       0               0.0     0.0        0

PRECIPITATION (INCHES)
RECORD
 MAXIMUM           MM   MM
 MINIMUM           MM   MM
TOTALS           2.60              2.94   -0.34     6.50
DAILY AVG.       0.08              0.09   -0.01     0.21
DAYS >= .01        11               9.5     1.5       13
DAYS >= .10         4               5.8    -1.8       11
DAYS >= .50         2               1.9     0.1        5
DAYS >= 1.00        0               0.7    -0.7        1
GREATEST
 24 HR. TOTAL    0.90   08/08 TO 08/08              2.90

SNOWFALL (INCHES)
RECORDS
 TOTAL             MM   MM
TOTALS            0.0               0.0     0.0      0.0
SINCE 7/1         0.0               0.0     0.0      0.0
SNOWDEPTH AVG.      0                MM      MM        0
DAYS >= 1.0         0               0.0     0.0        0
GREATEST
 SNOW DEPTH         0   MM                             0  MM
 24 HR TOTAL      0.0   08/31 TO 08/31               0.0

DEGREE_DAYS
HEATING TOTAL       4                 4       0        2
 SINCE 7/1          4                 6      -2        2
COOLING TOTAL     134               260    -126      215
 SINCE 1/1        710               797     -87      939
.................................................................

WIND (MPH)
AVERAGE WIND SPEED              9.4
HIGHEST WIND SPEED/DIRECTION    36/280    DATE  08/15
HIGHEST GUST SPEED/DIRECTION    48/350    DATE  08/13

SKY COVER
AVERAGE SKY COVER           0.30

AVERAGE RH (PERCENT)     72

WEATHER CONDITIONS. NUMBER OF DAYS WITH
THUNDERSTORM              0     MIXED PRECIP               0
HEAVY RAIN                5     RAIN                       6
LIGHT RAIN               16     FREEZING RAIN              0
LT FREEZING RAIN          0     HAIL                       0
HEAVY SNOW                0     SNOW                       0
LIGHT SNOW                0     SLEET                      0
FOG                      16     FOG W/VIS <= 1/4 MILE      6
HAZE                      1

-  INDICATES NEGATIVE NUMBERS.
R  INDICATES RECORD WAS SET OR TIED.
MM INDICATES DATA IS MISSING.
T  INDICATES TRACE AMOUNT.

$$
