000
CXUS55 KCYS 021523
CLMCDR


CLIMATE REPORT
NATIONAL WEATHER SERVICE CHEYENNE WY
923 AM MDT SUN AUG 2 2015

...................................

...THE CHADRON NE AIRPORT CLIMATE SUMMARY FOR THE MONTH OF JULY 2015...

CLIMATE NORMAL PERIOD 1981 TO 2010
CLIMATE RECORD PERIOD 1895 TO 2015

WEATHER         OBSERVED          NORMAL  DEPART  LAST YEAR`S
                 VALUE   DATE(S)  VALUE   FROM    VALUE
                                          NORMAL
.............................................................
TEMPERATURE (F)
RECORD
 HIGH             112   07/15/2006
 LOW               38   07/30/1971
HIGHEST           100   07/26        MM      MM      108
LOWEST             43   07/29        MM      MM       42
AVG. MAXIMUM     87.5              89.8    -2.3     89.6
AVG. MINIMUM     56.2              57.4    -1.2     55.9
MEAN             71.9              73.6    -1.7     72.8
DAYS MAX >= 90     16              15.6               15
DAYS MAX <= 32      0               0.0                0
DAYS MIN <= 32      0               0.0                0
DAYS MIN <= 0       0               0.0                0

PRECIPITATION (INCHES)
RECORD
 MAXIMUM         5.53   1997
 MINIMUM            T   2011
TOTALS           2.34              2.11    0.23     0.66
DAYS >= .01         9               7.9     1.1        5
DAYS >= .10         4               4.6    -0.6        2
DAYS >= .50         2               1.4     0.6        0
DAYS >= 1.00        1               0.4     0.6        0
GREATEST
 24 HR. TOTAL    1.21   07/05 TO 07/06

DEGREE_DAYS
HEATING TOTAL       3                10      -7       11
 SINCE 7/1          3                10      -7       11
COOLING TOTAL     224               276     -52      259
 SINCE 1/1        357               404     -47      344
..............................................................

WIND (MPH)
AVERAGE WIND SPEED              7.2
HIGHEST WIND SPEED/DIRECTION    35/040    DATE  07/01
HIGHEST GUST SPEED/DIRECTION    43/310    DATE  07/27

SKY COVER
POSSIBLE SUNSHINE (PERCENT)   MM
AVERAGE SKY COVER           0.10
NUMBER OF DAYS FAIR           27
NUMBER OF DAYS PC              4
NUMBER OF DAYS CLOUDY          0

AVERAGE RH (PERCENT)     61

WEATHER CONDITIONS. NUMBER OF DAYS WITH
THUNDERSTORM              0     MIXED PRECIP               0
HEAVY RAIN                3     RAIN                       5
LIGHT RAIN               13     FREEZING RAIN              0
LT FREEZING RAIN          0     HAIL                       0
HEAVY SNOW                0     SNOW                       0
LIGHT SNOW                0     SLEET                      0
FOG                       9     FOG W/VIS <= 1/4 MILE      0
HAZE                      7

-  INDICATES NEGATIVE NUMBERS.
R  INDICATES RECORD WAS SET OR TIED.
MM INDICATES DATA IS MISSING.
T  INDICATES TRACE AMOUNT.

$$
