000
CXUS55 KCYS 061359
CLMCDR


CLIMATE REPORT
NATIONAL WEATHER SERVICE CHEYENNE WY
658 AM MST TUE DEC 6 2016

...................................

...THE CHADRON NE AIRPORT CLIMATE SUMMARY FOR THE MONTH OF NOVEMBER 2016...

CLIMATE NORMAL PERIOD 1981 TO 2010
CLIMATE RECORD PERIOD 1895 TO 2016

WEATHER         OBSERVED          NORMAL  DEPART  LAST YEAR`S
                 VALUE   DATE(S)  VALUE   FROM    VALUE
                                          NORMAL
.............................................................
TEMPERATURE (F)
RECORD
 HIGH              81   11/02/2008
                        11/08/1999
 LOW              -20   11/13/1986
HIGHEST            78   11/04        MM      MM       80
LOWEST              7   11/19        MM      MM       -5
AVG. MAXIMUM     59.6              48.5    11.1     50.0
AVG. MINIMUM     25.5              19.4     6.1     19.5
MEAN             42.5              34.0     8.5     34.8
DAYS MAX >= 90      0               0.0                0
DAYS MAX <= 32      1               3.9                7
DAYS MIN <= 32     26              26.6               28
DAYS MIN <= 0       0               1.6                2

PRECIPITATION (INCHES)
RECORD
 MAXIMUM         1.62   1998
 MINIMUM         0.00   1989
                        1939
TOTALS           0.37              0.62   -0.25     1.01
DAYS >= .01         4               4.0     0.0        9
DAYS >= .10         2               2.0     0.0        4
DAYS >= .50         0               0.2    -0.2        0
DAYS >= 1.00        0               0.0     0.0        0
GREATEST
 24 HR. TOTAL    0.21   11/17 TO 11/17

DEGREE_DAYS
HEATING TOTAL     667               931    -264      898
 SINCE 7/1       1112              1684    -572     1380
COOLING TOTAL       0                 0       0        0
 SINCE 1/1        883               712     171      718
..............................................................

WIND (MPH)
AVERAGE WIND SPEED              9.3
HIGHEST WIND SPEED/DIRECTION    40/310    DATE  11/29
HIGHEST GUST SPEED/DIRECTION    55/300    DATE  11/29

SKY COVER
POSSIBLE SUNSHINE (PERCENT)   MM
AVERAGE SKY COVER           0.20
NUMBER OF DAYS FAIR           25
NUMBER OF DAYS PC              3
NUMBER OF DAYS CLOUDY          2

AVERAGE RH (PERCENT)     56

WEATHER CONDITIONS. NUMBER OF DAYS WITH
THUNDERSTORM              0     MIXED PRECIP               0
HEAVY RAIN                0     RAIN                       1
LIGHT RAIN                4     FREEZING RAIN              0
LT FREEZING RAIN          0     HAIL                       0
HEAVY SNOW                0     SNOW                       1
LIGHT SNOW                3     SLEET                      0
FOG                       4     FOG W/VIS <= 1/4 MILE      2
HAZE                      0

-  INDICATES NEGATIVE NUMBERS.
R  INDICATES RECORD WAS SET OR TIED.
MM INDICATES DATA IS MISSING.
T  INDICATES TRACE AMOUNT.

$$
