000
CXUS54 KLUB 020554
CLMCDS


CLIMATE REPORT
NATIONAL WEATHER SERVICE LUBBOCK, TX
1143 PM CST SUN FEB 1 2015

...................................

...THE CHILDRESS CLIMATE SUMMARY FOR THE MONTH OF JANUARY 2015...

CLIMATE NORMAL PERIOD 1981 TO 2010
CLIMATE RECORD PERIOD 1893 TO 2015

WEATHER         OBSERVED          NORMAL  DEPART  LAST YEAR`S
                 VALUE   DATE(S)  VALUE   FROM    VALUE  DATE(S)
                                          NORMAL
................................................................
TEMPERATURE (F)
RECORD
 HIGH              87   01/03/2006
 LOW              -13   01/17/1930
HIGHEST            81   01/28                         81  01/12
LOWEST             16   01/08                         10  01/24
AVG. MAXIMUM     52.7              54.6    -1.9     55.7
AVG. MINIMUM     30.6              28.3     2.3     26.6
MEAN             41.6              41.5     0.1     41.2

PRECIPITATION (INCHES)
RECORD
 MAXIMUM         3.53   1949
TOTALS           1.08              0.73    0.35        T
DAILY AVG.       0.03              0.02    0.01
DAYS >= .01         6                                  0
DAYS >= .10         4                                  0
DAYS >= .50         1                                  0
DAYS >= 1.00        0                                  0
GREATEST
 24 HR. TOTAL    0.51   01/31 TO 01/31
                        01/30 TO 01/31
                        01/31 TO 01/31

SNOWFALL (INCHES)
RECORDS
 TOTAL           16.9   1987
 24 HR TOTAL     13.0   01/02/1943
TOTALS              T               2.7    -2.7
SINCE 7/1         2.0               5.3    -3.3
DAYS >= TRACE       1
DAYS >= 1.0         0
GREATEST
 SNOW DEPTH         T
 24 HR TOTAL        T   01/14 TO 01/14

DEGREE_DAYS
HEATING TOTAL     695               730     -35      730
 SINCE 7/1       1880              2003    -123
COOLING TOTAL       0                 0       0        0
 SINCE 1/1          0                 0       0
.................................................................

WIND (MPH)
AVERAGE WIND SPEED              9.6
HIGHEST WIND SPEED/DIRECTION    37/010    DATE  01/17
HIGHEST GUST SPEED/DIRECTION    44/360    DATE  01/17

SKY COVER
POSSIBLE SUNSHINE (PERCENT)   MM
AVERAGE SKY COVER           0.40
NUMBER OF DAYS FAIR           18
NUMBER OF DAYS PC              5
NUMBER OF DAYS CLOUDY          8

AVERAGE RH (PERCENT)     56

WEATHER CONDITIONS. NUMBER OF DAYS WITH
THUNDERSTORM              0     MIXED PRECIP               0
HEAVY RAIN                0     RAIN                       3
LIGHT RAIN                3     FREEZING RAIN              1
LT FREEZING RAIN          2     HAIL                       0
HEAVY SNOW                0     SNOW                       0
LIGHT SNOW                3     SLEET                      0
FOG                       9     FOG W/VIS <= 1/4 MILE      1
HAZE                      3

-  INDICATES NEGATIVE NUMBERS.
R  INDICATES RECORD WAS SET OR TIED.
MM INDICATES DATA IS MISSING.
T  INDICATES TRACE AMOUNT.

$$
