000
CXUS54 KLUB 011306
CLMCDS


CLIMATE REPORT
NATIONAL WEATHER SERVICE LUBBOCK, TX
803 AM CDT WED NOV 1 2017

...................................

...THE CHILDRESS CLIMATE SUMMARY FOR THE MONTH OF OCTOBER 2017...

CLIMATE NORMAL PERIOD 1981 TO 2010
CLIMATE RECORD PERIOD 1893 TO 2017

WEATHER         OBSERVED          NORMAL  DEPART  LAST YEAR`S
                 VALUE   DATE(S)  VALUE   FROM    VALUE  DATE(S)
                                          NORMAL
................................................................
TEMPERATURE (F)
RECORD
 HIGH             103   10/03/2000
                        10/08/1979
 LOW               21   10/31/1993
                        10/30/1993
HIGHEST            90   10/14                         96  10/17
                        10/13
LOWEST             31   10/28                         44  10/21
                        10/27                             10/08
AVG. MAXIMUM     77.1              76.3     0.8     82.9
AVG. MINIMUM     50.0              49.9     0.1     54.8
MEAN             63.6              63.1     0.5     68.9

PRECIPITATION (INCHES)
RECORD
 MAXIMUM           MM   MM
 MINIMUM           MM   MM
TOTALS           1.24              2.25   -1.01     0.38
DAILY AVG.       0.04              0.07   -0.03
DAYS >= .01         3                                  1
DAYS >= .10         3                                  1
DAYS >= .50         1                                  0
DAYS >= 1.00        0                                  0
GREATEST
 24 HR. TOTAL    0.76   10/04 TO 10/04

SNOWFALL (INCHES)
RECORDS
 TOTAL             MM   MM
 24 HR TOTAL       MM
TOTALS            0.0               0.2    -0.2
SINCE 7/1         0.0               0.2    -0.2
DAYS >= TRACE       0
DAYS >= 1.0         0
GREATEST
 SNOW DEPTH         0   MM
 24 HR TOTAL      0.0   10/31 TO 10/31

DEGREE_DAYS
HEATING TOTAL     142               135       7       32
 SINCE 7/1        148               152      -4
COOLING TOTAL     108                76      32      161
 SINCE 1/1       2296              2200      96
.................................................................

WIND (MPH)
AVERAGE WIND SPEED              10.9
HIGHEST WIND SPEED/DIRECTION    37/020    DATE  10/26
HIGHEST GUST SPEED/DIRECTION    50/360    DATE  10/26

SKY COVER
POSSIBLE SUNSHINE (PERCENT)   MM
AVERAGE SKY COVER           0.10
NUMBER OF DAYS FAIR           28
NUMBER OF DAYS PC              2
NUMBER OF DAYS CLOUDY          1

AVERAGE RH (PERCENT)     57

WEATHER CONDITIONS. NUMBER OF DAYS WITH
THUNDERSTORM              0     MIXED PRECIP               0
HEAVY RAIN                2     RAIN                       1
LIGHT RAIN                7     FREEZING RAIN              0
LT FREEZING RAIN          0     HAIL                       0
HEAVY SNOW                0     SNOW                       0
LIGHT SNOW                0     SLEET                      0
FOG                       5     FOG W/VIS <= 1/4 MILE      1
HAZE                      3

-  INDICATES NEGATIVE NUMBERS.
R  INDICATES RECORD WAS SET OR TIED.
MM INDICATES DATA IS MISSING.
T  INDICATES TRACE AMOUNT.

$$
