000
CXUS53 KPAH 021444
CLMCGI

PAHCLMCAP 000
TTAA00 KPAH 021443


CLIMATE REPORT
NATIONAL WEATHER SERVICE PADUCAH KY
833 AM CST FRI FEB 2 2018

...................................

...THE CAPE GIRARDEAU MO CLIMATE SUMMARY FOR THE MONTH OF JANUARY 2018...

CLIMATE NORMAL PERIOD 1981 TO 2010
CLIMATE RECORD PERIOD 1960 TO 2018

WEATHER         OBSERVED          NORMAL  DEPART  LAST YEAR`S
                 VALUE   DATE(S)  VALUE   FROM    VALUE
                                          NORMAL
.............................................................
TEMPERATURE (F)
RECORD
 HIGH              73   01/23/1967
 LOW              -18   01/11/1977
HIGHEST            63   01/11                         69
LOWEST             -3   01/02                          6
AVG. MAXIMUM     39.2              42.4    -3.2     47.9
AVG. MINIMUM     20.8              23.9    -3.1     31.3
MEAN             30.0              33.1    -3.1     39.4
DAYS MAX >= 90      0               0.0     0.0        0
DAYS MAX <= 32     13               5.7     7.3        5
DAYS MIN <= 32     25              24.5     0.5       17
DAYS MIN <= 0       1               0.9     0.1        0

PRECIPITATION (INCHES)
RECORD
 MAXIMUM        11.83   1982
 MINIMUM         0.30   2011
TOTALS           2.24              3.47   -1.23     1.96
DAILY AVG.       0.07              0.11   -0.04     0.06
DAYS >= .01         8               8.6    -0.6       10
DAYS >= .10         6               5.5     0.5        5
DAYS >= .50         1               1.9    -0.9        2
DAYS >= 1.00        0               0.8    -0.8        0
GREATEST
 24 HR. TOTAL    0.67   01/27 TO 01/27

DEGREE_DAYS
HEATING TOTAL    1077               987      90      760
 SINCE 7/1       2748              2738      10     2228
..............................................................

WIND (MPH)
AVERAGE WIND SPEED              9.3
HIGHEST WIND SPEED/DIRECTION    35/230    DATE  01/22
HIGHEST GUST SPEED/DIRECTION    46/220    DATE  01/22

SKY COVER
POSSIBLE SUNSHINE (PERCENT)   MM
AVERAGE SKY COVER           0.50
NUMBER OF DAYS FAIR           12
NUMBER OF DAYS PC             11
NUMBER OF DAYS CLOUDY          8

AVERAGE RH (PERCENT)     70

WEATHER CONDITIONS. NUMBER OF DAYS WITH
THUNDERSTORM              0     MIXED PRECIP               0
HEAVY RAIN                1     RAIN                       4
LIGHT RAIN                7     FREEZING RAIN              1
LT FREEZING RAIN          0     HAIL                       0
HEAVY SNOW                0     SNOW                       0
LIGHT SNOW                4     SLEET                      0
FOG                      13     FOG W/VIS <= 1/4 MILE      2
HAZE                      1

-  INDICATES NEGATIVE NUMBERS.
R  INDICATES RECORD WAS SET OR TIED.
MM INDICATES DATA IS MISSING.
T  INDICATES TRACE AMOUNT.

$$
