000
CXUS52 KCHS 021326
CLMCHS

CLIMATE REPORT
NATIONAL WEATHER SERVICE CHARLESTON SC
923 AM EDT SUN JUL 2 2017

...................................

...THE NORTH CHARLESTON SC CLIMATE SUMMARY FOR THE MONTH OF JUNE
2017...

CLIMATE NORMAL PERIOD 1981 TO 2010
CLIMATE RECORD PERIOD 1938 TO 2017

WEATHER         OBSERVED          NORMAL  DEPART  LAST YEAR`S
                 VALUE   DATE(S)  VALUE   FROM    VALUE  DATE(S)
                                          NORMAL
................................................................
TEMPERATURE (F)
RECORD
 HIGH             103   06/24/1944
 LOW               50   06/02/1972
                        06/12/1972
HIGHEST            93   06/24                         99  06/25
LOWEST             59   06/09                         65  06/20
AVG. MAXIMUM     86.6              88.4    -1.8     91.4
AVG. MINIMUM     70.1              69.6     0.5     73.1
MEAN             78.4              79.0    -0.6     82.2
DAYS MAX >= 90      6              12.0    -6.0       23
DAYS MAX <= 32      0               0.0     0.0        0
DAYS MIN <= 32      0               0.0     0.0        0
DAYS MIN <= 0       0               0.0     0.0        0

PRECIPITATION (INCHES)
RECORD
 MAXIMUM        27.24   1973
 MINIMUM         0.96   1970
                        1954
TOTALS           6.47              5.65    0.82     3.14
DAYS >= .01        13              11.9     1.1        9
DAYS >= .10        11               7.9     3.1        4
DAYS >= .50         5               3.9     1.1        1
DAYS >= 1.00        2               1.7     0.3        1
GREATEST
 24 HR. TOTAL    1.60   06/30

SNOWFALL (INCHES)
TOTALS            0.0               0.0     0.0
SINCE 7/1           T               0.5    -0.5

DEGREE_DAYS
HEATING TOTAL       0                 1      -1        0
 SINCE 7/1       1228              1976    -748     1357
COOLING TOTAL     410               421     -11      525
 SINCE 1/1        985               783     202     1020
.................................................................

WIND (MPH)
AVERAGE WIND SPEED              7.4
HIGHEST WIND SPEED/DIRECTION    32/080
HIGHEST GUST SPEED/DIRECTION    45/080


WEATHER CONDITIONS. NUMBER OF DAYS WITH
THUNDERSTORM             11     MIXED PRECIP               0
HEAVY RAIN                8     RAIN                      10
LIGHT RAIN               16     FREEZING RAIN              0
LT FREEZING RAIN          0     HAIL                       0
HEAVY SNOW                0     SNOW                       0
LIGHT SNOW                0     SLEET                      0
FOG                      19     FOG W/VIS <= 1/4 MILE      1
HAZE                      1

-  INDICATES NEGATIVE NUMBERS.
R  INDICATES RECORD WAS SET OR TIED.
MM INDICATES DATA IS MISSING.
T  INDICATES TRACE AMOUNT.

&&

NO RECORDS WERE ESTABLISHED AT THE CHARLESTON INTERNATIONAL AIRPORT
DURING THE MONTH.
$$
