000
CXUS52 KCHS 011847
CLMCHS

CLIMATE REPORT
NATIONAL WEATHER SERVICE CHARLESTON SC
240 PM EDT FRI JUL 1 2016

...................................

...THE NORTH CHARLESTON SC CLIMATE SUMMARY FOR THE MONTH OF JUNE 2016...

CLIMATE NORMAL PERIOD 1981 TO 2010
CLIMATE RECORD PERIOD 1938 TO 2016

WEATHER         OBSERVED          NORMAL  DEPART  LAST YEAR`S
                 VALUE   DATE(S)  VALUE   FROM    VALUE  DATE(S)
                                          NORMAL
................................................................
TEMPERATURE (F)
RECORD
 HIGH             103   06/24/1944
 LOW               50   06/02/1972
                   50   06/12/1972
HIGHEST            99   06/25                         99  06/17
                                                          06/16
LOWEST             65   06/20                         65  06/05
AVG. MAXIMUM     91.4              88.4     3.0     91.6
AVG. MINIMUM     73.1              69.6     3.5     72.9
MEAN             82.2              79.0     3.2     82.3
DAYS MAX >= 90     23              12.0    11.0       19
DAYS MAX <= 32      0               0.0     0.0        0
DAYS MIN <= 32      0               0.0     0.0        0
DAYS MIN <= 0       0               0.0     0.0        0

PRECIPITATION (INCHES)
RECORD
 MAXIMUM        27.24   1973
 MINIMUM         0.96   1970
                        1954
TOTALS           3.14              5.65   -2.51     7.69
DAYS >= .01         9              11.9    -2.9        9
DAYS >= .10         4               7.9    -3.9        7
DAYS >= .50         1               3.9    -2.9        5
DAYS >= 1.00        1               1.7    -0.7        3
GREATEST
 24 HR. TOTAL    2.08   06/06 TO 06/07

SNOWFALL (INCHES)
TOTALS            0.0               0.0     0.0
SINCE 7/1           T               0.5    -0.5

DEGREE_DAYS
HEATING TOTAL       0                 1      -1        0
 SINCE 7/1       1357              1976    -619     1947
COOLING TOTAL     525               421     104      528
 SINCE 1/1       1020               783     237      961
.................................................................

WIND (MPH)
AVERAGE WIND SPEED              7.9
HIGHEST WIND SPEED/DIRECTION    35/330
HIGHEST GUST SPEED/DIRECTION    49/320


WEATHER CONDITIONS. NUMBER OF DAYS WITH
THUNDERSTORM              8     MIXED PRECIP               0
HEAVY RAIN                3     RAIN                       3
LIGHT RAIN               10     FREEZING RAIN              0
LT FREEZING RAIN          0     HAIL                       0
HEAVY SNOW                0     SNOW                       0
LIGHT SNOW                0     SLEET                      0
FOG                       8     FOG W/VIS <= 1/4 MILE      0
HAZE                      1

-  INDICATES NEGATIVE NUMBERS.
R  INDICATES RECORD WAS SET OR TIED.
MM INDICATES DATA IS MISSING.
T  INDICATES TRACE AMOUNT.

&&

RECORDS ESTABLISHED DURING THE MONTH:

*JUN 12 - RECORD HIGH TEMPERATURE OF 97 DEGREES
*JUN 24 - RECORD HIGH MINIMUM TEMPERATURE OF 79 DEGREES
*JUN 25 - RECORD HIGH TEMPERATURE OF 99 DEGREES

$$
