000
CXUS55 KCYS 061513
CLMCHY


CLIMATE REPORT
NATIONAL WEATHER SERVICE CHEYENNE WY
913 AM MDT MON JUL 6 2015

...................................

...THE CHEYENNE WY CLIMATE SUMMARY FOR THE MONTH OF JUNE 2015...

CLIMATE NORMAL PERIOD 1981 TO 2010
CLIMATE RECORD PERIOD 1871 TO 2015

WEATHER         OBSERVED          NORMAL  DEPART  LAST YEAR`S
                 VALUE   DATE(S)  VALUE   FROM    VALUE
                                          NORMAL
.............................................................
TEMPERATURE (F)
RECORD
 HIGH             100   06/23/1954
 LOW               25   06/02/1951
HIGHEST            90   06/30        74      16       87
LOWEST             47   06/02        48      -1       36
AVG. MAXIMUM     77.9              75.3     2.6     75.3
AVG. MINIMUM     53.5              48.9     4.6     46.8
MEAN             65.7              62.1     3.6     61.1
DAYS MAX >= 90      1               1.2    -0.2        0
DAYS MAX <= 32      0               0.0     0.0        0
DAYS MIN <= 32      0               0.1    -0.1        0
DAYS MIN <= 0       0               0.0     0.0        0

PRECIPITATION (INCHES)
RECORD
 MAXIMUM         5.32   1955
 MINIMUM         0.07   1980
                        1879
TOTALS           1.53              2.34   -0.81     1.98
DAYS >= .01        14              11.4     2.6       11
DAYS >= .10         7               5.5     1.5        4
DAYS >= .50         0               1.5    -1.5        2
DAYS >= 1.00        0               0.4    -0.4        0
GREATEST
 24 HR. TOTAL    0.27   06/03 TO 06/03

DEGREE_DAYS
HEATING TOTAL      36               134     -98      126
 SINCE 7/1       6527              7111    -584     7236
COOLING TOTAL      62                47      15       14
 SINCE 1/1         62                50      12       15

FREEZE DATES
RECORD
 EARLIEST     08/24/1910
 LATEST       06/19/1876
EARLIEST      11/01             09/24
LATEST        12/31             05/20
..............................................................

WIND (MPH)
AVERAGE WIND SPEED              9.7
HIGHEST WIND SPEED/DIRECTION    35/010    DATE  06/14
HIGHEST GUST SPEED/DIRECTION    45/300    DATE  06/30

SKY COVER
POSSIBLE SUNSHINE (PERCENT)   MM
AVERAGE SKY COVER           0.30
NUMBER OF DAYS FAIR           20
NUMBER OF DAYS PC              9
NUMBER OF DAYS CLOUDY          1

AVERAGE RH (PERCENT)     63

WEATHER CONDITIONS. NUMBER OF DAYS WITH
THUNDERSTORM              0     MIXED PRECIP               0
HEAVY RAIN                5     RAIN                       3
LIGHT RAIN               18     FREEZING RAIN              0
LT FREEZING RAIN          0     HAIL                       2
HEAVY SNOW                0     SNOW                       0
LIGHT SNOW                0     SLEET                      0
FOG                      12     FOG W/VIS <= 1/4 MILE      2
HAZE                      1

-  INDICATES NEGATIVE NUMBERS.
R  INDICATES RECORD WAS SET OR TIED.
MM INDICATES DATA IS MISSING.
T  INDICATES TRACE AMOUNT.
...................................

...THE DOUGLAS WY AIRPORT CLIMATE SUMMARY FOR THE MONTH OF JUNE 2015...

CLIMATE NORMAL PERIOD 1981 TO 2010
CLIMATE RECORD PERIOD 1998 TO 2015

WEATHER         OBSERVED          NORMAL  DEPART  LAST YEAR`S
                 VALUE   DATE(S)  VALUE   FROM    VALUE
                                          NORMAL
.............................................................
TEMPERATURE (F)
RECORD
 HIGH             102   06/26/2012
                        06/24/2012
                        06/23/2012
 LOW               29   06/08/2007
                        06/05/2001
HIGHEST            92   06/30        MM      MM       91
                        06/19
LOWEST             45   06/08        MM      MM       32
AVG. MAXIMUM     81.5              79.7     1.8     77.1
AVG. MINIMUM     52.1              47.7     4.4     44.7
MEAN             66.8              63.7     3.1     60.9
DAYS MAX >= 90      5               5.2    -0.2        3
DAYS MAX <= 32      0               0.0     0.0        0
DAYS MIN <= 32      0               0.2    -0.2        1
DAYS MIN <= 0       0               0.0     0.0        0

PRECIPITATION (INCHES)
RECORD
 MAXIMUM           MM   MM
 MINIMUM           MM   MM
TOTALS           2.08              1.91    0.17     1.06
DAYS >= .01        12                MM      MM        8
DAYS >= .10         6                MM      MM        4
DAYS >= .50         1                MM      MM        0
DAYS >= 1.00        0                MM      MM        0
GREATEST
 24 HR. TOTAL    1.05   06/14 TO 06/15

DEGREE_DAYS
HEATING TOTAL      22               110     -88      143
 SINCE 7/1       6845              7441    -596     7616
COOLING TOTAL      84                71      13       27
 SINCE 1/1         85                77       8       32

FREEZE DATES
RECORD
 EARLIEST     MM
 LATEST       MM
EARLIEST      11/01             MM
LATEST        05/20             MM
..............................................................

WIND (MPH)
AVERAGE WIND SPEED              7.9
HIGHEST WIND SPEED/DIRECTION    38/350    DATE  06/21
HIGHEST GUST SPEED/DIRECTION    53/360    DATE  06/21

SKY COVER
POSSIBLE SUNSHINE (PERCENT)   MM
AVERAGE SKY COVER           0.20
NUMBER OF DAYS FAIR           20
NUMBER OF DAYS PC             10
NUMBER OF DAYS CLOUDY          0

AVERAGE RH (PERCENT)     66

WEATHER CONDITIONS. NUMBER OF DAYS WITH
THUNDERSTORM              0     MIXED PRECIP               0
HEAVY RAIN                5     RAIN                       6
LIGHT RAIN               15     FREEZING RAIN              0
LT FREEZING RAIN          0     HAIL                       0
HEAVY SNOW                0     SNOW                       0
LIGHT SNOW                0     SLEET                      0
FOG                      14     FOG W/VIS <= 1/4 MILE      5
HAZE                      0

-  INDICATES NEGATIVE NUMBERS.
R  INDICATES RECORD WAS SET OR TIED.
MM INDICATES DATA IS MISSING.
T  INDICATES TRACE AMOUNT.
...................................

...THE LARAMIE WY AIRPORT CLIMATE SUMMARY FOR THE MONTH OF JUNE 2015...

CLIMATE NORMAL PERIOD 1981 TO 2010
CLIMATE RECORD PERIOD 1948 TO 2015

WEATHER         OBSERVED          NORMAL  DEPART  LAST YEAR`S
                 VALUE   DATE(S)  VALUE   FROM    VALUE
                                          NORMAL
.............................................................
TEMPERATURE (F)
RECORD
 HIGH              94   06/23/1954
 LOW               22   06/04/1984
                        06/03/1954
HIGHEST            89   06/21        MM      MM       86
LOWEST             37   06/03        MM      MM       29
AVG. MAXIMUM     77.3              72.5     4.8     72.6
AVG. MINIMUM     45.1              41.9     3.2     40.7
MEAN             61.2              57.2     4.0     56.7
DAYS MAX >= 90      0               0.2    -0.2        0
DAYS MAX <= 32      0               0.0     0.0        0
DAYS MIN <= 32      0               1.3    -1.3        3
DAYS MIN <= 0       0               0.0     0.0        0

PRECIPITATION (INCHES)
RECORD
 MAXIMUM         4.75   1991
 MINIMUM         0.24   2012
TOTALS           0.77              1.54   -0.77     0.76
DAYS >= .01         9               8.5     0.5        6
DAYS >= .10         3               4.0    -1.0        3
DAYS >= .50         0               0.7    -0.7        0
DAYS >= 1.00        0               0.2    -0.2        0
GREATEST
 24 HR. TOTAL    0.31   06/15 TO 06/16

DEGREE_DAYS
HEATING TOTAL     120               241    -121      242
 SINCE 7/1       8057              8830    -773     8632
COOLING TOTAL      14                 7       7        3
 SINCE 1/1         14                 7       7        3

FREEZE DATES
RECORD
 EARLIEST     MM
 LATEST       MM
EARLIEST      11/02             MM
LATEST        05/21             MM
..............................................................

WIND (MPH)
AVERAGE WIND SPEED              10.0
HIGHEST WIND SPEED/DIRECTION    36/150    DATE  06/05
HIGHEST GUST SPEED/DIRECTION    45/220    DATE  06/24

SKY COVER
POSSIBLE SUNSHINE (PERCENT)   MM
AVERAGE SKY COVER           0.20
NUMBER OF DAYS FAIR           26
NUMBER OF DAYS PC              3
NUMBER OF DAYS CLOUDY          0

AVERAGE RH (PERCENT)     59

WEATHER CONDITIONS. NUMBER OF DAYS WITH
THUNDERSTORM              0     MIXED PRECIP               0
HEAVY RAIN                1     RAIN                       4
LIGHT RAIN               14     FREEZING RAIN              0
LT FREEZING RAIN          0     HAIL                       0
HEAVY SNOW                0     SNOW                       0
LIGHT SNOW                0     SLEET                      0
FOG                       4     FOG W/VIS <= 1/4 MILE      1
HAZE                      1

-  INDICATES NEGATIVE NUMBERS.
R  INDICATES RECORD WAS SET OR TIED.
MM INDICATES DATA IS MISSING.
T  INDICATES TRACE AMOUNT.
...................................

...THE RAWLINS WY AIRPORT CLIMATE SUMMARY FOR THE MONTH OF JUNE 2015...

CLIMATE NORMAL PERIOD 1981 TO 2010
CLIMATE RECORD PERIOD 1951 TO 2015

WEATHER         OBSERVED          NORMAL  DEPART  LAST YEAR`S
                 VALUE   DATE(S)  VALUE   FROM    VALUE
                                          NORMAL
.............................................................
TEMPERATURE (F)
RECORD
 HIGH              97   06/25/2012
                        06/23/1954
                        08/05/1979
 LOW               21   06/03/1951
HIGHEST            93   06/30        MM      MM       87
LOWEST             39   06/12        MM      MM       29
AVG. MAXIMUM     81.4              75.3     6.1     76.1
AVG. MINIMUM     47.8              43.3     4.5     42.5
MEAN             64.6              59.3     5.3     59.3
DAYS MAX >= 90      5               0.5     4.5        0
DAYS MAX <= 32      0               0.0     0.0        0
DAYS MIN <= 32      0               1.1    -1.1        1
DAYS MIN <= 0       0               0.0     0.0        0

PRECIPITATION (INCHES)
RECORD
 MAXIMUM         2.46   2010
 MINIMUM         0.00   1981
TOTALS           1.01              1.03   -0.02     0.30
DAYS >= .01         6               7.0    -1.0        4
DAYS >= .10         4               3.0     1.0        1
DAYS >= .50         1               0.6     0.4        0
DAYS >= 1.00        0               0.0     0.0        0
GREATEST
 24 HR. TOTAL    0.60   06/15 TO 06/16

DEGREE_DAYS
HEATING TOTAL      66               190    -124      172
 SINCE 7/1       7328              8393   -1065     8007
COOLING TOTAL      61                19      42       11
 SINCE 1/1         61                19      42       13

FREEZE DATES
RECORD
 EARLIEST     MM
 LATEST       MM
EARLIEST      11/02             MM
LATEST        05/20             MM
..............................................................

WIND (MPH)
AVERAGE WIND SPEED              8.5
HIGHEST WIND SPEED/DIRECTION    39/220    DATE  06/01
HIGHEST GUST SPEED/DIRECTION    51/190    DATE  06/09

SKY COVER
POSSIBLE SUNSHINE (PERCENT)   MM
AVERAGE SKY COVER           0.10
NUMBER OF DAYS FAIR           27
NUMBER OF DAYS PC              2
NUMBER OF DAYS CLOUDY          0

AVERAGE RH (PERCENT)     48

WEATHER CONDITIONS. NUMBER OF DAYS WITH
THUNDERSTORM              0     MIXED PRECIP               0
HEAVY RAIN                3     RAIN                       2
LIGHT RAIN                7     FREEZING RAIN              0
LT FREEZING RAIN          0     HAIL                       0
HEAVY SNOW                0     SNOW                       0
LIGHT SNOW                0     SLEET                      0
FOG                       2     FOG W/VIS <= 1/4 MILE      0
HAZE                      0

-  INDICATES NEGATIVE NUMBERS.
R  INDICATES RECORD WAS SET OR TIED.
MM INDICATES DATA IS MISSING.
T  INDICATES TRACE AMOUNT.
...................................

...THE TORRINGTON WY AIRPORT CLIMATE SUMMARY FOR THE MONTH OF JUNE 2015...

CLIMATE NORMAL PERIOD 1981 TO 2010
CLIMATE RECORD PERIOD 1998 TO 2015

WEATHER         OBSERVED          NORMAL  DEPART  LAST YEAR`S
                 VALUE   DATE(S)  VALUE   FROM    VALUE
                                          NORMAL
.............................................................
TEMPERATURE (F)
RECORD
 HIGH             105   06/26/2012
 LOW               27   06/08/2007
HIGHEST            97   06/30        MM      MM       93
LOWEST             47   06/17        MM      MM       34
AVG. MAXIMUM     83.8              81.5     2.3     79.8
AVG. MINIMUM     55.5              51.2     4.3     48.7
MEAN             69.7              66.3     3.4     64.2
DAYS MAX >= 90      6               6.8    -0.8        4
DAYS MAX <= 32      0               0.0     0.0        0
DAYS MIN <= 32      0               0.2    -0.2        0
DAYS MIN <= 0       0               0.0     0.0        0

PRECIPITATION (INCHES)
RECORD
 MAXIMUM           MM   MM
 MINIMUM           MM   MM
TOTALS           2.54              2.41    0.13     2.13
DAYS >= .01         9                MM      MM       14
DAYS >= .10         5                MM      MM        5
DAYS >= .50         2                MM      MM        0
DAYS >= 1.00        1                MM      MM        0
GREATEST
 24 HR. TOTAL    1.08   06/16 TO 06/16

DEGREE_DAYS
HEATING TOTAL       3                75     -72       78
 SINCE 7/1       6263              6586    -323     6887
COOLING TOTAL     150               116      34       62
 SINCE 1/1        150               134      16       78

FREEZE DATES
RECORD
 EARLIEST     MM
 LATEST       MM
EARLIEST                        MM
LATEST                          MM
..............................................................

WIND (MPH)
AVERAGE WIND SPEED              9.0
HIGHEST WIND SPEED/DIRECTION    51/360    DATE  06/16
HIGHEST GUST SPEED/DIRECTION    62/360    DATE  06/16

SKY COVER
POSSIBLE SUNSHINE (PERCENT)   MM
AVERAGE SKY COVER           0.20
NUMBER OF DAYS FAIR           19
NUMBER OF DAYS PC             10
NUMBER OF DAYS CLOUDY          1

AVERAGE RH (PERCENT)     65

WEATHER CONDITIONS. NUMBER OF DAYS WITH
THUNDERSTORM              0     MIXED PRECIP               0
HEAVY RAIN                3     RAIN                       4
LIGHT RAIN               15     FREEZING RAIN              0
LT FREEZING RAIN          0     HAIL                       0
HEAVY SNOW                0     SNOW                       0
LIGHT SNOW                0     SLEET                      0
FOG                      11     FOG W/VIS <= 1/4 MILE      1
HAZE                      3

-  INDICATES NEGATIVE NUMBERS.
R  INDICATES RECORD WAS SET OR TIED.
MM INDICATES DATA IS MISSING.
T  INDICATES TRACE AMOUNT.

$$
