043
CXUS51 KCLE 011639
CLMCLE


CLIMATE REPORT
NATIONAL WEATHER SERVICE CLEVELAND OH
1237 PM EDT WED NOV 1 2017

...................................

...THE CLEVELAND OH CLIMATE SUMMARY FOR THE MONTH OF OCTOBER 2017...

CLIMATE NORMAL PERIOD 1981 TO 2010
CLIMATE RECORD PERIOD 1871 TO 2017

WEATHER         OBSERVED          NORMAL  DEPART  LAST YEAR`S
                 VALUE   DATE(S)  VALUE   FROM    VALUE
                                          NORMAL
.............................................................
TEMPERATURE (F)
RECORD
 HIGH              90   10/06/1946
 LOW               19   10/31/1988
HIGHEST            85   10/03
LOWEST             33   10/31
AVG. MAXIMUM     68.6              62.3     6.3     67.7
AVG. MINIMUM     50.2              45.4     4.8     50.6
MEAN             59.4              53.8     5.6     59.2
DAYS MAX >= 90      0               0.0     0.0        0
DAYS MAX <= 32      0               0.0     0.0        0
DAYS MIN <= 32      0               0.9    -0.9        0
DAYS MIN <= 0       0               0.0     0.0        0

PRECIPITATION (INCHES)
RECORD
 MAXIMUM        10.40   2012
 MINIMUM         0.47   1886
TOTALS           3.68              3.07    0.61     2.96
DAYS >= .01        13              11.4     1.6       10
DAYS >= .10         8               6.9     1.1        7
DAYS >= .50         2               1.9     0.1        2
DAYS >= 1.00        1               0.4     0.6        1
GREATEST
 24 HR. TOTAL    1.46   10/08 TO 10/08              1.13

SNOWFALL (INCHES)
RECORDS
 TOTAL            8.0   1962
TOTALS            0.0               0.2    -0.2      0.0
SINCE 7/1         0.0               0.2    -0.2      0.0
DAYS >= 1.0         0               0.1    -0.1        0
GREATEST
 24 HR TOTAL      0.0   10/31 TO 10/31

DEGREE_DAYS
HEATING TOTAL     210               357    -147      218
 SINCE 7/1        260               460    -200      229
COOLING TOTAL      45                12      33       43
 SINCE 1/1       1113               816     297     1312
..............................................................

WIND (MPH)
AVERAGE WIND SPEED              9.2
HIGHEST WIND SPEED/DIRECTION    33/280    DATE  10/15
HIGHEST GUST SPEED/DIRECTION    46/250    DATE  10/24

SKY COVER
AVERAGE SKY COVER           0.60

AVERAGE RH (PERCENT)     69

WEATHER CONDITIONS. NUMBER OF DAYS WITH
THUNDERSTORM              0     MIXED PRECIP               0
HEAVY RAIN                2     RAIN                       5
LIGHT RAIN               14     FREEZING RAIN              0
LT FREEZING RAIN          0     HAIL                       0
HEAVY SNOW                0     SNOW                       0
LIGHT SNOW                0     SLEET                      0
FOG                      14     FOG W/VIS <= 1/4 MILE      1
HAZE                      2

-  INDICATES NEGATIVE NUMBERS.
R  INDICATES RECORD WAS SET OR TIED.
MM INDICATES DATA IS MISSING.
T  INDICATES TRACE AMOUNT.

$$
