000
CXUS51 KILN 011141
CLMCMH


CLIMATE REPORT
NATIONAL WEATHER SERVICE WILMINGTON OH
734 AM EDT WED JUL 1 2015

...................................

...THE COLUMBUS CLIMATE SUMMARY FOR THE MONTH OF JUNE 2015...

CLIMATE NORMAL PERIOD 1981 TO 2010
CLIMATE RECORD PERIOD 1869 TO 2015

WEATHER         OBSERVED          NORMAL  DEPART  LAST YEAR`S
                 VALUE   DATE(S)  VALUE   FROM    VALUE  DATE(S)
                                          NORMAL
................................................................
TEMPERATURE (F)
RECORD
 HIGH             102   06/28/1944
 LOW               35   06/11/1972
HIGHEST            93   06/12        82      11       94  06/18
LOWEST             49   06/01        60     -11       50  06/14
AVG. MAXIMUM     80.0              81.6    -1.6     83.8
AVG. MINIMUM     62.8              61.5     1.3     65.0
MEAN             71.4              71.5    -0.1     74.4
DAYS MAX >= 90      5               3.1     1.9        3
DAYS MAX <= 32      0               0.0     0.0        0
DAYS MIN <= 32      0               0.0     0.0        0
DAYS MIN <= 0       0               0.0     0.0        0

PRECIPITATION (INCHES)
TOTALS           6.72              4.01    2.71     5.29
DAILY AVG.       0.22              0.13    0.09     0.18
DAYS >= .01        18              11.2     6.8       13
DAYS >= .10        12               7.1     4.9       13
DAYS >= .50         4               2.8     1.2        4
DAYS >= 1.00        1               1.0     0.0        0
GREATEST
 24 HR. TOTAL    2.00   06/20 TO 06/20           06/24 TO 06/25
                        06/19 TO 06/20                    06/30 TO 06/30
                        06/20 TO 06/20                    06/30 TO 06/30
 STORM TOTAL       MM                                 MM
 (MM/DD(HH))            MM                    06/25(00) TO 06/25(00)
                                                 06/30(00) TO 06/30(00)0
                                                 06/30(00) TO 06/30(00)0

SNOWFALL (INCHES)
TOTALS            0.0               0.0     0.0      0.0
SINCE 7/1        33.4              26.7     6.7     56.4
DAYS >= TRACE       0               0.0     0.0        0
DAYS >= 1.0         0               0.0     0.0        0
GREATEST
 24 HR TOTAL      0.0   06/30 TO 06/30           06/30 TO 06/30
                                                          06/30 TO 06/30
                                                          06/30 TO 06/30
 STORM TOTAL       MM                                 MM
 (MM/DD(HH))            MM                    06/30(00) TO 06/30(00)
                                                 06/30(00) TO 06/30(00)0
                                                 06/30(00) TO 06/30(00)0

DEGREE_DAYS
HEATING TOTAL      20                19       1        1
 SINCE 7/1       5840              5246     594     5634
COOLING TOTAL     220               216       4      289
 SINCE 1/1        373               298      75      444
.................................................

WIND (MPH)
AVERAGE WIND SPEED              7.1
RESULTANT WIND SPEED/DIRECTION   2/234
HIGHEST WIND SPEED/DIRECTION    37/290    DATE  06/12
HIGHEST GUST SPEED/DIRECTION    47/290    DATE  06/12

SKY COVER
AVERAGE SKY COVER           0.80

AVERAGE RH (PERCENT)     76

WEATHER CONDITIONS. NUMBER OF DAYS WITH
THUNDERSTORM              0     MIXED PRECIP               0
HEAVY RAIN                7     RAIN                      10
LIGHT RAIN               19     FREEZING RAIN              0
LT FREEZING RAIN          0     HAIL                       0
HEAVY SNOW                0     SNOW                       0
LIGHT SNOW                0     SLEET                      0
FOG                      21     FOG W/VIS <= 1/4 MILE      1
HAZE                      9

-  INDICATES NEGATIVE NUMBERS.
R  INDICATES RECORD WAS SET OR TIED.
MM INDICATES DATA IS MISSING.
T  INDICATES TRACE AMOUNT.

The 6.72 inches of precipitation is the 10th wettest June on record. The
wettest June on record is 10.39 inches in 2008.

$$
