000
CXUS51 KILN 011344
CLMCMH


CLIMATE REPORT
NATIONAL WEATHER SERVICE WILMINGTON OH
940 AM EDT FRI MAY 1 2015

...................................

...THE COLUMBUS CLIMATE SUMMARY FOR THE MONTH OF APRIL 2015...

CLIMATE NORMAL PERIOD 1981 TO 2010
CLIMATE RECORD PERIOD 1869 TO 2015

WEATHER         OBSERVED          NORMAL  DEPART  LAST YEAR`S
                 VALUE   DATE(S)  VALUE   FROM    VALUE  DATE(S)
                                          NORMAL
................................................................
TEMPERATURE (F)
RECORD
 HIGH              90   04/25/1915
 LOW               14   04/07/1982
HIGHEST            79   04/18        63      16       80  04/21
                        04/13                             04/13
LOWEST             28   04/24        41     -13       26  04/16
AVG. MAXIMUM     63.5              63.5     0.0     65.8
AVG. MINIMUM     42.9              42.6     0.3     44.2
MEAN             53.2              53.1     0.1     55.0
DAYS MAX >= 90      0               0.0     0.0        0
DAYS MAX <= 32      0               0.0     0.0        0
DAYS MIN <= 32      3               3.8    -0.8        3
DAYS MIN <= 0       0               0.0     0.0        0

PRECIPITATION (INCHES)
TOTALS           4.09              3.40    0.69     5.47
DAILY AVG.       0.14              0.11    0.03     0.18
DAYS >= .01        15              13.7     1.3       15
DAYS >= .10        11               7.3     3.7       11
DAYS >= .50         2               2.2    -0.2        3
DAYS >= 1.00        0               0.5    -0.5        1
GREATEST
 24 HR. TOTAL    0.77   04/06 TO 04/07           04/28 TO 04/29
                                                          04/15 TO 04/15
                                                          04/15 TO 04/15
 STORM TOTAL       MM                                 MM
 (MM/DD(HH))            MM                    04/29(00) TO 04/29(00)
                                                 04/15(00) TO 04/15(00)5
                                                 04/15(00) TO 04/15(00)5

SNOWFALL (INCHES)
TOTALS            0.0               1.1    -1.1      0.9
SINCE 7/1        33.4              26.7     6.7     56.4
DAYS >= TRACE       0               1.2    -1.2        1
DAYS >= 1.0         0               0.2    -0.2        0
GREATEST
 24 HR TOTAL      0.0   04/29 TO 04/29           04/15 TO 04/15
                                                          04/15 TO 04/15
                                                          04/15 TO 04/15
 STORM TOTAL       MM                                 MM
 (MM/DD(HH))            MM                    04/15(00) TO 04/15(00)
                                                 04/15(00) TO 04/15(00)5
                                                 04/15(00) TO 04/15(00)5

DEGREE_DAYS
HEATING TOTAL     345               371     -26      300
 SINCE 7/1       5733              5082     651     5521
COOLING TOTAL       0                12     -12        8
 SINCE 1/1          0                12     -12        8
......................................................

WIND (MPH)
AVERAGE WIND SPEED              8.6
RESULTANT WIND SPEED/DIRECTION   1/289
HIGHEST WIND SPEED/DIRECTION    37/270    DATE  04/21
HIGHEST GUST SPEED/DIRECTION    52/250    DATE  04/21

SKY COVER
AVERAGE SKY COVER           0.60

AVERAGE RH (PERCENT)     65

WEATHER CONDITIONS. NUMBER OF DAYS WITH
THUNDERSTORM              0     MIXED PRECIP               0
HEAVY RAIN                3     RAIN                      12
LIGHT RAIN               15     FREEZING RAIN              0
LT FREEZING RAIN          0     HAIL                       0
HEAVY SNOW                0     SNOW                       0
LIGHT SNOW                0     SLEET                      0
FOG                      15     FOG W/VIS <= 1/4 MILE      0
HAZE                      5

-  INDICATES NEGATIVE NUMBERS.
R  INDICATES RECORD WAS SET OR TIED.
MM INDICATES DATA IS MISSING.
T  INDICATES TRACE AMOUNT.

$$
