177
CXUS53 KICT 010951
CLMCNU


CLIMATE REPORT
NATIONAL WEATHER SERVICE WICHITA KS
349 AM CST THU FEB 1 2018

...................................

...THE CHANUTE KS CLIMATE SUMMARY FOR THE MONTH OF JANUARY 2018...

CLIMATE NORMAL PERIOD 1981 TO 2010
CLIMATE RECORD PERIOD 1894 TO 2018

WEATHER         OBSERVED          NORMAL  DEPART  LAST YEAR`S
                 VALUE   DATE(S)  VALUE   FROM    VALUE  DATE(S)
                                          NORMAL
................................................................
TEMPERATURE (F)
RECORD
 HIGH              75   01/28/2015
                        01/28/2013
                        01/24/1950
 LOW              -23   01/30/1949
HIGHEST            67   01/25                         73  01/11
                        01/21
LOWEST             -3   01/01                          6  01/06
AVG. MAXIMUM     44.0              42.2     1.8     48.4
AVG. MINIMUM     22.4              22.9    -0.5     26.8
MEAN             33.2              32.6     0.6     37.6
DAYS MAX >= 90      0               0.0     0.0        0
DAYS MAX <= 32      6               6.6    -0.6        4
DAYS MIN <= 32     23              25.4    -2.4       25
DAYS MIN <= 0       3               0.9     2.1        0

PRECIPITATION (INCHES)
RECORD
 MAXIMUM         6.43   1949
 MINIMUM         0.00   2009
                        1919
TOTALS           0.61              1.26   -0.65     1.84
DAILY AVG.       0.02              0.04   -0.02     0.06
DAYS >= .01         4               5.9    -1.9        7
DAYS >= .10         2               2.7    -0.7        5
DAYS >= .50         0               0.7    -0.7        1
DAYS >= 1.00        0               0.3    -0.3        0
GREATEST
 24 HR. TOTAL    0.41   01/07 TO 01/07

DEGREE_DAYS
HEATING TOTAL     978              1006     -28      842
 SINCE 7/1       2541              2799    -258     2262
COOLING TOTAL       0                 0       0        0
.................................................................

WIND (MPH)
AVERAGE WIND SPEED              MM
HIGHEST WIND SPEED/DIRECTION    MM        DATE   MM
HIGHEST GUST SPEED/DIRECTION    MM        DATE   MM

SKY COVER
POSSIBLE SUNSHINE (PERCENT)    0
AVERAGE SKY COVER           0.20
NUMBER OF DAYS FAIR           24
NUMBER OF DAYS PC              2
NUMBER OF DAYS CLOUDY          5

AVERAGE RH (PERCENT)     48

WEATHER CONDITIONS. NUMBER OF DAYS WITH
THUNDERSTORM              0     MIXED PRECIP               0
HEAVY RAIN                0     RAIN                       2
LIGHT RAIN                4     FREEZING RAIN              0
LT FREEZING RAIN          0     HAIL                       0
HEAVY SNOW                0     SNOW                       1
LIGHT SNOW                2     SLEET                      0
FOG                       5     FOG W/VIS <= 1/4 MILE      1
HAZE                      0

-  INDICATES NEGATIVE NUMBERS.
R  INDICATES RECORD WAS SET OR TIED.
MM INDICATES DATA IS MISSING.
T  INDICATES TRACE AMOUNT.

$$
