651
CXUS51 KGYX 031535
CLMCON

PWMCLMCON 000
TTAA00 KGYX 031420


CLIMATE REPORT
NATIONAL WEATHER SERVICE GRAY ME
1135 AM EDT MON APR 3 2017

...................................

...THE CONCORD NH CLIMATE SUMMARY FOR THE MONTH OF MARCH 2017...

CLIMATE NORMAL PERIOD 1981 TO 2010
CLIMATE RECORD PERIOD 1868 TO 2017

WEATHER         OBSERVED          NORMAL  DEPART  LAST YEAR`S
                 VALUE   DATE(S)  VALUE   FROM    VALUE  DATE(S)
                                          NORMAL
................................................................
TEMPERATURE (F)
RECORD
 HIGH              89   03/31/1998
 LOW              -20   03/06/1869
HIGHEST            64   03/01        67      -3       77  03/09
LOWEST              2   03/06         0       2       12  03/03
AVG. MAXIMUM     38.6              43.8    -5.2     50.6
AVG. MINIMUM     19.7              22.5    -2.8     28.6
MEAN             29.1              33.1    -4.0     39.6
DAYS MAX >= 90      0               0.0     0.0        0
DAYS MAX <= 32      7               3.5     3.5        2
DAYS MIN <= 32     28              26.1     1.9       20
DAYS MIN <= 0       0               0.8    -0.8        0

PRECIPITATION (INCHES)
RECORD
 MAXIMUM         9.80   1936
 MINIMUM            T   1915
TOTALS           3.98              3.27    0.71     2.67
DAILY AVG.       0.13              0.11    0.02     0.09
DAYS >= .01        12              11.5     0.5       11
DAYS >= .10         6               6.7    -0.7        8
DAYS >= .50         3               2.1     0.9        2
DAYS >= 1.00        1               0.6     0.4        0
GREATEST
 24 HR. TOTAL    1.56   03/14

SNOWFALL (INCHES)
RECORDS
 TOTAL           38.3   1956
TOTALS           22.4              11.1    11.3      2.3
SINCE 7/1        79.4              58.6    20.8     27.0
SNOWDEPTH AVG.      9
DAYS >= TRACE      10               5.3     4.7        7
DAYS >= 1.0         2               2.9    -0.9        1
GREATEST
 SNOW DEPTH        17   03/15
 24 HR TOTAL     15.6   03/14

DEGREE_DAYS
HEATING TOTAL    1104               987     117      782
 SINCE 7/1       5602              6247    -645     5131
COOLING TOTAL       0                 0       0        0
 SINCE 1/1          0                 0       0        0
.................................................................

WIND (MPH)
AVERAGE WIND SPEED              9.1
HIGHEST WIND SPEED/DIRECTION    35/290    DATE  03/09
HIGHEST GUST SPEED/DIRECTION    50/300    DATE  03/22

SKY COVER
AVERAGE SKY COVER           0.50

AVERAGE RH (PERCENT)     59

WEATHER CONDITIONS. NUMBER OF DAYS WITH
THUNDERSTORM              0     HEAVY RAIN                 1
RAIN                      1     LIGHT RAIN                10
FREEZING RAIN             0     LT FREEZING RAIN           0
HEAVY SNOW                1     SNOW                       3
LIGHT SNOW                7     FOG                       13
FOG W/VIS <= 1/4 MILE     4     HAZE                       6

-  INDICATES NEGATIVE NUMBERS.
R  INDICATES RECORD WAS SET OR TIED.
MM INDICATES DATA IS MISSING.
T  INDICATES TRACE AMOUNT.

&&

THE PERSISTENT LATE-FEBRUARY WARMTH CONTINUED INTO THE FIRST FEW
DAYS OF MARCH AND THE TEMPERATURE REACHED AS HIGH AS 64 DEGREES ON
MARCH 1. IF RESIDENTS BELIEVED THIS WAS A SIGN OF A WARM SPRING,
THEY WERE SOON DEEPLY DISAPPOINTED. MUCH COLDER AIR BEGAN MOVING
INTO NEW ENGLAND ON MARCH 3 AND ROUND AFTER ROUND OF ARCTIC AIR
POURED IN THROUGH MOST OF THE MONTH. ALTHOUGH THERE WERE OCCASIONAL
LIGHT SNOWFALLS, THE BIGGEST SNOWFALL BY FAR WAS ON MARCH 14 WHEN A
NOR`EASTER BROUGHT MORE THAN 15 INCHES OF SNOW AND BLIZZARD
CONDITIONS. COLD WEATHER CONTINUED FOR A FEW MORE WEEKS, THOUGH
TEMPERATURES DID SLOWLY WARM BACK UP CLOSER TO NORMAL BY THE END OF
THE MONTH. ONE MORE SNOWSTORM BEGAN ON MARCH 31 AND BY MIDNIGHT
NEARLY 6 INCHES HAD FALLEN.

THE AVERAGE TEMPERATURE FOR THE MONTH WAS 29.1 DEGREES WHICH WAS 4.0
DEGREES BELOW NORMAL. THE COLDEST MARCH WAS IN 1885 WHEN THE AVERAGE
TEMPERATURE WAS 23.5 DEGREES. THE WARMEST WAS IN 2012 AT 42.1
DEGREES.

A TOTAL OF 3.98 INCHES OF PRECIPITATION FELL WHICH WAS 0.71 INCHES
ABOVE NORMAL. THE HEAVIEST PRECIPITATION FELL ON THE 14TH WHEN 1.56
INCHES OF LIQUID EQUIVALENT SNOWFALL. THE WETTEST MARCH WAS IN 1938
WHEN 9.80 INCHES FELL. THE DRIEST WAS IN 1915 WHEN ONLY A TRACE OF
PRECIPITATION WAS RECORDED.

A TOTAL OF 22.4 INCHES OF SNOW FELL WHICH WAS 11.3 INCHES ABOVE
NORMAL AND THE MOST MARCH SNOWFALL SINCE 2001. MOST OF THAT SNOW
FELL ON MARCH 14TH WHEN MORE THAN 15 INCHES WAS MEASURED. THE
SNOWIEST MARCH WAS IN 1956 WHEN 38.3 INCHES FELL. NO SNOW FELL IN
1921. THERE HAVE BEEN 3 ADDITIONAL YEARS WHICH ONLY RECORDED A TRACE
OF SNOWFALL, MOST RECENTLY IN 2010.

THE FOLLOWING RECORDS WERE SET OR TIED IN MARCH 2017...
DATE RECORD                                 PREVIOUS
14   15.6 - GREATEST SNOWFALL               6.6 IN 1984

$$

KIMBLE
