000
CXUS55 KPUB 011337
CLMCOS


CLIMATE REPORT
NATIONAL WEATHER SERVICE PUEBLO
637 AM MST SUN FEB 1 2015

...................................

...THE COLORADO SPRINGS CO CLIMATE SUMMARY FOR THE MONTH OF JANUARY 2015...

CLIMATE NORMAL PERIOD 1981 TO 2010
CLIMATE RECORD PERIOD 1872 TO 2015

WEATHER         OBSERVED          NORMAL  DEPART  LAST YEAR`S
                 VALUE   DATE(S)  VALUE   FROM    VALUE  DATE(S)
                                          NORMAL
................................................................
TEMPERATURE (F)
RECORD
 HIGH              73   01/02/1997
 LOW              -26   01/31/1951
                        01/06/1913
HIGHEST            67   01/27        43      24       64  01/21
LOWEST              2   01/22        14     -12      -10  01/06
                        01/01
AVG. MAXIMUM     44.9              43.2     1.7     45.2
AVG. MINIMUM     20.7              17.7     3.0     15.2
MEAN             32.8              30.5     2.3     30.2
DAYS MAX >= 90      0               0.0     0.0
DAYS MAX <= 32      8               5.7     2.3
DAYS MIN <= 32     27              29.7    -2.7
DAYS MIN <= 0       0               1.4    -1.4

PRECIPITATION (INCHES)
RECORD
 MAXIMUM         1.17   1987
 MINIMUM         0.00   1928
                        1923
TOTALS           0.87              0.32    0.55     0.67
DAILY AVG.       0.03              0.01    0.02
DAYS >= .01         7               3.9     3.1
DAYS >= .10         2               1.1     0.9
DAYS >= .50         0               0.0     0.0
DAYS >= 1.00        0               0.0     0.0
GREATEST
 24 HR. TOTAL    0.46   01/11 TO 01/12              0.19

SNOWFALL (INCHES)
RECORDS
 TOTAL           28.7   1987
TOTALS           13.5               5.6     7.9     13.6
SINCE 7/1        24.3              19.1     5.2     20.7
SNOWDEPTH AVG.      1
DAYS >= 1.0         4               1.9     2.1
GREATEST
 SNOW DEPTH         7   01/14                          4
                        01/13
 24 HR TOTAL      5.0   01/11 TO 01/11               3.5

DEGREE_DAYS
HEATING TOTAL     989              1071     -82     1072
 SINCE 7/1       3344              3643    -299     3536
COOLING TOTAL       0                 0       0        0
 SINCE 1/1          0                 0       0        0
.................................................................

WIND (MPH)
AVERAGE WIND SPEED              8.4
HIGHEST WIND SPEED/DIRECTION    36/360    DATE  01/03
HIGHEST GUST SPEED/DIRECTION    46/300    DATE  01/05

SKY COVER
POSSIBLE SUNSHINE (PERCENT)   MM
AVERAGE SKY COVER           0.60
NUMBER OF DAYS FAIR            8
NUMBER OF DAYS PC             14
NUMBER OF DAYS CLOUDY          9

AVERAGE RH (PERCENT)     62

WEATHER CONDITIONS. NUMBER OF DAYS WITH
THUNDERSTORM              0     MIXED PRECIP               3
HEAVY RAIN                0     RAIN                       0
LIGHT RAIN                1     FREEZING RAIN              1
LT FREEZING RAIN          5     HAIL                       0
HEAVY SNOW                1     SNOW                       5
LIGHT SNOW               11     SLEET                      0
FOG                      13     FOG W/VIS <= 1/4 MILE      7
HAZE                      0

-  INDICATES NEGATIVE NUMBERS.
R  INDICATES RECORD WAS SET OR TIED.
MM INDICATES DATA IS MISSING.
T  INDICATES TRACE AMOUNT.

$$
