000
CXUS55 KPUB 011428
CLMCOS


CLIMATE REPORT
NATIONAL WEATHER SERVICE PUEBLO
727 AM MST SUN JAN 1 2017

...................................

...THE COLORADO SPRINGS CO CLIMATE SUMMARY FOR THE MONTH OF DECEMBER 2016...

CLIMATE NORMAL PERIOD 1981 TO 2010
CLIMATE RECORD PERIOD 1872 TO 2016

WEATHER         OBSERVED          NORMAL  DEPART  LAST YEAR`S
                 VALUE   DATE(S)  VALUE   FROM    VALUE  DATE(S)
                                          NORMAL
................................................................
TEMPERATURE (F)
RECORD
 HIGH              77   12/23/1955
 LOW              -27   12/09/1919
HIGHEST            65   12/16        45      20       66  12/10
LOWEST            -14   12/17        14     -28        5  12/28
                                                          12/30
AVG. MAXIMUM     43.9              42.1     1.8     45.2
AVG. MINIMUM     14.6              17.5    -2.9     19.7
MEAN             29.3              29.8    -0.5     32.4
DAYS MAX >= 90      0               0.0     0.0
DAYS MAX <= 32      7               6.3     0.7
DAYS MIN <= 32     31              29.6     1.4
DAYS MIN <= 0       3               1.7     1.3

PRECIPITATION (INCHES)
RECORD
 MAXIMUM         2.54   1913
 MINIMUM            T   1995
                        1970
                        1905
TOTALS           0.68              0.34    0.34     0.25
DAILY AVG.       0.02              0.01    0.01
DAYS >= .01         7               4.3     2.7
DAYS >= .10         2               0.9     1.1
DAYS >= .50         0               0.1    -0.1
DAYS >= 1.00        0               0.0     0.0
GREATEST
 24 HR. TOTAL    0.29   12/16 TO 12/17              0.15

SNOWFALL (INCHES)
RECORDS
 TOTAL           24.6   1913
TOTALS            6.4               5.7     0.7      4.3
SINCE 7/1         6.4              13.5    -7.1     10.1
SNOWDEPTH AVG.      0
DAYS >= 1.0         2               2.0     0.0
GREATEST
 SNOW DEPTH         4   12/18                          3
 24 HR TOTAL      4.0   12/17 TO 12/17               3.2

DEGREE_DAYS
HEATING TOTAL    1100              1091       9     1001
 SINCE 7/1       2003              2572    -569     2104
COOLING TOTAL       0                 0       0        0
 SINCE 1/1        710               455     255      617
.................................................................

WIND (MPH)
AVERAGE WIND SPEED              8.3
HIGHEST WIND SPEED/DIRECTION    51/270    DATE  12/16
HIGHEST GUST SPEED/DIRECTION    62/280    DATE  12/16

SKY COVER
POSSIBLE SUNSHINE (PERCENT)   MM
AVERAGE SKY COVER           0.50
NUMBER OF DAYS FAIR           10
NUMBER OF DAYS PC             16
NUMBER OF DAYS CLOUDY          5

AVERAGE RH (PERCENT)     53

WEATHER CONDITIONS. NUMBER OF DAYS WITH
THUNDERSTORM              0     MIXED PRECIP               0
HEAVY RAIN                1     RAIN                       1
LIGHT RAIN                1     FREEZING RAIN              0
LT FREEZING RAIN          0     HAIL                       0
HEAVY SNOW                1     SNOW                       3
LIGHT SNOW                9     SLEET                      0
FOG                      13     FOG W/VIS <= 1/4 MILE      4
HAZE                      7

-  INDICATES NEGATIVE NUMBERS.
R  INDICATES RECORD WAS SET OR TIED.
MM INDICATES DATA IS MISSING.
T  INDICATES TRACE AMOUNT.

$$
