000
CXUS46 KLOX 011618
CLMCQT


CLIMATE REPORT
NATIONAL WEATHER SERVICE LOS ANGELES/OXNARD CA
817 AM PST WED FEB 1 2017

...................................

...THE DOWNTOWN LOS ANGELES (USC) CA CLIMATE SUMMARY FOR THE MONTH OF JANUARY 2017...

CLIMATE NORMAL PERIOD 1981 TO 2010
CLIMATE RECORD PERIOD 1877 TO 2017

WEATHER         OBSERVED          NORMAL  DEPART  LAST YEAR`S
                 VALUE   DATE(S)  VALUE   FROM    VALUE
                                          NORMAL
.............................................................
TEMPERATURE (F)
HIGHEST            80   01/30
                        01/29
LOWEST             41   01/28
                        01/25
                        01/24
AVG. MAXIMUM     65.4              68.2    -2.8
AVG. MINIMUM     48.7              47.8     0.9
MEAN             57.0              58.0    -1.0
DAYS MAX >= 90      0
DAYS MAX <= 32      0
DAYS MIN <= 32      0
DAYS MIN <= 0       0

PRECIPITATION (INCHES)
TOTALS           8.38              3.12    5.26
DAILY AVG.       0.27
DAYS >= .01        12
DAYS >= .10         8
DAYS >= .50         5
DAYS >= 1.00        3
GREATEST
 24 HR. TOTAL    2.70   01/22 TO 01/23

DEGREE_DAYS
HEATING TOTAL     240               226      14      220
 SINCE 7/1        508               591     -83      571
COOLING TOTAL       3                 9      -6        0
 SINCE 1/1          3                 0       3        0
..............................................................

WIND (MPH)
AVERAGE WIND SPEED              1.7
HIGHEST WIND SPEED/DIRECTION    17/100    DATE  01/22
HIGHEST GUST SPEED/DIRECTION    28/090    DATE  01/22

SKY COVER
POSSIBLE SUNSHINE (PERCENT)   MM
AVERAGE SKY COVER           0.40
NUMBER OF DAYS FAIR           16
NUMBER OF DAYS PC              9
NUMBER OF DAYS CLOUDY          6

AVERAGE RH (PERCENT)     68

WEATHER CONDITIONS. NUMBER OF DAYS WITH
THUNDERSTORM              0     MIXED PRECIP               0
HEAVY RAIN                7     RAIN                       9
LIGHT RAIN               12     FREEZING RAIN              0
LT FREEZING RAIN          0     HAIL                       0
HEAVY SNOW                0     SNOW                       0
LIGHT SNOW                0     SLEET                      0
FOG                      14     FOG W/VIS <= 1/4 MILE      0
HAZE                      5

-  INDICATES NEGATIVE NUMBERS.
R  INDICATES RECORD WAS SET OR TIED.
MM INDICATES DATA IS MISSING.
T  INDICATES TRACE AMOUNT.

$$
