000
CXUS52 KILM 011016
CLMCRE


CLIMATE REPORT
NATIONAL WEATHER SERVICE WILMINGTON NC
512 AM EST WED FEB 1 2017

...................................

...THE NORTH MYRTLE BEACH SC CLIMATE SUMMARY FOR THE MONTH OF JANUARY 2017...

CLIMATE NORMAL PERIOD 1981 TO 2010
CLIMATE RECORD PERIOD 1949 TO 2017

WEATHER         OBSERVED          NORMAL  DEPART  LAST YEAR`S
                 VALUE   DATE(S)  VALUE   FROM    VALUE  DATE(S)
                                          NORMAL
................................................................
TEMPERATURE (F)
RECORD
 HIGH              81   01/16/1950
 LOW                7   01/16/1994
HIGHEST            78   01/18                         68  01/01
LOWEST             19   01/09                         22  01/20
AVG. MAXIMUM     61.2              55.1     6.1     53.7
AVG. MINIMUM     43.2              36.2     7.0     35.2
MEAN             52.2              45.7     6.5     44.4
DAYS MAX >= 90      0               0.0     0.0        0
DAYS MAX <= 32      0               0.0     0.0        0
DAYS MIN <= 32      4              11.5    -7.5       12
DAYS MIN <= 0       0               0.0     0.0        0

PRECIPITATION (INCHES)
TOTALS           2.03              3.69   -1.66     1.90
DAILY AVG.       0.07              0.12   -0.05     0.06
DAYS >= .01         9                                  6
DAYS >= .10         5                                  5
DAYS >= .50         1                                  2
DAYS >= 1.00        1                                  0
GREATEST
 24 HR. TOTAL    1.06   01/22 TO 01/22

DEGREE_DAYS
HEATING TOTAL     390               600    -210      631
COOLING TOTAL       0                 0       0        0
.......................................................

WIND (MPH)
AVERAGE WIND SPEED              7.1
RESULTANT WIND SPEED/DIRECTION   2/244
HIGHEST WIND SPEED/DIRECTION    28/210    DATE  01/31
HIGHEST GUST SPEED/DIRECTION    37/270    DATE  01/26

SKY COVER
POSSIBLE SUNSHINE (PERCENT)   MM
AVERAGE SKY COVER           0.30
NUMBER OF DAYS FAIR           19
NUMBER OF DAYS PC              8
NUMBER OF DAYS CLOUDY          4

AVERAGE RH (PERCENT)     75

WEATHER CONDITIONS. NUMBER OF DAYS WITH
THUNDERSTORM              2     MIXED PRECIP              MM
HEAVY RAIN                2     RAIN                       7
LIGHT RAIN               10     FREEZING RAIN              0
LT FREEZING RAIN          1     HAIL                      MM
HEAVY SNOW                0     SNOW                       0
LIGHT SNOW                1     SLEET                     MM
FOG                      19     FOG W/VIS <= 1/4 MILE      4
HAZE                      4

-  INDICATES NEGATIVE NUMBERS.
R  INDICATES RECORD WAS SET OR TIED.
MM INDICATES DATA IS MISSING.
T  INDICATES TRACE AMOUNT.

$$
