000
CXUS54 KCRP 011642
CLMCRP

CLIMATE REPORT
NATIONAL WEATHER SERVICE CORPUS CHRISTI TX
1127 AM CDT TUE JUL 1 2014

...................................

...THE CORPUS CHRISTI CLIMATE SUMMARY FOR THE MONTH OF JUNE 2014...

CLIMATE NORMAL PERIOD 1981 TO 2010
CLIMATE RECORD PERIOD 1887 TO 2014

WEATHER         OBSERVED          NORMAL  DEPART  LAST YEAR`S
                 VALUE   DATE(S)  VALUE   FROM    VALUE  DATE(S)
                                          NORMAL
................................................................
TEMPERATURE (F)
RECORD
 HIGH             107   06/29/2013
 LOW               56   06/03/1919
HIGHEST            97   06/12        91       6      107  06/29
                        06/11
                        06/10
LOWEST             71   06/11        73      -2       71  06/08
                        06/03
                        06/02
AVG. MAXIMUM     93.4              90.9     2.5     96.1
AVG. MINIMUM     76.5              73.9     2.6     77.4
MEAN             84.9              82.4     2.5     86.8
DAYS MAX >= 90     27              19.6     7.4       30
DAYS MAX <= 32      0               0.0     0.0        0
DAYS MIN <= 32      0               0.0     0.0        0
DAYS MIN <= 0       0               0.0     0.0        0

PRECIPITATION (INCHES)
RECORD
 MAXIMUM        13.35   1973
 MINIMUM            T   1915
                        1907
TOTALS           1.41              3.36   -1.95     2.34
DAILY AVG.       0.05              0.11   -0.06     0.08
DAYS >= .01         5               6.8    -1.8        6
DAYS >= .10         2               4.7    -2.7        5
DAYS >= .50         1               2.0    -1.0        1
DAYS >= 1.00        1               1.0     0.0        1
GREATEST
 24 HR. TOTAL    1.18   06/24 TO 06/24              1.34

SNOWFALL (INCHES)
RECORDS
 TOTAL            0.0   MM
 24 HR TOTAL      0.0   MM
TOTALS            0.0               0.0     0.0      0.0
SINCE 7/1           T               0.2    -0.2      0.0
SNOWDEPTH AVG.      0                MM      MM        0
DAYS >= 1.0         0               0.0     0.0        0
GREATEST
 SNOW DEPTH         0   MM                             0
 24 HR TOTAL      0.0   MM                           0.0

DEGREE_DAYS
HEATING TOTAL       0                 0       0        0
 SINCE 7/1       1145               898     247      529
COOLING TOTAL     607               522      85      658
 SINCE 1/1       1413              1363      50     1676
.................................................................

WIND (MPH)
AVERAGE WIND SPEED              15.0
HIGHEST WIND SPEED/DIRECTION    32/150    DATE  06/28
HIGHEST GUST SPEED/DIRECTION    40/130    DATE  06/18

SKY COVER
AVERAGE SKY COVER           0.60

AVERAGE RH (PERCENT)     71

WEATHER CONDITIONS. NUMBER OF DAYS WITH
THUNDERSTORM              3     MIXED PRECIP               0
HEAVY RAIN                2     RAIN                       3
LIGHT RAIN                6     FREEZING RAIN              0
LT FREEZING RAIN          0     HAIL                       0
HEAVY SNOW                0     SNOW                       0
LIGHT SNOW                0     SLEET                      0
FOG                       8     FOG W/VIS <= 1/4 MILE      0
HAZE                      3

-  INDICATES NEGATIVE NUMBERS.
R  INDICATES RECORD WAS SET OR TIED.
MM INDICATES DATA IS MISSING.
T  INDICATES TRACE AMOUNT.

$$

ANM
