833
CXUS53 KUNR 011618
CLMCUT


CLIMATE REPORT
NATIONAL WEATHER SERVICE RAPID CITY SD
1017 AM MDT MON AUG 1 2016

...................................

...THE CUSTER COUNTY AIRPORT SD CLIMATE SUMMARY FOR THE MONTH OF JULY 2016...

CLIMATE NORMAL PERIOD 1981 TO 2010
CLIMATE RECORD PERIOD 9999 TO 9999

WEATHER         OBSERVED          NORMAL  DEPART  LAST YEAR`S
                 VALUE   DATE(S)  VALUE   FROM    VALUE  DATE(S)
                                          NORMAL
................................................................
TEMPERATURE (F)
HIGHEST            95   07/20                         90  07/26
LOWEST             42   07/12                         42  07/29
AVG. MAXIMUM     80.8              79.3     1.5     78.1
AVG. MINIMUM     53.6              52.0     1.6     52.5
MEAN             67.2              65.6     1.6     65.3
DAYS MAX >= 90      3                                  1
DAYS MAX <= 32      0                                  0
DAYS MIN <= 32      0                                  0
DAYS MIN <= 0       0                                  0

PRECIPITATION (INCHES)
TOTALS           3.83              2.44    1.39     2.30
DAILY AVG.       0.12              0.08    0.04     0.07
DAYS >= .01        12                                  8
DAYS >= .10         6                                  3
DAYS >= .50         4                                  1
DAYS >= 1.00        1                                  1
GREATEST
 24 HR. TOTAL    1.14   07/27 TO 07/27              1.28

DEGREE_DAYS
HEATING TOTAL      43                61     -18       56
 SINCE 7/1         43                61     -18       56
COOLING TOTAL     118                81      37       70
 SINCE 1/1        195               107      88       97
.................................................................

WIND (MPH)
AVERAGE WIND SPEED              6.9
HIGHEST WIND SPEED/DIRECTION    31/270    DATE  07/04
HIGHEST GUST SPEED/DIRECTION    47/190    DATE  07/18

AVERAGE RH (PERCENT)     55

WEATHER CONDITIONS. NUMBER OF DAYS WITH
THUNDERSTORM              0     MIXED PRECIP               0
HEAVY RAIN                6     RAIN                       8
LIGHT RAIN               15     FREEZING RAIN              0
LT FREEZING RAIN          0     HAIL                       0
HEAVY SNOW                0     SNOW                       0
LIGHT SNOW                0     SLEET                      0
FOG                       9     FOG W/VIS <= 1/4 MILE      4
HAZE                      0

-  INDICATES NEGATIVE NUMBERS.
R  INDICATES RECORD WAS SET OR TIED.
MM INDICATES DATA IS MISSING.
T  INDICATES TRACE AMOUNT.

$$
