000
CXUS53 KUNR 011639
CLMCUT


CLIMATE REPORT
NATIONAL WEATHER SERVICE RAPID CITY SD
1035 AM MDT FRI APR 1 2016

...................................

...THE CUSTER COUNTY AIRPORT SD CLIMATE SUMMARY FOR THE MONTH OF MARCH 2016...

CLIMATE NORMAL PERIOD 1981 TO 2010
CLIMATE RECORD PERIOD 9999 TO 9999

WEATHER         OBSERVED          NORMAL  DEPART  LAST YEAR`S
                 VALUE   DATE(S)  VALUE   FROM    VALUE  DATE(S)
                                          NORMAL
................................................................
TEMPERATURE (F)
HIGHEST            67   03/21                         72  03/28
LOWEST             10   03/20                         -5  03/04
AVG. MAXIMUM     48.4              41.8     6.6     51.3
AVG. MINIMUM     24.9              21.1     3.8     24.6
MEAN             36.6              31.5     5.1     38.0
DAYS MAX >= 90      0                                  0
DAYS MAX <= 32      3                                  4
DAYS MIN <= 32     25                                 24
DAYS MIN <= 0       0                                  3

PRECIPITATION (INCHES)
TOTALS           1.14              1.01    0.13     0.33
DAILY AVG.       0.04              0.03    0.01     0.01
DAYS >= .01         8                                  5
DAYS >= .10         4                                  1
DAYS >= .50         1                                  0
DAYS >= 1.00        0                                  0
GREATEST
 24 HR. TOTAL    0.63   03/25 TO 03/26              0.15

DEGREE_DAYS
HEATING TOTAL     872              1040    -168      831
 SINCE 7/1       5927              6875    -948     6280
COOLING TOTAL       0                 0       0        0
 SINCE 1/1          0                 0       0        0
.................................................................

WIND (MPH)
AVERAGE WIND SPEED              8.8
HIGHEST WIND SPEED/DIRECTION    56/020    DATE  03/16
HIGHEST GUST SPEED/DIRECTION    70/030    DATE  03/16

AVERAGE RH (PERCENT)     52

WEATHER CONDITIONS. NUMBER OF DAYS WITH
THUNDERSTORM              0     MIXED PRECIP               0
HEAVY RAIN                0     RAIN                       1
LIGHT RAIN                3     FREEZING RAIN              0
LT FREEZING RAIN          1     HAIL                       0
HEAVY SNOW                2     SNOW                       2
LIGHT SNOW                9     SLEET                      0
FOG                       8     FOG W/VIS <= 1/4 MILE      2
HAZE                      4

-  INDICATES NEGATIVE NUMBERS.
R  INDICATES RECORD WAS SET OR TIED.
MM INDICATES DATA IS MISSING.
T  INDICATES TRACE AMOUNT.

$$
