000
CXUS51 KILN 011306
CLMCVG

CLIMATE REPORT
NATIONAL WEATHER SERVICE WILMINGTON OH
709 AM EDT SAT OCT 1 2016

...................................

...THE CINCINNATI CLIMATE SUMMARY FOR THE MONTH OF SEPTEMBER 2016...

CLIMATE NORMAL PERIOD 1981 TO 2010
CLIMATE RECORD PERIOD 1869 TO 2016

WEATHER         OBSERVED          NORMAL  DEPART  LAST YEAR`S
                 VALUE   DATE(S)  VALUE   FROM    VALUE  DATE(S)
                                          NORMAL
................................................................
TEMPERATURE (F)
RECORD
 HIGH             102   09/02/1953
                        09/01/1953
 LOW               31   09/30/1993
HIGHEST            90   09/23        78      12       93  09/04
                        09/22
                        09/08
LOWEST             48   09/27        56      -8       46  09/14
AVG. MAXIMUM     82.5              78.1     4.4     81.3
AVG. MINIMUM     61.3              57.0     4.3     59.3
MEAN             71.9              67.6     4.3     70.3
DAYS MAX >= 90      5               1.6     3.4        7
DAYS MAX <= 32      0               0.0     0.0        0
DAYS MIN <= 32      0               0.0     0.0        0
DAYS MIN <= 0       0               0.0     0.0        0

PRECIPITATION (INCHES)
TOTALS           2.49              2.63   -0.14     2.02
DAILY AVG.       0.08              0.09   -0.01     0.07
DAYS >= .01        10               7.7     2.3       10
DAYS >= .10         6               4.5     1.5        4
DAYS >= .50         2               1.7     0.3        1
DAYS >= 1.00        0               0.7    -0.7        1
GREATEST
 24 HR. TOTAL    0.65   09/27 TO 09/28           09/28 TO 09/29
                                                          09/30 TO 09/30
                                                          09/30 TO 09/30
 STORM TOTAL       MM                                 MM
 (MM/DD(HH))            MM                    09/29(00) TO 09/29(00)
                                                 09/30(00) TO 09/30(00)0
                                                 09/30(00) TO 09/30(00)0

SNOWFALL (INCHES)
TOTALS            0.0               0.0     0.0      0.0
SINCE 7/1         0.0               0.0     0.0      0.0
DAYS >= TRACE       0               0.0     0.0        0
DAYS >= 1.0         0               0.0     0.0        0
GREATEST
 24 HR TOTAL      0.0   09/30 TO 09/30           09/30 TO 09/30
                                                          09/30 TO 09/30
                                                          09/30 TO 09/30
 STORM TOTAL       MM                                 MM
 (MM/DD(HH))            MM                    09/30(00) TO 09/30(00)
                                                 09/30(00) TO 09/30(00)0
                                                 09/30(00) TO 09/30(00)0

DEGREE_DAYS
HEATING TOTAL      22                58     -36       16
 SINCE 7/1         22                58     -36       18
COOLING TOTAL     236               137      99      184
 SINCE 1/1       1411              1105     306     1139
.................................................

WIND (MPH)
AVERAGE WIND SPEED              5.5
RESULTANT WIND SPEED/DIRECTION   1/128
HIGHEST WIND SPEED/DIRECTION    43/280    DATE  09/10
HIGHEST GUST SPEED/DIRECTION    53/290    DATE  09/10

SKY COVER
AVERAGE SKY COVER           0.40

AVERAGE RH (PERCENT)     72

WEATHER CONDITIONS. NUMBER OF DAYS WITH
THUNDERSTORM              0     MIXED PRECIP               0
HEAVY RAIN                6     RAIN                       5
LIGHT RAIN               10     FREEZING RAIN              0
LT FREEZING RAIN          0     HAIL                       0
HEAVY SNOW                0     SNOW                       0
LIGHT SNOW                0     SLEET                      0
FOG                      18     FOG W/VIS <= 1/4 MILE      2
HAZE                      1

-  INDICATES NEGATIVE NUMBERS.
R  INDICATES RECORD WAS SET OR TIED.
MM INDICATES DATA IS MISSING.
T  INDICATES TRACE AMOUNT.

$$
