000
CXUS51 KILN 011208
CLMCVG


CLIMATE REPORT
NATIONAL WEATHER SERVICE WILMINGTON OH
807 AM EDT FRI APR 1 2016

...................................

...THE CINCINNATI CLIMATE SUMMARY FOR THE MONTH OF MARCH 2016...

CLIMATE NORMAL PERIOD 1981 TO 2010
CLIMATE RECORD PERIOD 1869 TO 2016

WEATHER         OBSERVED          NORMAL  DEPART  LAST YEAR`S
                 VALUE   DATE(S)  VALUE   FROM    VALUE  DATE(S)
                                          NORMAL
................................................................
TEMPERATURE (F)
RECORD
 HIGH              88   03/25/1929
 LOW              -11   03/03/1980
HIGHEST            76   03/27        52      24       76  03/16
LOWEST             24   03/02        33      -9        0  03/06
AVG. MAXIMUM     59.0              53.2     5.8     52.0
AVG. MINIMUM     41.2              34.0     7.2     31.9
MEAN             50.1              43.6     6.5     41.9
DAYS MAX >= 90      0               0.0     0.0        0
DAYS MAX <= 32      0               1.1    -1.1        2
DAYS MIN <= 32      9              13.7    -4.7       16
DAYS MIN <= 0       0               0.0     0.0        1

PRECIPITATION (INCHES)
TOTALS           5.30              3.96    1.34     6.32
DAILY AVG.       0.17              0.13    0.04     0.20
DAYS >= .01        12              12.5    -0.5       14
DAYS >= .10        10               8.2     1.8        8
DAYS >= .50         5               2.4     2.6        6
DAYS >= 1.00        1               0.9     0.1        2
GREATEST
 24 HR. TOTAL    1.36   03/31 TO 03/31           03/13 TO 03/13
                                                          03/04 TO 03/04
                                                          03/04 TO 03/04
 STORM TOTAL       MM                                 MM
 (MM/DD(HH))            MM                    03/13(00) TO 03/13(00)
                                                 03/04(00) TO 03/04(00)4
                                                 03/04(00) TO 03/04(00)4

SNOWFALL (INCHES)
TOTALS            2.3               3.0    -0.7      4.9
SINCE 7/1        19.2              21.6    -2.4     29.9
DAYS >= TRACE       4               2.4     1.6        5
DAYS >= 1.0         1               0.9     0.1        2
GREATEST
 24 HR TOTAL      2.2   03/03 TO 03/03           03/04 TO 03/04
                                                          03/04 TO 03/04
                                                          03/04 TO 03/04
 STORM TOTAL       MM                                 MM
 (MM/DD(HH))            MM                    03/04(00) TO 03/04(00)
                                                 03/04(00) TO 03/04(00)4
                                                 03/04(00) TO 03/04(00)4

DEGREE_DAYS
HEATING TOTAL     454               666    -212      705
 SINCE 7/1       3662              4493    -831     4932
COOLING TOTAL       0                 0       0        0
 SINCE 1/1          0                 0       0        0
.....................................................

WIND (MPH)
AVERAGE WIND SPEED              9.5
RESULTANT WIND SPEED/DIRECTION   3/218
HIGHEST WIND SPEED/DIRECTION    36/280    DATE  03/01
HIGHEST GUST SPEED/DIRECTION    47/290    DATE  03/01

SKY COVER
AVERAGE SKY COVER           0.70

AVERAGE RH (PERCENT)     67

WEATHER CONDITIONS. NUMBER OF DAYS WITH
THUNDERSTORM              0     MIXED PRECIP               1
HEAVY RAIN                5     RAIN                       7
LIGHT RAIN               14     FREEZING RAIN              0
LT FREEZING RAIN          0     HAIL                       0
HEAVY SNOW                0     SNOW                       2
LIGHT SNOW                4     SLEET                      0
FOG                      18     FOG W/VIS <= 1/4 MILE      1
HAZE                      5

-  INDICATES NEGATIVE NUMBERS.
R  INDICATES RECORD WAS SET OR TIED.
MM INDICATES DATA IS MISSING.
T  INDICATES TRACE AMOUNT.

$$
