000
CXUS53 KUNR 011612
CLMD07


CLIMATE REPORT
NATIONAL WEATHER SERVICE RAPID CITY SD
1011 AM MDT THU JUN 1 2017

...................................

...THE FAITH SD CLIMATE SUMMARY FOR THE MONTH OF MAY 2017...

CLIMATE NORMAL PERIOD 1981 TO 2010
CLIMATE RECORD PERIOD 9999 TO 9999

WEATHER         OBSERVED          NORMAL  DEPART  LAST YEAR`S
                 VALUE   DATE(S)  VALUE   FROM    VALUE  DATE(S)
                                          NORMAL
................................................................
TEMPERATURE (F)
HIGHEST            89   05/07                         82  05/05
LOWEST             31   05/21                         28  05/14
AVG. MAXIMUM     69.6              66.9     2.7     69.0
AVG. MINIMUM     42.9              43.2    -0.3     42.4
MEAN             56.2              55.0     1.2     55.7
DAYS MAX >= 90      0                                  0
DAYS MAX <= 32      0                                  0
DAYS MIN <= 32      1                                  3
DAYS MIN <= 0       0                                  0

PRECIPITATION (INCHES)
TOTALS           1.21              3.07   -1.86     0.49
DAILY AVG.       0.04              0.10   -0.06     0.02
DAYS >= .01         5                                  7
DAYS >= .10         2                                  2
DAYS >= .50         1                                  0
DAYS >= 1.00        0                                  0
GREATEST
 24 HR. TOTAL    0.91   05/16 TO 05/16              0.20

DEGREE_DAYS
HEATING TOTAL     276               320     -44      280
 SINCE 7/1       7100              7619    -519     6563
COOLING TOTAL      12                11       1        2
 SINCE 1/1         12                12       0        2
.................................................................

WIND (MPH)
AVERAGE WIND SPEED              14.0
HIGHEST WIND SPEED/DIRECTION    47/340    DATE  05/28
HIGHEST GUST SPEED/DIRECTION    62/340    DATE  05/28

AVERAGE RH (PERCENT)     60


-  INDICATES NEGATIVE NUMBERS.
R  INDICATES RECORD WAS SET OR TIED.
MM INDICATES DATA IS MISSING.
T  INDICATES TRACE AMOUNT.

$$
