000
CXUS52 KMLB 011301
CLMDAB


CLIMATE REPORT
NATIONAL WEATHER SERVICE MELBOURNE FL
828 AM EDT WED NOV 1 2017

...................................

...THE DAYTONA BEACH CLIMATE SUMMARY FOR THE MONTH OF OCTOBER 2017...

CLIMATE NORMAL PERIOD 1981 TO 2010
CLIMATE RECORD PERIOD 1923 TO 2017

WEATHER         OBSERVED          NORMAL  DEPART  LAST YEAR`S
                 VALUE   DATE(S)  VALUE   FROM    VALUE
                                          NORMAL
.............................................................
TEMPERATURE (F)
MONTHLY RECORD
 HOTTEST         78.0   2007
 COLDEST         68.6   1940
DAILY RECORD
 HIGH              95   10/02/1959
                        10/06/1934
 LOW               39   10/24/1937
OCTOBER 2017
HIGHEST            89   10/08                         89
LOWEST             44   10/30                         53
AVG. MAXIMUM     82.2              82.0     0.2     82.5
AVG. MINIMUM     69.1              65.9     3.2     68.0
MEAN             75.6              74.0     1.6     75.3
DAYS MAX >= 90      0               0.7    -0.7        0
DAYS MAX <= 32      0               0.0     0.0        0
DAYS MIN <= 32      0               0.0     0.0        0
DAYS MIN <= 0       0               0.0     0.0        0

PRECIPITATION (INCHES)
MONTHLY RECORD
 MAXIMUM        24.82   1924
 MINIMUM         0.04   1940
DAILY RECORD
 MAXIMUM        12.85   10/10/1924
OCTOBER 2017
TOTALS           7.79              4.21    3.58     7.97
DAYS >= .01        15              10.6     4.4       10
DAYS >= .10         5               6.1    -1.1        6
DAYS >= .50         5               2.6     2.4        3
DAYS >= 1.00        4               1.4     2.6        3
GREATEST
 24 HR. TOTAL    1.89   10/05 TO 10/05

SNOWFALL (INCHES)
TOTALS            0.0               0.0     0.0      0.0
SINCE 7/1         0.0               0.0     0.0      0.0
DAYS >= TRACE       0                                  0

DEGREE_DAYS
HEATING TOTAL      22                 8      14        1
 SINCE 7/1         22                 8      14        1
COOLING TOTAL     362               286      76      327
 SINCE 1/1       3271              2796     475     3272
..............................................................

WIND (MPH)
AVERAGE WIND SPEED              9.3
HIGHEST WIND SPEED/DIRECTION    61/080    DATE  10/07
HIGHEST GUST SPEED/DIRECTION    61/080    DATE  10/07

SKY COVER
POSSIBLE SUNSHINE (PERCENT)   MM
AVERAGE SKY COVER           0.50
NUMBER OF DAYS FAIR            5
NUMBER OF DAYS PC             20
NUMBER OF DAYS CLOUDY          6

AVERAGE RH (PERCENT)     79

WEATHER CONDITIONS. NUMBER OF DAYS WITH
THUNDERSTORM              3     MIXED PRECIP               0
HEAVY RAIN                6     RAIN                       7
LIGHT RAIN               18     LT FREEZING RAIN           0
HAIL                      0     LIGHT SNOW                 0
SLEET                     0     FOG                       16
FOG W/VIS <= 1/4 MILE     0     HAZE                       2

-  INDICATES NEGATIVE NUMBERS.
R  INDICATES RECORD WAS SET OR TIED.
MM INDICATES DATA IS MISSING.
T  INDICATES TRACE AMOUNT.

$$

RODRIGUEZ
