000
CXUS52 KMLB 011851 AAA
CLMDAB

CLIMATE REPORT...AMENDED TO ADD SEASONAL CLIMATE
NATIONAL WEATHER SERVICE MELBOURNE FL
148 PM EST THU DEC 1 2016

...................................

...THE DAYTONA BEACH CLIMATE SUMMARY FOR THE MONTH OF NOVEMBER
2016...

CLIMATE NORMAL PERIOD 1981 TO 2010
CLIMATE RECORD PERIOD 1923 TO 2016

WEATHER         OBSERVED          NORMAL  DEPART  LAST YEAR`S
                 VALUE   DATE(S)  VALUE   FROM    VALUE
                                          NORMAL
.............................................................
TEMPERATURE (F)
MONTHLY RECORD
 WARMEST         73.4   2015
 COOLEST         60.5   1976
DAILY RECORD
 HIGH              90   11/02/2015
 LOW               25   11/17/1940
NOVEMBER 2016
HIGHEST            85   11/04                         90
LOWEST             42   11/22                         45
                        11/21
AVG. MAXIMUM     77.2              76.0     1.2     80.9
AVG. MINIMUM     56.9              57.3    -0.4     66.0
MEAN             67.1              66.6     0.5     73.4
DAYS MAX >= 90      0               0.0     0.0        1
DAYS MAX <= 32      0               0.0     0.0        0
DAYS MIN <= 32      0               0.0     0.0        0
DAYS MIN <= 0       0               0.0     0.0        0

PRECIPITATION (INCHES)
MONTHLY RECORD
 MAXIMUM        12.91   1994
 MINIMUM            T   1967
DAILY RECORD
 MAXIMUM         8.99   11/16/1994
NOVEMBER 2016
TOTALS           0.10              2.69   -2.59     5.55
DAYS >= .01         2               7.7    -5.7        8
DAYS >= .10         0               4.1    -4.1        4
DAYS >= .50         0               1.4    -1.4        1
DAYS >= 1.00        0               0.5    -0.5        1
GREATEST
 24 HR. TOTAL    0.10   11/05 TO 11/06

SNOWFALL (INCHES)
TOTALS            0.0               0.0     0.0      0.0
SINCE 7/1         0.0               0.0     0.0      0.0
DAYS >= TRACE       0                                  0

DEGREE_DAYS
HEATING TOTAL      36                66     -30       12
 SINCE 7/1         37                74     -37       12
COOLING TOTAL     107               116      -9      273
 SINCE 1/1       3379              2912     467     3548
...........................................................

WIND (MPH)
AVERAGE WIND SPEED              6.1
HIGHEST WIND SPEED/DIRECTION    26/020    DATE  11/04
HIGHEST GUST SPEED/DIRECTION    34/020    DATE  11/04

SKY COVER
POSSIBLE SUNSHINE (PERCENT)   MM
AVERAGE SKY COVER           0.40
NUMBER OF DAYS FAIR           10
NUMBER OF DAYS PC             16
NUMBER OF DAYS CLOUDY          4

AVERAGE RH (PERCENT)     70

WEATHER CONDITIONS. NUMBER OF DAYS WITH
THUNDERSTORM              0     MIXED PRECIP               0
HEAVY RAIN                0     RAIN                       2
LIGHT RAIN                5     LT FREEZING RAIN           0
HAIL                      0     LIGHT SNOW                 0
SLEET                     0     FOG                       15
FOG W/VIS <= 1/4 MILE     2     HAZE                       4

-  INDICATES NEGATIVE NUMBERS.
R  INDICATES RECORD WAS SET OR TIED.
MM INDICATES DATA IS MISSING.
T  INDICATES TRACE AMOUNT.

...................................

...THE DAYTONA BEACH CLIMATE SUMMARY FOR THE FALL SEASON, FROM
9/1/2016 TO 11/30/2016...

CLIMATE NORMAL PERIOD 1981 TO 2010
CLIMATE RECORD PERIOD 1923 TO 2016

WEATHER         OBSERVED          NORMAL  DEPART  LAST YEAR`S
                 VALUE   DATE(S)  VALUE   FROM    VALUE
                                          NORMAL
................................................................
TEMPERATURE (F)
FALL RECORDS
 WARMEST         76.2   2015
 COOLEST         69.7   1976
DAILY RECORD
 HIGH              99   09/05/1944
 LOW               25   11/17/1940
FALL 2016
HIGHEST            91   09/22                         94
                        09/18
                        09/19
LOWEST             42   11/22                         45
                        11/21
AVG. MAXIMUM     82.7              81.6     1.1     83.7
AVG. MINIMUM     66.0              65.1     0.9     68.8
MEAN             74.4              73.4     1.0     76.2
DAYS MAX >= 90      9               5.1     3.9        9
DAYS MAX <= 32      0               0.0     0.0        0
DAYS MIN <= 32      0               0.0     0.0        0
DAYS MIN <= 0       0               0.0     0.0        0

PRECIPITATION (INCHES)
FALL RECORDS
 MAXIMUM        39.22   1924
 MINIMUM         4.62   2010

FALL 2016
TOTALS          16.31             13.86    2.45    12.06
DAYS >= .01        29              31.8    -2.8       34
DAYS >= .10        19              19.0     0.0       17
DAYS >= .50        10               8.1     1.9        4
DAYS >= 1.00        4               4.2    -0.2        2
GREATEST
 24 HR. TOTAL    4.29   10/07 TO 10/07

SNOWFALL (INCHES)
TOTALS            0.0               0.0     0.0      0.0
SINCE 7/1         0.0               0.0     0.0      0.0
SNOWDEPTH AVG.      0                                  0
DAYS >= TRACE       0                                  0

DEGREE_DAYS
HEATING TOTAL      37                74     -37       12
COOLING TOTAL     914               838      76     1054
.................................................................

WIND (MPH)
AVERAGE WIND SPEED              7.4
HIGHEST WIND SPEED/DIRECTION    52/020    DATE  10/07
HIGHEST GUST SPEED/DIRECTION    71/360    DATE  10/07

SKY COVER
POSSIBLE SUNSHINE (PERCENT)   MM
AVERAGE SKY COVER           0.50
NUMBER OF DAYS FAIR           25
NUMBER OF DAYS PC             55
NUMBER OF DAYS CLOUDY         11

AVERAGE RH (PERCENT)     75

WEATHER CONDITIONS. NUMBER OF DAYS WITH
THUNDERSTORM             19     MIXED PRECIP               0
HEAVY RAIN               17     RAIN                      24
LIGHT RAIN               37     LT FREEZING RAIN           0
HAIL                      0     SLEET                      0
FOG                      45     FOG W/VIS <= 1/4 MILE      3
HAZE                      9

-  INDICATES NEGATIVE NUMBERS.
R  INDICATES RECORD WAS SET OR TIED.
MM INDICATES DATA IS MISSING.
T  INDICATES TRACE AMOUNT.

$$
