000
CXUS56 KOTX 011557
CLMDEW


CLIMATE REPORT
NATIONAL WEATHER SERVICE SPOKANE, WA
748 AM PST WED FEB 1 2017

...................................

...THE DEER_PARK WA AIRPORT CLIMATE SUMMARY FOR THE MONTH OF JANUARY 2017...

CLIMATE NORMAL PERIOD 1981 TO 2010
CLIMATE RECORD PERIOD 9999 TO 9999

WEATHER         OBSERVED          NORMAL  DEPART  LAST YEAR`S
                 VALUE   DATE(S)  VALUE   FROM    VALUE  DATE(S)
                                          NORMAL
................................................................
TEMPERATURE (F)
RECORD
 HIGH              MM   MM
 LOW               MM   MM
HIGHEST            42   01/22        MM      MM       41  01/28
                        01/20                             01/22
LOWEST            -19   01/05        MM      MM       -7  01/02
                                                          01/01
AVG. MAXIMUM     27.2              33.5    -6.3     34.5
AVG. MINIMUM     10.3              21.1   -10.8     25.7
MEAN             18.7              27.3    -8.6     30.1
DAYS MAX >= 90      0               0.0     0.0        0
DAYS MAX <= 32     24              12.1    11.9        6
DAYS MIN <= 32     31              27.2     3.8       26
DAYS MIN <= 0      10               1.8     8.2        2

PRECIPITATION (INCHES)
RECORD
 MAXIMUM           MM   MM
 MINIMUM           MM   MM
TOTALS           1.95              2.63   -0.68     3.23
DAILY AVG.       0.06              0.08   -0.02     0.10
DAYS >= .01        11                MM      MM       19
DAYS >= .10         6                MM      MM       10
DAYS >= .50         1                MM      MM        2
DAYS >= 1.00        0                MM      MM        0
GREATEST
 24 HR. TOTAL    0.86   01/17 TO 01/18           01/12 TO 01/13

DEGREE_DAYS
HEATING TOTAL    1428              1169     259     1074
 SINCE 7/1       4430              4396      34     3837
COOLING TOTAL       0                 0       0        0
 SINCE 1/1          0                 0       0        0
....................................................

WIND (MPH)
AVERAGE WIND SPEED              4.4
HIGHEST WIND SPEED/DIRECTION    28/040    DATE  01/08
HIGHEST GUST SPEED/DIRECTION    34/030    DATE  01/01

SKY COVER
POSSIBLE SUNSHINE (PERCENT)   MM
AVERAGE SKY COVER           0.60
NUMBER OF DAYS FAIR            8
NUMBER OF DAYS PC             10
NUMBER OF DAYS CLOUDY         13

AVERAGE RH (PERCENT)     80

WEATHER CONDITIONS. NUMBER OF DAYS WITH
THUNDERSTORM              0     MIXED PRECIP               0
HEAVY RAIN                0     RAIN                       3
LIGHT RAIN                4     FREEZING RAIN              1
LT FREEZING RAIN          2     HAIL                       0
HEAVY SNOW                0     SNOW                       2
LIGHT SNOW               12     SLEET                      0
FOG                      22     FOG W/VIS <= 1/4 MILE      6
HAZE                      7

-  INDICATES NEGATIVE NUMBERS.
R  INDICATES RECORD WAS SET OR TIED.
MM INDICATES DATA IS MISSING.
T  INDICATES TRACE AMOUNT.

$$
