463
CXUS54 KFWD 011930 CCA
CLMDFW

CLIMATE REPORT...CORRECTED
NATIONAL WEATHER SERVICE FORT WORTH TX
230 PM CDT SAT JUL 1 2017

CORRECTED GREATEST 24-HOUR PRECIPITATION TOTAL

...THE DALLAS FORT WORTH CLIMATE SUMMARY FOR THE MONTH OF JUNE 2017...

CLIMATE NORMAL PERIOD 1981 TO 2010
CLIMATE RECORD PERIOD 1898 TO 2017

WEATHER         OBSERVED          NORMAL  DEPART  LAST YEAR`S
                 VALUE   DATE(S)  VALUE   FROM    VALUE  DATE(S)
                                          NORMAL
................................................................
TEMPERATURE (F)
RECORD
 HIGH             113   06/27/1980
                        06/26/1980
 LOW               48   06/01/1903
HIGHEST           100   06/23        99       1       99  06/27
LOWEST             66   06/09        61       5       66  06/06
AVG. MAXIMUM     91.2              91.3    -0.1     93.4
AVG. MINIMUM     73.8              71.4     2.4     74.5
MEAN             82.5              81.3     1.2     83.9
DAYS MAX >= 90     20              19.4     0.6       25
DAYS MAX <= 32      0               0.0     0.0        0
DAYS MAX >= 100     1                                  0
DAYS MIN <= 32      0               0.0     0.0        0
DAYS MIN <= 0       0               0.0     0.0        0
DAYS MIN >= 80      1                                  3

PRECIPITATION (INCHES)
RECORD
 MAXIMUM        11.58   1928
 MINIMUM            T   1952
                        1934
TOTALS           8.44              3.79    4.65     3.60
DAILY AVG.       0.28              0.13    0.15     0.12
DAYS >= .01         9               8.0     1.0        7
DAYS >= .10         8               5.8     2.2        7
DAYS >= .50         5               2.8     2.2        2
DAYS >= 1.00        3               1.1     1.9        1
GREATEST
 24 HR. TOTAL    3.98   06/23 TO 06/24              1.82

DEGREE_DAYS
HEATING TOTAL       0                 0       0        0
 SINCE 7/1       1305              2284    -979     1592
COOLING TOTAL     532               491      41      574
 SINCE 1/1       1214               913     301      997
.................................................................

WIND (MPH)
AVERAGE WIND SPEED              10.4
HIGHEST WIND SPEED/DIRECTION    35/050    DATE  06/23
HIGHEST GUST SPEED/DIRECTION    41/040    DATE  06/23

SKY COVER
POSSIBLE SUNSHINE (PERCENT)   MM
AVERAGE SKY COVER           0.60
NUMBER OF DAYS FAIR            6
NUMBER OF DAYS PC             17
NUMBER OF DAYS CLOUDY          7

AVERAGE RH (PERCENT)     68

WEATHER CONDITIONS. NUMBER OF DAYS WITH
THUNDERSTORM             11     MIXED PRECIP               0
HEAVY RAIN                6     RAIN                       9
LIGHT RAIN               11     FREEZING RAIN              0
LT FREEZING RAIN          0     HAIL                       0
HEAVY SNOW                0     SNOW                       0
LIGHT SNOW                0     SLEET                      0
FOG                       9     FOG W/VIS <= 1/4 MILE      0
HAZE                      1

-  INDICATES NEGATIVE NUMBERS.
R  INDICATES RECORD WAS SET OR TIED.
MM INDICATES DATA IS MISSING.
T  INDICATES TRACE AMOUNT.

$$
