000
CXUS54 KAMA 051200
CLMDHT


CLIMATE REPORT
NATIONAL WEATHER SERVICE AMARILLO TX
600 AM CST FRI JAN 5 2018

...................................

...THE DALHART CLIMATE SUMMARY FOR THE MONTH OF JANUARY 2017...

CLIMATE NORMAL PERIOD 1981 TO 2010
CLIMATE RECORD PERIOD 1948 TO 2018

WEATHER         OBSERVED          NORMAL  DEPART  LAST YEAR`S
                 VALUE   DATE(S)  VALUE   FROM    VALUE  DATE(S)
                                          NORMAL
................................................................
TEMPERATURE (F)
RECORD
 HIGH              82   01/05/1956
 LOW              -21   01/04/1959
HIGHEST            76   01/11                         76  01/30
LOWEST              7   01/07                          8  01/11
AVG. MAXIMUM     52.4              50.0     2.4     52.7
AVG. MINIMUM     24.0              19.4     4.6     21.5
MEAN             38.2              34.7     3.5     37.1
DAYS MAX >= 90      0               0.0     0.0        0
DAYS MAX <= 32      3               2.7     0.3        2
DAYS MIN <= 32     28              29.7    -1.7       31
DAYS MIN <= 0       0               0.4    -0.4        0

PRECIPITATION (INCHES)
TOTALS           1.03              0.52    0.51     0.24
DAILY AVG.       0.03              0.02    0.01     0.01
DAYS >= .01         6               3.0     3.0        2
DAYS >= .10         3               1.2     1.8        2
DAYS >= .50         1               0.2     0.8        0
DAYS >= 1.00        0               0.1    -0.1        0
GREATEST
 24 HR. TOTAL    0.70   01/15 TO 01/15

SNOWFALL (INCHES)
TOTALS            0.0               4.3    -4.3      4.0
SINCE 7/1         1.3              10.5    -9.2      6.0
DAYS >= TRACE       0               2.7    -2.7
DAYS >= 1.0         0               1.4    -1.4        2
GREATEST
 SNOW DEPTH         3   01/16
                        01/06
 24 HR TOTAL      0.0   01/31 TO 01/31

DEGREE_DAYS
HEATING TOTAL     822               939    -117      857
 SINCE 7/1       2290              2882    -592     2364
COOLING TOTAL       0                 0       0        0
 SINCE 1/1          0                 0       0        0
.................................................................

WIND (MPH)
AVERAGE WIND SPEED              10.7
HIGHEST WIND SPEED/DIRECTION    41/240    DATE  01/11
HIGHEST GUST SPEED/DIRECTION    53/240    DATE  01/11

SKY COVER
POSSIBLE SUNSHINE (PERCENT)   MM
NUMBER OF DAYS FAIR           20
NUMBER OF DAYS PC              7
NUMBER OF DAYS CLOUDY          4

AVERAGE RH (PERCENT)     59

WEATHER CONDITIONS. NUMBER OF DAYS WITH
THUNDERSTORM              0     MIXED PRECIP               0
HEAVY RAIN                0     RAIN                       2
LIGHT RAIN                3     FREEZING RAIN              2
LT FREEZING RAIN          2     HEAVY SNOW                 0
SNOW                      2     LIGHT SNOW                 4
SLEET                     0     FOG                       10
FOG W/VIS <= 1/4 MILE     0     HAZE                       5

-  INDICATES NEGATIVE NUMBERS.
R  INDICATES RECORD WAS SET OR TIED.
MM INDICATES DATA IS MISSING.
T  INDICATES TRACE AMOUNT.

$$
