000
CXUS54 KAMA 011919
CLMDHT


CLIMATE REPORT
NATIONAL WEATHER SERVICE AMARILLO TX
119 PM CST SUN MAR 1 2015

...................................

...THE DALHART CLIMATE SUMMARY FOR THE MONTH OF FEBRUARY 2015...

CLIMATE NORMAL PERIOD 1981 TO 2010
CLIMATE RECORD PERIOD 1894 TO 2015

WEATHER         OBSERVED          NORMAL  DEPART  LAST YEAR`S
                 VALUE   DATE(S)  VALUE   FROM    VALUE  DATE(S)
                                          NORMAL
................................................................
TEMPERATURE (F)
RECORD
 HIGH              85   02/28/2006
                        02/01/1963
 LOW              -19   02/01/1951
HIGHEST            84   02/07                         77  02/18
LOWEST             11   02/24                          4  02/06
                        02/23
AVG. MAXIMUM     54.5              53.0     1.5     53.4
AVG. MINIMUM     24.6              22.6     2.0     22.8
MEAN             39.6              37.8     1.8     38.1
DAYS MAX >= 90      0               0.0     0.0        0
DAYS MAX <= 32      3               2.1     0.9        3
DAYS MIN <= 32     24              24.5    -0.5       24
DAYS MIN <= 0       0               0.5    -0.5        0

PRECIPITATION (INCHES)
TOTALS           1.59              0.40    1.19     0.08
DAILY AVG.       0.06              0.01    0.05     0.00
DAYS >= .01         7               3.0     4.0        3
DAYS >= .10         5               1.2     3.8        0
DAYS >= .50         1               0.2     0.8        0
DAYS >= 1.00        0               0.0     0.0        0
GREATEST
 24 HR. TOTAL    0.92   02/21 TO 02/22

SNOWFALL (INCHES)
TOTALS           14.1               3.0    11.1      2.8
SINCE 7/1        33.3              13.5    19.8     15.3
DAYS >= TRACE      10               2.0     8.0
DAYS >= 1.0         5               0.8     4.2        2
GREATEST
 SNOW DEPTH         6   02/23
 24 HR TOTAL      4.3   02/22

DEGREE_DAYS
HEATING TOTAL     705               761     -56      747
 SINCE 7/1       3293              3643    -350     3594
COOLING TOTAL       0                 0       0        0
 SINCE 1/1          0                 0       0        0
.................................................................

WIND (MPH)
AVERAGE WIND SPEED              11.6
HIGHEST WIND SPEED/DIRECTION    51/010    DATE  02/20
HIGHEST GUST SPEED/DIRECTION    60/010    DATE  02/20

SKY COVER
POSSIBLE SUNSHINE (PERCENT)   MM
NUMBER OF DAYS FAIR           14
NUMBER OF DAYS PC              9
NUMBER OF DAYS CLOUDY          5

AVERAGE RH (PERCENT)     58

WEATHER CONDITIONS. NUMBER OF DAYS WITH
THUNDERSTORM              0     MIXED PRECIP               0
HEAVY RAIN                1     RAIN                       1
LIGHT RAIN                3     FREEZING RAIN              0
LT FREEZING RAIN          0     HEAVY SNOW                 1
SNOW                      6     LIGHT SNOW                11
SLEET                     0     FOG                       13
FOG W/VIS <= 1/4 MILE     2     HAZE                       3

-  INDICATES NEGATIVE NUMBERS.
R  INDICATES RECORD WAS SET OR TIED.
MM INDICATES DATA IS MISSING.
T  INDICATES TRACE AMOUNT.

$$
