000
CXUS53 KEAX 011350 RRA
CLMDMO

CLIMATE REPORT
NATIONAL WEATHER SERVICE KANSAS CITY/PLEASANT HILL MO
738 AM CST MON JAN 1 2018

...................................

...THE SEDALIA CLIMATE SUMMARY FOR THE MONTH OF DECEMBER 2017...

CLIMATE NORMAL PERIOD 1981 TO 2010
CLIMATE RECORD PERIOD 9999 TO 9999

WEATHER         OBSERVED          NORMAL  DEPART  LAST YEAR`S
                 VALUE   DATE(S)  VALUE   FROM    VALUE  DATE(S)
                                          NORMAL
................................................................
TEMPERATURE (F)
HIGHEST            72   12/04        65       7       69  12/25
LOWEST                  12/31         3      -4       -4  12/19
                                                          12/18
AVG. MAXIMUM     44.3              43.4     0.9     41.8
AVG. MINIMUM     26.2              26.2     0.0     24.0
MEAN             35.2              34.8     0.4     32.9
DAYS MAX >= 90      0               0.0     0.0        0
DAYS MAX <= 32      8               6.7     1.3        6
DAYS MIN <= 32     21              25.2    -4.2       25
DAYS MIN <= 0       1               1.5    -0.5        2

PRECIPITATION (INCHES)
TOTALS           0.31              2.32   -2.01     0.78
DAILY AVG.       0.01              0.07   -0.06     0.03
DAYS >= .01         3               7.0    -4.0        5
DAYS >= .10         1               4.2    -3.2        2
DAYS >= .50         0               1.5    -1.5        0
DAYS >= 1.00        0               0.4    -0.4        0
GREATEST
 24 HR. TOTAL    0.19   12/04 TO 12/04

DEGREE_DAYS
HEATING TOTAL     916               936     -20      985
 SINCE 7/1       1673              1781    -108     1492
COOLING TOTAL       0                 0       0        0
 SINCE 1/1       1491              1490       1     1775
.................................................................

WIND (MPH)
AVERAGE WIND SPEED              10.6
HIGHEST WIND SPEED/DIRECTION    32/320    DATE  12/13
HIGHEST GUST SPEED/DIRECTION    45/310    DATE  12/13

SKY COVER
POSSIBLE SUNSHINE (PERCENT)   MM
AVERAGE SKY COVER           0.40
NUMBER OF DAYS FAIR           17
NUMBER OF DAYS PC              8
NUMBER OF DAYS CLOUDY          6

AVERAGE RH (PERCENT)     67

WEATHER CONDITIONS. NUMBER OF DAYS WITH
THUNDERSTORM              1     MIXED PRECIP               0
HEAVY RAIN                1     RAIN                       0
LIGHT RAIN                3     FREEZING RAIN              0
LT FREEZING RAIN          0     HAIL                       0
HEAVY SNOW                0     SNOW                       0
LIGHT SNOW                2     SLEET                      0
FOG                       9     FOG W/VIS <= 1/4 MILE      0
HAZE                      1

-  INDICATES NEGATIVE NUMBERS.
R  INDICATES RECORD WAS SET OR TIED.
MM INDICATES DATA IS MISSING.
T  INDICATES TRACE AMOUNT.

$$
