000
CXUS53 KEAX 011618
CLMDMO

CLIMATE REPORT
NATIONAL WEATHER SERVICE KANSAS CITY/PLEASANT HILL MO
1048 AM CDT FRI MAY 1 2015

...................................

...THE SEDALIA CLIMATE SUMMARY FOR THE MONTH OF APRIL 2015...

CLIMATE NORMAL PERIOD 1981 TO 2010
CLIMATE RECORD PERIOD 9999 TO 9999

WEATHER         OBSERVED          NORMAL  DEPART  LAST YEAR`S
                 VALUE   DATE(S)  VALUE   FROM    VALUE  DATE(S)
                                          NORMAL
................................................................
TEMPERATURE (F)
HIGHEST            84   04/08        84       0       83  04/12
LOWEST             31   04/04        27       4       30  04/15
AVG. MAXIMUM     70.2              67.3     2.9     66.1
AVG. MINIMUM     47.9              46.1     1.8     45.3
MEAN             59.0              56.7     2.3     55.7
DAYS MAX >= 90      0               0.1    -0.1        0
DAYS MAX <= 32      0               0.0     0.0        0
DAYS MIN <= 32      1               5.0    -4.0        3
DAYS MIN <= 0       0               0.0     0.0        0

PRECIPITATION (INCHES)
TOTALS           3.82              4.25   -0.43     6.84
DAILY AVG.       0.13              0.14   -0.01     0.23
DAYS >= .01        13              10.6     2.4       12
DAYS >= .10         9               6.8     2.2        5
DAYS >= .50         2               2.5    -0.5        5
DAYS >= 1.00        1               1.1    -0.1        2
GREATEST
 24 HR. TOTAL    1.28   04/02 TO 04/03

DEGREE_DAYS
HEATING TOTAL     187               280     -93      287
 SINCE 7/1       4575              4482      93     5200
COOLING TOTAL      16                31     -15       14
 SINCE 1/1         17                34     -17       14
.................................................................

WIND (MPH)
AVERAGE WIND SPEED              9.5
HIGHEST WIND SPEED/DIRECTION    36/150    DATE  04/12
HIGHEST GUST SPEED/DIRECTION    46/250    DATE  04/08

SKY COVER
POSSIBLE SUNSHINE (PERCENT)    0
AVERAGE SKY COVER           0.40
NUMBER OF DAYS FAIR           15
NUMBER OF DAYS PC              9
NUMBER OF DAYS CLOUDY          6

AVERAGE RH (PERCENT)     59

WEATHER CONDITIONS. NUMBER OF DAYS WITH
THUNDERSTORM              0     MIXED PRECIP               0
HEAVY RAIN                6     RAIN                       5
LIGHT RAIN               15     FREEZING RAIN              0
LT FREEZING RAIN          0     HAIL                       0
HEAVY SNOW                0     SNOW                       0
LIGHT SNOW                0     SLEET                      0
FOG                      11     FOG W/VIS <= 1/4 MILE      3
HAZE                      5

-  INDICATES NEGATIVE NUMBERS.
R  INDICATES RECORD WAS SET OR TIED.
MM INDICATES DATA IS MISSING.
T  INDICATES TRACE AMOUNT.

$$
