000
CXUS55 KTWC 011525 RRA
CLMDUG

CLIMATE REPORT
NATIONAL WEATHER SERVICE TUCSON AZ
824 AM MST WED NOV 1 2017

...................................

...THE DOUGLAS AZ CLIMATE SUMMARY FOR THE MONTH OF OCTOBER 2017...

CLIMATE NORMAL PERIOD 1981 TO 2010
CLIMATE RECORD PERIOD 1948 TO 2017

WEATHER         OBSERVED          NORMAL  DEPART  LAST YEAR`S
                 VALUE   DATE(S)  VALUE   FROM    VALUE  DATE(S)
                                          NORMAL
................................................................
TEMPERATURE (F)
RECORD
 HIGH              96   10/16/2011
 LOW               19   10/31/1993
HIGHEST            94   10/05        90       4       90  10/18
                                                          10/17
                                                          10/15
LOWEST             38   10/29        34       4       40  10/14
                        10/28                             10/13
                        10/26
AVG. MAXIMUM     86.2              81.2     5.0     87.1
AVG. MINIMUM     48.5              47.5     1.0     47.2
MEAN             67.3              64.3     3.0     67.1
DAYS MAX >= 90      6               2.6     3.4        4
DAYS MAX <= 32      0               0.0     0.0        0
DAYS MIN <= 32      0               0.5    -0.5        0
DAYS MIN <= 0       0               0.0     0.0        0

PRECIPITATION (INCHES)
RECORD
 MAXIMUM         5.33   1977
 MINIMUM         0.00   2013
                        1982
                        1979
TOTALS           0.12              0.89   -0.77        T
DAILY AVG.       0.00              0.03   -0.03        T
DAYS >= .01         2               4.1    -2.1        0
DAYS >= .10         1               1.9    -0.9        0
DAYS >= .50         0               0.6    -0.6        0
DAYS >= 1.00        0               0.1    -0.1        0
GREATEST
 24 HR. TOTAL    0.10   10/31 TO 10/31           09/30 TO 10/01
                                                          10/31 TO 10/31
                                                          10/31 TO 10/31

DEGREE_DAYS
HEATING TOTAL      29                81     -52        9
 SINCE 7/1         33                83     -50       13
COOLING TOTAL     109                61      48       83
 SINCE 1/1       1892              1812      80     1786
..................................................

WIND (MPH)
AVERAGE WIND SPEED              7.4
HIGHEST WIND SPEED/DIRECTION    29/230    DATE  10/02
HIGHEST GUST SPEED/DIRECTION    42/240    DATE  10/12

AVERAGE RH (PERCENT)     31

WEATHER CONDITIONS. NUMBER OF DAYS WITH
THUNDERSTORM              0     MIXED PRECIP               0
HEAVY RAIN                0     RAIN                       0
LIGHT RAIN                0     FREEZING RAIN              0
LT FREEZING RAIN          0     HAIL                       0
HEAVY SNOW                0     SNOW                       0
LIGHT SNOW                0     SLEET                      0
FOG                       1     FOG W/VIS <= 1/4 MILE      0
HAZE                      0

-  INDICATES NEGATIVE NUMBERS.
R  INDICATES RECORD WAS SET OR TIED.
MM INDICATES DATA IS MISSING.
T  INDICATES TRACE AMOUNT.

$$
