000
CXUS53 KGID 241817 AAA
CLMEAR

CLIMATE REPORT...UPDATED
NATIONAL WEATHER SERVICE HASTINGS NE
116 PM CDT MON SEP 24 2014

UPDATED TO INCLUDE ADDITIONAL MONTHLY/SEASONAL INFO AT BOTTOM

...................................

...THE KEARNEY CLIMATE SUMMARY FOR THE MONTH OF AUGUST 2014...

CLIMATE NORMAL PERIOD 1981 TO 2010
CLIMATE RECORD PERIOD 1894 TO 2014

WEATHER         OBSERVED          NORMAL  DEPART  LAST YEAR`S
                 VALUE   DATE(S)  VALUE   FROM    VALUE  DATE(S)
                                          NORMAL
................................................................
TEMPERATURE (F)
HIGHEST            91   08/20        98      -7       99  08/29
                        08/05                             08/27
                        08/04                             08/26
LOWEST             54   08/12        49       5       57  08/18
                                                          08/10
AVG. MAXIMUM     85.0              84.6     0.4     85.7
AVG. MINIMUM     62.5              60.6     1.9     63.9
MEAN             73.7              72.6     1.1     74.8
DAYS MAX >= 90      6               7.5    -1.5       10
DAYS MAX <= 32      0               0.0     0.0        0
DAYS MIN <= 32      0               0.0     0.0        0
DAYS MIN <= 0       0               0.0     0.0        0

PRECIPITATION (INCHES)
TOTALS             MM              3.08      MM     1.71
DAILY AVG.         MM              0.10      MM
DAYS >= .01        MM               8.2      MM
DAYS >= .10        MM               4.9      MM
DAYS >= .50        MM               2.0      MM
DAYS >= 1.00       MM               0.9      MM
GREATEST
 24 HR. TOTAL      MM   MM
                        MM

DEGREE_DAYS
HEATING TOTAL       1                12     -11        0
COOLING TOTAL     280               248      32      312
.................................................................

WIND (MPH)
AVERAGE WIND SPEED              MM
HIGHEST WIND SPEED/DIRECTION    MM/MM
HIGHEST GUST SPEED/DIRECTION    MM/MM

AVERAGE RH (PERCENT)     73


-  INDICATES NEGATIVE NUMBERS.
R  INDICATES RECORD WAS SET OR TIED.
MM INDICATES DATA IS MISSING.
T  INDICATES TRACE AMOUNT.

&&

THE PRECIPITATION DATA SHOWN ABOVE IS RECORDED BY THE AUTOMATED
WEATHER OBSERVING SYSTEM AT THE KEARNEY AIRPORT. THE PRECIPITATION
IS DEPICTED FOR A CALENDAR DAY FROM MIDNIGHT TO MIDNIGHT. SNOWFALL
IS NOT RECORDED BY THAT SYSTEM.

THE OFFICIAL PRECIPITATION...SNOWFALL...AND SNOW DEPTH OBSERVATION
FOR KEARNEY IS RECORDED DAILY BY THE COOPERATIVE OBSERVER AT 7 AM.
THAT INFORMATION FOLLOWS...

...KEARNEY 4NE COOPERATIVE OBSERVER REPORT FOR AUGUST 2014...

PRECIPITATION (IN)
    MONTH TO DATE..................   7.60
    YEAR TO DATE...................  21.11

SNOWFALL (IN)
    MONTH TO DATE..................   0.0
    SEASONAL TOTAL (SINCE JULY 1ST)   0.0

&&

...AUGUST 2014 CLIMATE DETAILS FOR KEARNEY REGIONAL AIRPORT...

(NOTE: ALL DATA PRESENTED BELOW THIS POINT IS FROM THE OFFICIAL
NWS COOPERATIVE OBSERVER LOCATED AT KEARNEY REGIONAL AIRPORT. AS
A RESULT...IT MAY DIFFER SLIGHTLY FROM THE UNOFFICIAL AUTOMATED
AIRPORT OBSERVATIONS PRESENTED IN THE TABLE AT THE TOP OF THIS
PRODUCT. ALL TEMPERATURE AND PRECIPITATION DATA REPORTED BY THE
OFFICIAL COOPERATIVE OBSERVER IS BASED ON A 24-HOUR PERIOD
ENDING AT 7 AM...AND THUS DOES NOT CORRESPOND TO A
MIDNIGHT-TO-MIDNIGHT CALENDAR DAY PERIOD AS THE AUTOMATED
OBSERVATIONS DO.)

...TEMPERATURES

AVERAGE HIGH TEMPERATURE:     85.1 DEGREES (0.5 ABOVE NORMAL)
AVERAGE LOW TEMPERATURE:      61.4 DEGREES (0.8 ABOVE NORMAL)
AVERAGE MEAN TEMPERATURE:     73.2 DEGREES (0.6 ABOVE NORMAL)

HOTTEST HIGH TEMPERATURE: 92 DEGREES REPORTED ON THE 5TH
(ACTUALLY OCCURRED ON THE 4TH)

COOLEST HIGH TEMPERATURE: 74 DEGREES REPORTED ON THE 26TH
(ACTUALLY OCCURRED ON THE 25TH)

COOLEST LOW TEMPERATURE: 53 DEGREES REPORTED ON THE 12TH

WARMEST LOW TEMPERATURE: 68 DEGREES REPORTED ON THE 7TH, 22ND


...PRECIPITATION

TOTAL MONTHLY PRECIPITATION:   7.60 INCHES (4.52 ABOVE NORMAL)

- THIS WAS THE 2ND-WETTEST AUGUST ON RECORD OUT OF 120 YEARS
DATING TO 1895...TRAILING ONLY 8.18 INCHES IN 2006

NUMBER OF 24-HOUR PERIODS
WITH MEASURABLE PRECIPITATION (0.01 OR MORE): 14

HIGHEST 24-HOUR
PRECIPITATION ENDING AROUND 7 AM: 3.19 INCHES REPORTED ON THE 9TH

HIGHEST 48-HOUR
PRECIPITATION ENDING AROUND 7 AM: 4.26 INCHES REPORTED ON THE 10TH


PRECIPITATION TOTALS AND DEPARTURES
FROM NORMAL FOR THE PAST 12 MONTHS:

MONTH          PRECIP.  DEPARTURE

SEP  2013       3.77      +1.70
OCT  2013       3.73      +1.69
NOV  2013       0.72      -0.30
DEC  2013       0.10      -0.47
JAN  2014       0.28      -0.21
FEB  2014       0.36      -0.19
MAR  2014       0.11      -1.68
APR  2014       3.35      +1.12
MAY  2014       0.71      -3.47
JUN  2014       8.53      +4.60
JUL  2014       0.17      -3.11
AUG  2014       7.60      +4.52

12-MONTH TOTAL  29.43     +4.20


...SEVERE THUNDERSTORMS/HIGH WINDS

ALTHOUGH NWS HASTINGS RECEIVED LITTLE IN THE WAY OF SEVERE-CRITERIA
HAIL AND DAMAGING WIND REPORTS FROM THE CITY OF KEARNEY DURING
AUGUST...CERTAINLY THE MOST NOTABLE WEATHER EVENT OF THE MONTH WAS
FLASH-FLOODING ON THE LATE EVENING OF THE 8TH INTO THE EARLY MORNING
OF THE 9TH. DURING THIS EVENT...HEAVY RAINFALL OF GENERALLY 3-4
INCHES IN A SHORT TIME INUNDATED THE CITY AND RESULTED IN DOZENS OF
STALLED VEHICLES. IN ADDITION...AT GOOD SAMARITAN HOSPITAL WATER
BROKE THROUGH THE TWO STORY GROUND-TO-CEILING WINDOWS OF THE
CAFETERIA...ALLOWING WATER TO RUSH INTO THE BUILDING. IN TERMS OF
THUNDERSTORM WIND GUSTS...ONE OF THE HIGHEST MEASURED PEAK GUSTS OF
THE MONTH AT THE AIRPORT WAS 51 MPH FROM THE NORTH-NORTHWEST ON THE
EVENING OF THE 17TH (PLEASE NOTE THIS WAS NOT NECESSARILY THE TRUE
PEAK GUST OF THE MONTH...AS THIS AUTOMATED SYSTEM ONLY TRANSMITS
ROUTINE WIND OBSERVATIONS EVERY 20 MINUTES). NO TORNADOES WERE
CONFIRMED WITHIN BUFFALO COUNTY DURING AUGUST.

&&

...METEOROLOGICAL-SUMMER 2014 SEASONAL STATISTICS FOR JUNE-AUGUST...

- AVERAGE MEAN TEMPERATURE:  72.0 DEGREES (0.4 BELOW NORMAL)
- SEASONAL PRECIPITATION:   16.30 INCHES  (6.01 ABOVE NORMAL)

$$

PFANNKUCH/DOXEY
