000
CXUS55 KGJT 011057
CLMEEO


CLIMATE REPORT
NATIONAL WEATHER SERVICE GRAND JUNCTION CO
441 AM MDT TUE AUG 1 2017

...................................

...THE MEEKER CO CLIMATE SUMMARY FOR THE MONTH OF JULY 2017...

CLIMATE NORMAL PERIOD 1981 TO 2010
CLIMATE RECORD PERIOD 9999 TO 9999

WEATHER         OBSERVED          NORMAL  DEPART  LAST YEAR`S
                 VALUE   DATE(S)  VALUE   FROM    VALUE  DATE(S)
                                          NORMAL
................................................................
TEMPERATURE (F)
HIGHEST            95   07/05        MM      MM       95  07/28
LOWEST             40   07/01        MM      MM       36  07/12
AVG. MAXIMUM     88.8              85.9     2.9     86.4
AVG. MINIMUM     52.4              48.3     4.1     49.3
MEAN             70.6              67.1     3.5     67.9
DAYS MAX >= 90     15               8.1     6.9       10
DAYS MAX <= 32      0               0.0     0.0        0
DAYS MIN <= 32      0               0.0     0.0        0
DAYS MIN <= 0       0               0.0     0.0        0

PRECIPITATION (INCHES)
TOTALS           1.91              1.15    0.76     1.79
DAILY AVG.       0.06              0.04    0.02     0.06
DAYS >= .01         9                MM      MM        8
DAYS >= .10         2                MM      MM        4
DAYS >= .50         1                MM      MM        1
DAYS >= 1.00        1                MM      MM        0
GREATEST
 24 HR. TOTAL    1.50   07/19 TO 07/19              0.81

SNOWFALL (INCHES)
TOTALS             MM                MM      MM       MM
SINCE 7/1          MM                MM      MM       MM
SNOWDEPTH AVG.     MM                MM      MM       MM
DAYS >= 1.0         0                MM      MM        0
GREATEST
 SNOW DEPTH        MM                                 MM  MM
 24 HR TOTAL       MM                                 MM

DEGREE_DAYS
HEATING TOTAL       0                20     -20       10
 SINCE 7/1          0                20     -20       10
COOLING TOTAL     183                85      98      108
 SINCE 1/1        228               103     125      172
.................................................................

WIND (MPH)
AVERAGE WIND SPEED              5.5
HIGHEST WIND SPEED/DIRECTION    31/020    DATE  07/03
HIGHEST GUST SPEED/DIRECTION    39/280    DATE  07/07

SKY COVER
POSSIBLE SUNSHINE (PERCENT)   MM
AVERAGE SKY COVER           0.10
NUMBER OF DAYS FAIR           29
NUMBER OF DAYS PC              1
NUMBER OF DAYS CLOUDY          1

AVERAGE RH (PERCENT)     47

WEATHER CONDITIONS. NUMBER OF DAYS WITH
THUNDERSTORM             16     MIXED PRECIP               0
HEAVY RAIN                2     RAIN                       3
LIGHT RAIN               16     FREEZING RAIN              0
LT FREEZING RAIN          0     HAIL                       0
HEAVY SNOW                0     SNOW                       0
LIGHT SNOW                0     SLEET                      0
FOG                       3     FOG W/VIS <= 1/4 MILE      0
HAZE                      1

-  INDICATES NEGATIVE NUMBERS.
R  INDICATES RECORD WAS SET OR TIED.
MM INDICATES DATA IS MISSING.
T  INDICATES TRACE AMOUNT.

$$
