000
CXUS55 KGJT 051816 CCA
CLMEEO

CLIMATE REPORT...CORRECTED RECORD LOW
NATIONAL WEATHER SERVICE GRAND JUNCTION CO
1216 PM MDT FRI AUG 5 2016

...................................

...THE MEEKER CO CLIMATE SUMMARY FOR THE MONTH OF JULY 2016...

CLIMATE NORMAL PERIOD 1981 TO 2010
CLIMATE RECORD PERIOD 9999 TO 9999

WEATHER         OBSERVED          NORMAL  DEPART  LAST YEAR`S
                 VALUE   DATE(S)  VALUE   FROM    VALUE  DATE(S)
                                          NORMAL
................................................................
TEMPERATURE (F)
HIGHEST            95   07/28        MM      MM       91  07/31
                                                          07/02
LOWEST             36   07/12        MM      MM       41  07/30
                                                          07/29
AVG. MAXIMUM     86.4              85.9     0.5     82.4
AVG. MINIMUM     49.3              48.3     1.0     49.7
MEAN             67.9              67.1     0.8     66.0
DAYS MAX >= 90     10               8.1     1.9        4
DAYS MAX <= 32      0               0.0     0.0        0
DAYS MIN <= 32      0               0.0     0.0        0
DAYS MIN <= 0       0               0.0     0.0        0

PRECIPITATION (INCHES)
TOTALS           1.79              1.15    0.64     1.62
DAILY AVG.       0.06              0.04    0.02     0.05
DAYS >= .01         8                MM      MM       13
DAYS >= .10         4                MM      MM        8
DAYS >= .50         1                MM      MM        0
DAYS >= 1.00        0                MM      MM        0
GREATEST
 24 HR. TOTAL    0.81   06/30 TO 07/01              0.38

SNOWFALL (INCHES)
TOTALS             MM                MM      MM       MM
SINCE 7/1          MM                MM      MM       MM
SNOWDEPTH AVG.     MM                MM      MM       MM
DAYS >= 1.0         0                MM      MM       MM
GREATEST
 SNOW DEPTH        MM                                 MM  MM
 24 HR TOTAL       MM                                 MM

DEGREE_DAYS
HEATING TOTAL      10                20     -10       24
 SINCE 7/1         10                20     -10       24
COOLING TOTAL     108                85      23       62
 SINCE 1/1        172               103      69      141
.................................................................

WIND (MPH)
AVERAGE WIND SPEED              6.2
HIGHEST WIND SPEED/DIRECTION    36/190    DATE  07/15
HIGHEST GUST SPEED/DIRECTION    49/190    DATE  07/15

SKY COVER
POSSIBLE SUNSHINE (PERCENT)   MM
AVERAGE SKY COVER           0.10
NUMBER OF DAYS FAIR           28
NUMBER OF DAYS PC              3
NUMBER OF DAYS CLOUDY          0

AVERAGE RH (PERCENT)     46

WEATHER CONDITIONS. NUMBER OF DAYS WITH
THUNDERSTORM             12     MIXED PRECIP               0
HEAVY RAIN                3     RAIN                       5
LIGHT RAIN               14     FREEZING RAIN              0
LT FREEZING RAIN          0     HAIL                       0
HEAVY SNOW                0     SNOW                       0
LIGHT SNOW                0     SLEET                      0
FOG                       1     FOG W/VIS <= 1/4 MILE      0
HAZE                      0

-  INDICATES NEGATIVE NUMBERS.
R  INDICATES RECORD WAS SET OR TIED.
MM INDICATES DATA IS MISSING.
T  INDICATES TRACE AMOUNT.

$$
