000
CXUS51 KRLX 041135
CLMEKN


CLIMATE REPORT
NATIONAL WEATHER SERVICE CHARLESTON WV
734 AM EDT MON SEP 4 2017

...................................

...THE ELKINS WV CLIMATE SUMMARY FOR THE MONTH OF AUGUST 2017...

CLIMATE NORMAL PERIOD 1981 TO 2010
CLIMATE RECORD PERIOD 1899 TO 2017

WEATHER         OBSERVED          NORMAL  DEPART  LAST YEAR`S
                 VALUE   DATE(S)  VALUE   FROM    VALUE  DATE(S)
                                          NORMAL
................................................................
TEMPERATURE (F)
RECORD
 HIGH              99   08/06/1918
 LOW               34   08/29/1965
HIGHEST            87   08/22                MM       91  08/27
                        08/17                             08/13
                                                          08/11
LOWEST             49   08/26                MM       51  08/31
                        08/09
AVG. MAXIMUM     78.7              80.2    -1.5     84.9
AVG. MINIMUM     56.7              58.0    -1.3     62.9
MEAN             67.7              69.1    -1.4     73.9
DAYS MAX >= 90      0               0.9    -0.9        5
DAYS MAX <= 32      0               0.0     0.0
DAYS MIN <= 32      0               0.0     0.0        0
DAYS MIN <= 0       0               0.0     0.0        0

PRECIPITATION (INCHES)
RECORD
 MAXIMUM        10.42   1911
 MINIMUM         0.83   1939
TOTALS           3.53              3.84   -0.31     3.17
DAILY AVG.       0.11              0.12   -0.01     0.10
DAYS >= .01        13              12.8     0.2       13
DAYS >= .10        10               7.8     2.2        9
DAYS >= .50         2               2.7    -0.7        2
DAYS >= 1.00        0               0.7    -0.7        1
GREATEST
 24 HR. TOTAL    0.58   08/07 TO 08/07           08/05 TO 08/06
                                                          08/31 TO 08/31
                                                          08/31 TO 08/31
 STORM TOTAL       MM                                 MM
 (MM/DD(HH))            MM                    08/06(00) TO 08/06(00)
                                                 08/31(00) TO 08/31(00)1
                                                 08/31(00) TO 08/31(00)1

SNOWFALL (INCHES)
RECORDS
 TOTAL             MM   MM
TOTALS            0.0               0.0     0.0      0.0
SINCE 7/1         0.0               0.0     0.0      0.0
SNOWDEPTH AVG.      0                MM      MM        0
DAYS >= 1.0         0               0.0     0.0        0
GREATEST
 SNOW DEPTH         0   MM                             0
 24 HR TOTAL      0.0   08/31 TO 08/31           08/31 TO 08/31
                                                          08/31 TO 08/31
                                                          08/31 TO 08/31

DEGREE_DAYS
HEATING TOTAL      19                18       1        0
 SINCE 7/1         22                30      -8        0
COOLING TOTAL     109               145     -36      284
 SINCE 1/1        462               426      36      689
..................................................

WIND (MPH)
AVERAGE WIND SPEED              2.5
HIGHEST WIND SPEED/DIRECTION    23/140    DATE  08/03
HIGHEST GUST SPEED/DIRECTION    30/140    DATE  08/03

SKY COVER
AVERAGE SKY COVER           0.50

AVERAGE RH (PERCENT)     72

WEATHER CONDITIONS. NUMBER OF DAYS WITH
THUNDERSTORM              0     MIXED PRECIP               0
HEAVY RAIN                9     RAIN                       9
LIGHT RAIN               16     FREEZING RAIN              0
LT FREEZING RAIN          0     HAIL                       0
HEAVY SNOW                0     SNOW                       0
LIGHT SNOW                0     SLEET                      0
FOG                      29     FOG W/VIS <= 1/4 MILE     18
HAZE                      3

-  INDICATES NEGATIVE NUMBERS.
R  INDICATES RECORD WAS SET OR TIED.
MM INDICATES DATA IS MISSING.
T  INDICATES TRACE AMOUNT.

$$
