000
CXUS51 KRLX 011837
CLMEKN


CLIMATE REPORT
NATIONAL WEATHER SERVICE CHARLESTON WV
237 PM EDT TUE NOV 1 2016

...................................

...THE ELKINS CLIMATE SUMMARY FOR THE MONTH OF OCTOBER 2016...

CLIMATE NORMAL PERIOD 1981 TO 2010
CLIMATE RECORD PERIOD 1899 TO 2016

WEATHER         OBSERVED          NORMAL  DEPART  LAST YEAR`S
                 VALUE   DATE(S)  VALUE   FROM    VALUE  DATE(S)
                                          NORMAL
................................................................
TEMPERATURE (F)
RECORD
 HIGH              87   10/03/2005
                        10/02/1927
                        10/06/1900
 LOW               11   10/21/1952
HIGHEST            83   10/20        MM      MM       77  10/06
LOWEST             30   10/25        MM      MM       22  10/19
AVG. MAXIMUM     68.7              64.0     4.7     64.5
AVG. MINIMUM     43.2              38.4     4.8     39.4
MEAN             55.9              51.2     4.7     51.9
DAYS MAX >= 90      0               0.0     0.0        0
DAYS MAX <= 32      0               0.0     0.0
DAYS MIN <= 32      1               9.0    -8.0        8
DAYS MIN <= 0       0               0.0     0.0        0

PRECIPITATION (INCHES)
RECORD
 MAXIMUM         8.43   1954
 MINIMUM         0.26   1924
TOTALS           2.70              2.85   -0.15     1.47
DAILY AVG.       0.09              0.09    0.00     0.05
DAYS >= .01         9              11.5    -2.5        8
DAYS >= .10         6               6.6    -0.6        4
DAYS >= .50         2               1.8     0.2        0
DAYS >= 1.00        1               0.2     0.8        0
GREATEST
 24 HR. TOTAL    1.21   09/30 TO 10/01           10/09 TO 10/09
                                                          10/31 TO 10/31
                                                          10/31 TO 10/31
 STORM TOTAL       MM                                 MM
 (MM/DD(HH))            MM                    10/09(00) TO 10/09(00)
                                                 10/31(00) TO 10/31(00)1
                                                 10/31(00) TO 10/31(00)1

SNOWFALL (INCHES)
RECORDS
 TOTAL           18.0   2012
TOTALS            0.0               0.4    -0.4      0.0
SINCE 7/1         0.0               0.4    -0.4      0.0
SNOWDEPTH AVG.      0                MM      MM        0
DAYS >= 1.0         0               0.1    -0.1        0
GREATEST
 SNOW DEPTH         0   MM                             0
 24 HR TOTAL      0.0   10/31 TO 10/31           10/31 TO 10/31
                                                          10/31 TO 10/31
                                                          10/31 TO 10/31

DEGREE_DAYS
HEATING TOTAL     281               431    -150      397
 SINCE 7/1        303               591    -288      465
COOLING TOTAL       5                 4       1        0
 SINCE 1/1        809               475     334      627
..................................................

WIND (MPH)
AVERAGE WIND SPEED              3.5
HIGHEST WIND SPEED/DIRECTION    29/240    DATE  10/24
HIGHEST GUST SPEED/DIRECTION    43/250    DATE  10/24

SKY COVER
POSSIBLE SUNSHINE (PERCENT)   MM
AVERAGE SKY COVER           0.50
NUMBER OF DAYS FAIR            6
NUMBER OF DAYS PC             19
NUMBER OF DAYS CLOUDY          6

AVERAGE RH (PERCENT)     70

WEATHER CONDITIONS. NUMBER OF DAYS WITH
THUNDERSTORM              0     MIXED PRECIP               0
HEAVY RAIN                5     RAIN                       5
LIGHT RAIN               11     FREEZING RAIN              0
LT FREEZING RAIN          0     HAIL                       0
HEAVY SNOW                0     SNOW                       0
LIGHT SNOW                0     SLEET                      0
FOG                      25     FOG W/VIS <= 1/4 MILE     17
HAZE                      3

-  INDICATES NEGATIVE NUMBERS.
R  INDICATES RECORD WAS SET OR TIED.
MM INDICATES DATA IS MISSING.
T  INDICATES TRACE AMOUNT.

$$
