000
CXUS54 KEPZ 010949
CLMELP


CLIMATE REPORT
NATIONAL WEATHER SERVICE EL PASO, TX
348 AM MDT FRI APR 1 2016

...................................

...THE EL PASO     CLIMATE SUMMARY FOR THE MONTH OF MARCH 2016...

CLIMATE NORMAL PERIOD 1981 TO 2010
CLIMATE RECORD PERIOD 1879 TO 2016

WEATHER         OBSERVED          NORMAL  DEPART  LAST YEAR`S
                 VALUE   DATE(S)  VALUE   FROM    VALUE  DATE(S)
                                          NORMAL
................................................................
TEMPERATURE (F)
RECORD
 HIGH              93   03/20/1907
 LOW               14   03/03/1971
HIGHEST            84   03/22        74      10       88  03/29
                        03/02                             03/28
LOWEST             38   03/10        37       1       27  03/06
AVG. MAXIMUM     75.9              70.3     5.6     71.9
AVG. MINIMUM     47.8              42.9     4.9     47.5
MEAN             61.9              56.6     5.3     59.7
DAYS MAX >= 90      0               0.0     0.0        0
DAYS MAX <= 32      0               0.0     0.0        0
DAYS MIN <= 32      0               2.5    -2.5        2
DAYS MIN <= 0       0               0.0     0.0        0

PRECIPITATION (INCHES)
RECORD
 MAXIMUM         2.26
 MINIMUM         0.00
TOTALS           0.01              0.26   -0.25     0.61
DAYS >= .01         1                                  6
DAYS >= .10         0                                  1
DAYS >= .50         0                                  0
DAYS >= 1.00        0                                  0
GREATEST
 24 HR. TOTAL    0.01   03/08 TO 03/08
                        03/07 TO 03/08
                        03/08 TO 03/08
 STORM TOTAL       MM
 (MM/DD(HH))            MM

SNOWFALL (INCHES)
TOTALS            0.0                                0.0
SNOWDEPTH AVG.      0                                  0
DAYS >= TRACE       0                                  0
GREATEST
 SNOW DEPTH         0   MM
 24 HR TOTAL      0.0   03/31 TO 03/31
 STORM TOTAL       MM
 (MM/DD(HH))            MM

DEGREE_DAYS
HEATING TOTAL     109               270    -161      188
 SINCE 7/1       1943              2373    -430     2011
COOLING TOTAL      20                10      10       33
 SINCE 1/1         23                10      13       34

FREEZE DATES
RECORD
 EARLIEST     10/16/1880
 LATEST       05/02/1967
EARLIEST                        12/06
LATEST                          02/07
.................................................................

WIND (MPH)
AVERAGE WIND SPEED              10.5
HIGHEST WIND SPEED/DIRECTION    44/290    DATE  03/23
HIGHEST GUST SPEED/DIRECTION    55/310    DATE  03/23

SKY COVER
POSSIBLE SUNSHINE (PERCENT)   MM
AVERAGE SKY COVER           0.30
NUMBER OF DAYS FAIR           20
NUMBER OF DAYS PC             10
NUMBER OF DAYS CLOUDY          1

AVERAGE RH (PERCENT)     23

WEATHER CONDITIONS. NUMBER OF DAYS WITH
THUNDERSTORM              0     MIXED PRECIP               0
HEAVY RAIN                1     RAIN                       0
LIGHT RAIN                1     FREEZING RAIN              0
LT FREEZING RAIN          0     HAIL                       0
HEAVY SNOW                0     SNOW                       0
LIGHT SNOW                0     SLEET                      0
FOG                       0     FOG W/VIS <= 1/4 MILE      0
HAZE                      2

-  INDICATES NEGATIVE NUMBERS.
R  INDICATES RECORD WAS SET OR TIED.
MM INDICATES DATA IS MISSING.
T  INDICATES TRACE AMOUNT.

$$
